

{"id":15588,"date":"2023-02-27T11:08:07","date_gmt":"2023-02-27T14:08:07","guid":{"rendered":"https:\/\/goias.gov.br\/emater\/?page_id=15588"},"modified":"2024-09-12T13:41:22","modified_gmt":"2024-09-12T16:41:22","slug":"projeto-plantando-saberes","status":"publish","type":"page","link":"https:\/\/goias.gov.br\/emater\/projeto-plantando-saberes\/","title":{"rendered":"Plantando Saberes"},"content":{"rendered":"<div class=\"page-content\">\n<p><!-- Deixa o texto com a cor cinza --><\/p>\n<div class=\"container\">\n<p><!-- Deixa o texto alinhado em um container mais a dentro --><\/p>\n<div id=\"historia\" class=\"container\">\n<p align=\"right\">Publicado: Fevereiro 2023<br \/>\u00daltima Atualiza\u00e7\u00e3o: Setembro 2024<\/p>\n<\/div>\n<div id=\"historia\" class=\"container\">\n<p><!-- Deixa o texto alinhado em um container mais a dentro --><\/p>\n<h2>Plantando Saberes<\/h2>\n<p align=\"right\"><img decoding=\"async\" src=\"https:\/\/goias.gov.br\/emater\/wp-content\/uploads\/sites\/62\/2024\/09\/plantandosaberes2.jpeg\" width=\"98%\" \/><\/p>\n<p>O projeto Plantando Saberes foi criado pela Emater Goi\u00e1s para crian\u00e7as do Ensino Fundamental l, de 6 a 10 anos, de escolas p\u00fablicas e particulares do estado de Goi\u00e1s. O objetivo \u00e9 despertar nos alunos o interesse pela agricultura familiar e consci\u00eancia ambiental.<\/p>\n<p>Al\u00e9m disso, \u00e9 uma oportunidade para os estudantes conhecerem o trabalho de assist\u00eancia t\u00e9cnica, extens\u00e3o rural e pesquisa agropecu\u00e1ria realizado pela Emater em todo o estado.<\/p>\n<p>Durante a visita, os alunos s\u00e3o guiados em um tour pela institui\u00e7\u00e3o, onde as crian\u00e7as conhecem a Galeria Permanente, o Complexo de Laborat\u00f3rios, o Horto de Plantas Bioativas, a Agroind\u00fastria e a Esta\u00e7\u00e3o Experimental Nativas do Cerrado.<br \/>\nInstitui\u00e7\u00f5es interessadas em realizar uma visita podem fazer o cadastro pelo site da Emater, <strong><a href=\"https:\/\/forms.gle\/mew2VEvPUtxdni7j7\">clicando nesse link <\/a><\/strong>.<\/p>\n<\/div>\n<\/div>\n<\/div>\n","protected":false},"excerpt":{"rendered":"<p>Publicado: Fevereiro 2023\u00daltima Atualiza\u00e7\u00e3o: Setembro 2024 Plantando Saberes O projeto Plantando Saberes foi criado pela Emater Goi\u00e1s para crian\u00e7as do Ensino Fundamental l, de 6 a 10 anos, de escolas p\u00fablicas e particulares do estado de Goi\u00e1s. O objetivo \u00e9 despertar nos alunos o interesse pela agricultura familiar e consci\u00eancia ambiental. Al\u00e9m disso, \u00e9 uma [&hellip;]<\/p>\n","protected":false},"author":1,"featured_media":0,"parent":0,"menu_order":0,"comment_status":"closed","ping_status":"closed","template":"template-meta-data-filter.php","meta":{"_acf_changed":false,"footnotes":""},"class_list":["post-15588","page","type-page","status-publish","hentry"],"acf":[],"rttpg_featured_image_url":null,"rttpg_author":{"display_name":"wagner.viana","author_link":"https:\/\/goias.gov.br\/emater\/author\/wagner-viana\/"},"rttpg_comment":0,"rttpg_category":null,"rttpg_excerpt":"Publicado: Fevereiro 2023\u00daltima Atualiza\u00e7\u00e3o: Setembro 2024 Plantando Saberes O projeto Plantando Saberes foi criado pela Emater Goi\u00e1s para crian\u00e7as do Ensino Fundamental l, de 6 a 10 anos, de escolas p\u00fablicas e particulares do estado de Goi\u00e1s. O objetivo \u00e9 despertar nos alunos o interesse pela agricultura familiar e consci\u00eancia ambiental. Al\u00e9m disso, \u00e9 uma&hellip;","_links":{"self":[{"href":"https:\/\/goias.gov.br\/emater\/wp-json\/wp\/v2\/pages\/15588","targetHints":{"allow":["GET"]}}],"collection":[{"href":"https:\/\/goias.gov.br\/emater\/wp-json\/wp\/v2\/pages"}],"about":[{"href":"https:\/\/goias.gov.br\/emater\/wp-json\/wp\/v2\/types\/page"}],"author":[{"embeddable":true,"href":"https:\/\/goias.gov.br\/emater\/wp-json\/wp\/v2\/users\/1"}],"replies":[{"embeddable":true,"href":"https:\/\/goias.gov.br\/emater\/wp-json\/wp\/v2\/comments?post=15588"}],"version-history":[{"count":0,"href":"https:\/\/goias.gov.br\/emater\/wp-json\/wp\/v2\/pages\/15588\/revisions"}],"wp:attachment":[{"href":"https:\/\/goias.gov.br\/emater\/wp-json\/wp\/v2\/media?parent=15588"}],"curies":[{"name":"wp","href":"https:\/\/api.w.org\/{rel}","templated":true}]}}