

{"id":15489,"date":"2023-02-13T15:31:50","date_gmt":"2023-02-13T18:31:50","guid":{"rendered":"https:\/\/goias.gov.br\/emater\/?page_id=15489"},"modified":"2023-05-19T11:29:08","modified_gmt":"2023-05-19T14:29:08","slug":"dispensa-eletronica-2023","status":"publish","type":"page","link":"https:\/\/goias.gov.br\/emater\/dispensa-eletronica-2023\/","title":{"rendered":"Dispensa Eletr\u00f4nica 2023"},"content":{"rendered":"<div class=\"page-content\"> <!-- Deixa o texto com a cor cinza --><\/p>\n<div class=\"container\">  <!-- Deixa o texto alinhado em um container mais a dentro --><\/p>\n<div id=\"historia\" class=\"container\">\n<p align=\"right\">Publicado: Fevereiro 2023<\/br>Atualizado: Maio 2023<\/p>\n<\/div>\n<div id=\"historia\" class=\"container\"> <!-- Deixa o texto alinhado em um container mais a dentro --><\/p>\n<h2>Dispensa Eletr\u00f4nica 2023<\/h2>\n<div class=\"body\">\n<p style=\"text-align: center;\"><strong>Retifica\u00e7\u00e3o Dispensa Eletr\u00f4nica 004\/2023 -Processo: 202312404000554 <\/strong><\/p>\n<p style=\"text-align: justify;\"><strong>Objeto: <\/strong> aquisi\u00e7\u00e3o de material de consumo a serem utilizados na Unidade Did\u00e1tica de Agroind\u00fastria da EMATER, nas atividades de Processamento de Alimentos.<\/p>\n<p style=\"text-align: justify;\"><strong>Contratadas: <\/strong> Empresa VIC DISTRIBUIDORA E SERVI\u00c7OS, CNPJ: n\u00ba 45.282.447\/0001-39<br \/>Empresa Cruzeiro do Sul Ltda ME, CNPJ: n\u00ba 04.765.359.359\/0001-00<\/p>\n<p style=\"text-align: justify;\"><strong>Valor Total: <\/strong>R$16.812,95<\/p>\n<p style=\"text-align: justify;\"><strong>Processo: <\/strong>202312404000554<\/p>\n<hr \/>\n<p style=\"text-align: center;\"><strong>Dispensa Eletr\u00f4nica 004\/2023 -Processo: 202312404000554 <\/strong><\/p>\n<p style=\"text-align: justify;\"><strong>Objeto: <\/strong> aquisi\u00e7\u00e3o de material de consumo a serem utilizados na Unidade Did\u00e1tica de Agroind\u00fastria da EMATER, nas atividades de Processamento de Alimentos.<\/p>\n<p style=\"text-align: justify;\"><strong>Contratadas: <\/strong> Empresa Cruzeiro do Sul Ltda ME, CNPJ: n\u00ba 04.765.359\/0001-00 e VIC Distribuidora e Servi\u00e7os, CNPJ: n\u00ba 45.282.447\/0001-39<\/p>\n<p style=\"text-align: justify;\"><strong>Valor Total: <\/strong>R$16.812,95<\/p>\n<p style=\"text-align: justify;\"><strong>Processo: <\/strong>202312404000554<\/p>\n<p style=\"text-align: justify;\"><a href=\"https:\/\/goias.gov.br\/emater\/wp-content\/uploads\/sites\/62\/2023\/05\/empenho-202312404000554.pdf\" target=\"_blank\">Empenho<\/a><\/p>\n<p style=\"text-align: justify;\"><a href=\"https:\/\/goias.gov.br\/emater\/wp-content\/uploads\/sites\/62\/2023\/05\/Termo_de_Referencia-202312404000554.pdf\" target=\"_blank\">Termo de Refer\u00eancia<\/a><\/p>\n<hr \/>\n<p style=\"text-align: center;\"><strong>Dispensa Eletr\u00f4nica <\/strong><\/p>\n<p style=\"text-align: justify;\"><strong>Objeto: <\/strong> Contrata\u00e7\u00e3o de Subscri\u00e7\u00e3o de Licen\u00e7as da Plataforma Zoom, com per\u00edodo de vig\u00eancia de 03 (tr\u00eas) anos.<\/p>\n<p style=\"text-align: justify;\"><strong>Contratada: <\/strong> 10.960.389\/0001-70- K2 ASSESSORIA E COMUNICA\u00c7\u00c3O DIGITAL LTDA<\/p>\n<p style=\"text-align: justify;\"><strong>Valor: <\/strong>: R$11.824,98<\/p>\n<p style=\"text-align: justify;\"><strong>Processo: <\/strong>202312404000141<\/p>\n<p style=\"text-align: justify;\"><a href=\"https:\/\/goias.gov.br\/emater\/wp-content\/uploads\/sites\/62\/2023\/02\/empenho-202312404000141.pdf\" target=\"_blank\">Empenho<\/a><\/p>\n<p style=\"text-align: justify;\"><a href=\"https:\/\/goias.gov.br\/emater\/wp-content\/uploads\/sites\/62\/2023\/02\/Termo_de_Referencia-202312404000141.pdf\" target=\"_blank\">Termo de Refer\u00eancia<\/a><\/p>\n<hr \/>\n<p style=\"text-align: center;\"><strong>Dispensa Eletr\u00f4nica <\/strong><\/p>\n<p style=\"text-align: justify;\"><strong>Objeto: <\/strong> Aquisi\u00e7\u00e3o de vitrine expositora de trof\u00e9us e displays de mesa, conforme condi\u00e7\u00f5es, quantidades e exig\u00eancias estabelecidas neste instrumento.<\/p>\n<p style=\"text-align: justify;\"><strong>Contratada: <\/strong> 45.282.447\/0001-39- GRAZIELLY GONCALVES PEREIRA<\/p>\n<p style=\"text-align: justify;\"><strong>Valor: <\/strong>: R$ 3.529,00<\/p>\n<p style=\"text-align: justify;\"><strong>Processo: <\/strong> 202212404002060<\/p>\n<p style=\"text-align: justify;\"><a href=\"https:\/\/goias.gov.br\/emater\/wp-content\/uploads\/sites\/62\/2023\/02\/empenho-202212404002060-1.pdf\" target=\"_blank\">Empenho<\/a><\/p>\n<p style=\"text-align: justify;\"><a href=\"https:\/\/goias.gov.br\/emater\/wp-content\/uploads\/sites\/62\/2023\/02\/empenho-202212404002060-2.pdf\" target=\"_blank\">Empenho<\/a><\/p>\n<p style=\"text-align: justify;\"><a href=\"https:\/\/goias.gov.br\/emater\/wp-content\/uploads\/sites\/62\/2023\/02\/Termo_de_Referencia-202212404002060.pdf\" target=\"_blank\">Termo de Refer\u00eancia<\/a><\/p>\n<hr \/>\n<\/div>\n<\/div>\n<\/div>\n<\/div>\n","protected":false},"excerpt":{"rendered":"<p>Publicado: Fevereiro 2023Atualizado: Maio 2023 Dispensa Eletr\u00f4nica 2023 Retifica\u00e7\u00e3o Dispensa Eletr\u00f4nica 004\/2023 -Processo: 202312404000554 Objeto: aquisi\u00e7\u00e3o de material de consumo a serem utilizados na Unidade Did\u00e1tica de Agroind\u00fastria da EMATER, nas atividades de Processamento de Alimentos. Contratadas: Empresa VIC DISTRIBUIDORA E SERVI\u00c7OS, CNPJ: n\u00ba 45.282.447\/0001-39Empresa Cruzeiro do Sul Ltda ME, CNPJ: n\u00ba 04.765.359.359\/0001-00 Valor Total: [&hellip;]<\/p>\n","protected":false},"author":1,"featured_media":0,"parent":0,"menu_order":0,"comment_status":"closed","ping_status":"closed","template":"template-meta-data-filter.php","meta":{"_acf_changed":false,"footnotes":""},"class_list":["post-15489","page","type-page","status-publish","hentry"],"acf":[],"rttpg_featured_image_url":null,"rttpg_author":{"display_name":"wagner.viana","author_link":"https:\/\/goias.gov.br\/emater\/author\/wagner-viana\/"},"rttpg_comment":0,"rttpg_category":null,"rttpg_excerpt":"Publicado: Fevereiro 2023Atualizado: Maio 2023 Dispensa Eletr\u00f4nica 2023 Retifica\u00e7\u00e3o Dispensa Eletr\u00f4nica 004\/2023 -Processo: 202312404000554 Objeto: aquisi\u00e7\u00e3o de material de consumo a serem utilizados na Unidade Did\u00e1tica de Agroind\u00fastria da EMATER, nas atividades de Processamento de Alimentos. Contratadas: Empresa VIC DISTRIBUIDORA E SERVI\u00c7OS, CNPJ: n\u00ba 45.282.447\/0001-39Empresa Cruzeiro do Sul Ltda ME, CNPJ: n\u00ba 04.765.359.359\/0001-00 Valor Total:&hellip;","_links":{"self":[{"href":"https:\/\/goias.gov.br\/emater\/wp-json\/wp\/v2\/pages\/15489","targetHints":{"allow":["GET"]}}],"collection":[{"href":"https:\/\/goias.gov.br\/emater\/wp-json\/wp\/v2\/pages"}],"about":[{"href":"https:\/\/goias.gov.br\/emater\/wp-json\/wp\/v2\/types\/page"}],"author":[{"embeddable":true,"href":"https:\/\/goias.gov.br\/emater\/wp-json\/wp\/v2\/users\/1"}],"replies":[{"embeddable":true,"href":"https:\/\/goias.gov.br\/emater\/wp-json\/wp\/v2\/comments?post=15489"}],"version-history":[{"count":0,"href":"https:\/\/goias.gov.br\/emater\/wp-json\/wp\/v2\/pages\/15489\/revisions"}],"wp:attachment":[{"href":"https:\/\/goias.gov.br\/emater\/wp-json\/wp\/v2\/media?parent=15489"}],"curies":[{"name":"wp","href":"https:\/\/api.w.org\/{rel}","templated":true}]}}