

{"id":15236,"date":"2023-02-01T14:36:59","date_gmt":"2023-02-01T17:36:59","guid":{"rendered":"https:\/\/goias.gov.br\/emater\/?page_id=15236"},"modified":"2023-09-14T16:02:32","modified_gmt":"2023-09-14T19:02:32","slug":"aviso-de-licitacao-2023","status":"publish","type":"page","link":"https:\/\/goias.gov.br\/emater\/aviso-de-licitacao-2023\/","title":{"rendered":"Aviso de Licita\u00e7\u00e3o &#8211; 2023"},"content":{"rendered":"<div class=\"page-content\"> <!-- Deixa o texto com a cor cinza --><\/p>\n<div class=\"container\">  <!-- Deixa o texto alinhado em um container mais a dentro --><\/p>\n<div id=\"historia\" class=\"container\">\n<p align=\"right\">Publicado: Fevereiro 2023<\/br>Atualizado: Setembro 2023<\/p>\n<\/div>\n<div id=\"historia\" class=\"container\"> <!-- Deixa o texto alinhado em um container mais a dentro --><\/p>\n<h2>Aviso de Licita\u00e7\u00e3o &#8211; 2023<\/h2>\n<div class=\"body\">\n<p style=\"text-align: center;\"><strong>Preg\u00e3o Eletr\u00f4nico 008\/2023 &#8211; Processo:  202212404001350<\/strong>  <\/p>\n<p style=\"text-align: justify;\"><strong>Data de Recebimento das Propostas e documentos de habilita\u00e7\u00e3o:<\/strong> a partir das 14 horas do dia 14\/09\/2023.<\/p>\n<p style=\"text-align: justify;\"><strong>In\u00edcio da Sess\u00e3o P\u00fablica e da fase de lances: <\/strong> \u00e0s 09 horas do dia 28\/09\/2023.<\/p>\n<p style=\"text-align: justify;\"><strong>Objeto:<\/strong> Aquisi\u00e7\u00e3o de Tapetes e capachos de Vinil, Personalizado para atender \u00e0s necessidades de seguran\u00e7a, limpeza e higieniza\u00e7\u00e3o das unidades do Complexo de Inova\u00e7\u00e3o Rural da EMATER\/GO, de acordo com as especifica\u00e7\u00f5es, os termos e condi\u00e7\u00f5es constantes no Estudo T\u00e9cnico Preliminar e neste Termo de Refer\u00eancia.\n<\/p>\n<p style=\"text-align: justify;\"><strong>Tipo:<\/strong> MENOR PRE\u00c7O (POR ITEM)<\/p>\n<p style=\"text-align: justify;\"><strong>Tipo de Execu\u00e7\u00e3o: <\/strong> PREG\u00c3O ELETR\u00d4NICO<\/p>\n<p style=\"text-align: justify;\"><strong>Processo:<\/strong> 202212404001350<\/p>\n<p style=\"text-align: justify;\"><a href=\"https:\/\/goias.gov.br\/emater\/wp-content\/uploads\/sites\/62\/2023\/09\/Termo-de-Referencia-PE-008-2023.pdf\" target=\"_blank\">Termo de Refer\u00eancia<\/a><\/p>\n<p style=\"text-align: justify;\"><a href=\"https:\/\/goias.gov.br\/emater\/wp-content\/uploads\/sites\/62\/2023\/09\/EDITAL-PE-008-2023.pdf\" target=\"_blank\">Edital de Licita\u00e7\u00e3o<\/a><\/p>\n<p style=\"text-align: justify;\"><a href=\"https:\/\/goias.gov.br\/emater\/wp-content\/uploads\/sites\/62\/2023\/09\/Manual_de_Identidade_Visual___Agencia_Goiana_de_Assistencia_Tecnica__Extensao_Rural_e_Pesquisa_Agropecuaria__1_.pdf\" target=\"_blank\">Manual de Identidade Visual Emater<\/a><\/p>\n<p style=\"text-align: justify;\"><a href=\"https:\/\/goias.gov.br\/emater\/wp-content\/uploads\/sites\/62\/2023\/09\/Logo_Emater__1_.pdf\" target=\"_blank\">Logo da Emater<\/a><\/p>\n<hr \/>\n<p style=\"text-align: center;\"><strong>Preg\u00e3o Eletr\u00f4nico 006\/2023 &#8211; Processo: 202312404000301<\/strong>  <\/p>\n<p style=\"text-align: justify;\"><strong>Data de Recebimento das Propostas e documentos de habilita\u00e7\u00e3o:<\/strong> a partir das 14 horas do dia 26\/06\/2023.<\/p>\n<p style=\"text-align: justify;\"><strong>In\u00edcio da Sess\u00e3o P\u00fablica e da fase de lances: <\/strong> \u00e0s 09 horas do dia 07\/07\/2023.<\/p>\n<p style=\"text-align: justify;\"><strong>Objeto:<\/strong> Aquisi\u00e7\u00e3o de m\u00e1quinas e implementos a serem utilizadas na Esta\u00e7\u00e3o Experimental Nativas do Cerrado e demais Esta\u00e7\u00f5es Experimentais da EMATER, conforme condi\u00e7\u00f5es e especifica\u00e7\u00f5es constantes neste Edital e seus Anexos.\n<\/p>\n<p style=\"text-align: justify;\"><strong>Tipo:<\/strong> MENOR PRE\u00c7O (POR ITEM)<\/p>\n<p style=\"text-align: justify;\"><strong>Tipo de Execu\u00e7\u00e3o: <\/strong> PREG\u00c3O ELETR\u00d4NICO<\/p>\n<p style=\"text-align: justify;\"><strong>Processo:<\/strong> 202312404000301<\/p>\n<p style=\"text-align: justify;\"><a href=\"https:\/\/goias.gov.br\/emater\/wp-content\/uploads\/sites\/62\/2023\/06\/Termo-de-Referencia-PE-006-2023.pdf\" target=\"_blank\">Termo de Refer\u00eancia<\/a><\/p>\n<p style=\"text-align: justify;\"><a href=\"https:\/\/goias.gov.br\/emater\/wp-content\/uploads\/sites\/62\/2023\/06\/EDITAL-PE-006-2023.pdf\" target=\"_blank\">Edital de Licita\u00e7\u00e3o<\/a><\/p>\n<p style=\"text-align: justify;\"><a href=\"https:\/\/goias.gov.br\/emater\/wp-content\/uploads\/sites\/62\/2023\/07\/An\u00e1lise-t\u00e9cnica-do-Gestor.pdf\" target=\"_blank\">An\u00e1lise t\u00e9cnica do Gestor<\/a><\/p>\n<p style=\"text-align: justify;\"><a href=\"https:\/\/goias.gov.br\/emater\/wp-content\/uploads\/sites\/62\/2023\/07\/Despacho-para-\u00e1rea-gestora_.pdf\" target=\"_blank\">Despacho<\/a><\/p>\n<p style=\"text-align: justify;\"><a href=\"https:\/\/goias.gov.br\/emater\/wp-content\/uploads\/sites\/62\/2023\/07\/Contrato-Social-Bidden.pdf\" target=\"_blank\">Contrato Social Bidden<\/a><\/p>\n<p style=\"text-align: justify;\"><a href=\"https:\/\/goias.gov.br\/emater\/wp-content\/uploads\/sites\/62\/2023\/07\/Pedido-de-Anula\u00e7\u00e3o-de-Ato.pdf\" target=\"_blank\">Pedido de Anula\u00e7\u00e3o de Ato<\/a><\/p>\n<p style=\"text-align: justify;\"><a href=\"https:\/\/goias.gov.br\/emater\/wp-content\/uploads\/sites\/62\/2023\/07\/Procura\u00e7\u00e3o-Bidden.pdf\" target=\"_blank\">Procura\u00e7\u00e3o &#8211; Bidden<\/a><\/p>\n<p style=\"text-align: justify;\"><a href=\"https:\/\/goias.gov.br\/emater\/wp-content\/uploads\/sites\/62\/2023\/07\/Requerimento.pdf\" target=\"_blank\">Requerimento<\/a><\/p>\n<hr \/>\n<p style=\"text-align: center;\"><strong>Preg\u00e3o Eletr\u00f4nico 004\/2023 &#8211; Processo:  201912404001289<\/strong>  <\/p>\n<p style=\"text-align: justify;\"><strong>ABERTURA:<\/strong> 15\/06\/2023 \u00e0s 09:00 horas.<\/p>\n<p style=\"text-align: justify;\"><strong>Objeto:<\/strong> CONTRATA\u00c7\u00c3O DE EMPRESA ESPECIALIZADA EM CONSTRU\u00c7\u00c3O CIVIL PARA EXECU\u00c7\u00c3O DE SERVI\u00c7O COMUM DE ENGENHARIA PARA CONSTRU\u00c7\u00c3O DE MURO DA UNIDADE LOCAL DE SANCLERL\u00c2NDIA DA AG\u00caNCIA GOIANA DE ASSIST\u00caNCIA T\u00c9CNICA, EXTENS\u00c3O RURAL E PESQUISA AGROPECU\u00c1RIA &#8211; EMATER, COM \u00c1REA DE 130,50 M\u00b2, FORNECIMENTO DE MATERIAL E M\u00c3O DE OBRA A SER EXECUTADA NO SEGUINTE ENDERE\u00c7O: AVENIDA NORTE SUL, QD. 01, LT. 05, SETOR BELA VISTA, SANCLERL\u00c2NDIA\u2013GO<\/p>\n<p style=\"text-align: justify;\"><strong>Tipo:<\/strong> MENOR PRE\u00c7O (POR LOTE)<\/p>\n<p style=\"text-align: justify;\"><strong>Tipo de Execu\u00e7\u00e3o: <\/strong> EMPREITADA POR PRE\u00c7O GLOBAL<\/p>\n<p style=\"text-align: justify;\"><strong>Processo:<\/strong> 201912404001289<\/p>\n<p style=\"text-align: justify;\"><a href=\"https:\/\/goias.gov.br\/emater\/wp-content\/uploads\/sites\/62\/2023\/06\/Termo-de-Referencia-PE-004-2023.pdf\" target=\"_blank\">Termo de Refer\u00eancia<\/a><\/p>\n<p style=\"text-align: justify;\"><a href=\"https:\/\/goias.gov.br\/emater\/wp-content\/uploads\/sites\/62\/2023\/06\/EDITAL-PE-004-2023.pdf\" target=\"_blank\">Edital de Licita\u00e7\u00e3o<\/a><\/p>\n<hr \/>\n<p style=\"text-align: center;\"><strong>Preg\u00e3o Eletr\u00f4nico 003\/2023 &#8211; Processo:  202312404000361<\/strong>  <\/p>\n<p style=\"text-align: justify;\"><strong>Data de Recebimento das Propostas e documentos de habilita\u00e7\u00e3o:<\/strong> a partir das 14 horas do dia 17\/05\/2023.<\/p>\n<p style=\"text-align: justify;\"><strong>In\u00edcio da Sess\u00e3o P\u00fablica e da fase de lances: <\/strong> \u00e0s 09 horas do dia 01\/06\/2023.<\/p>\n<p style=\"text-align: justify;\"><strong>Objeto:<\/strong> Contrata\u00e7\u00e3o de empresa especializada no fornecimento de equipamentos de impress\u00e3o (Outsourcing) com o fornecimento de impressoras, insumos consum\u00edveis (toner, cilindro), exceto papel, manuten\u00e7\u00e3o preventiva e corretiva, software de gerenciamento conforme especifica\u00e7\u00f5es e quantitativos constantes neste Edital e seus Anexos.\n<\/p>\n<p style=\"text-align: justify;\"><strong>Tipo:<\/strong> MENOR PRE\u00c7O (POR LOTE)<\/p>\n<p style=\"text-align: justify;\"><strong>Tipo de Execu\u00e7\u00e3o: <\/strong> Preg\u00e3o Eletr\u00f4nico<\/p>\n<p style=\"text-align: justify;\"><strong>Processo:<\/strong>  202312404000361<\/p>\n<p style=\"text-align: justify;\"><a href=\"https:\/\/goias.gov.br\/emater\/wp-content\/uploads\/sites\/62\/2023\/05\/Termo-de-Referencia-PE-003-2023.pdf\" target=\"_blank\">Termo de Refer\u00eancia<\/a><\/p>\n<p style=\"text-align: justify;\"><a href=\"https:\/\/goias.gov.br\/emater\/wp-content\/uploads\/sites\/62\/2023\/05\/EDITAL-PE-003-2023.pdf\" target=\"_blank\">Edital de Licita\u00e7\u00e3o<\/a><\/p>\n<p style=\"text-align: justify;\"><a href=\"https:\/\/goias.gov.br\/emater\/wp-content\/uploads\/sites\/62\/2023\/05\/Estudo-tec-preliminar-PE-003-2023.pdf\" target=\"_blank\">Estudo T\u00e9cnico Preliminar<\/a><\/p>\n<p style=\"text-align: justify;\"><a href=\"https:\/\/goias.gov.br\/emater\/wp-content\/uploads\/sites\/62\/2023\/05\/SEI_48091852_Despacho_89.pdf\" target=\"_blank\">Esclarecimentos<\/a><\/p>\n<hr \/>\n<p style=\"text-align: center;\"><strong>Preg\u00e3o Presencial 002\/2023 &#8211; Processo:   202212404001090<\/strong>  <\/p>\n<p style=\"text-align: justify;\"><strong>Sess\u00e3o p\u00fablica presencial<\/strong> a partir das 09:00 horas (hor\u00e1rio de Bras\u00edlia \u2013 DF) do dia 31\/05\/2023, na sala Multiuso bloco B do CENTRER, situado na rodovia r2 s\/n Qd. \u00e1rea lt.ar-3, edif\u00edcio sede &#8211; bairro campus samambaia &#8211; Goi\u00e2nia &#8211; Go &#8211; Cep 74.690-631<\/p>\n<p style=\"text-align: justify;\"><strong>Objeto:<\/strong>  CONCESS\u00c3O DE USO DE ESPA\u00c7O F\u00cdSICO PARA EXPLORA\u00c7\u00c3O DE SERVI\u00c7OS DE RESTAURANTE E LANCHONETE, parcialmente equipado, envolvendo o preparo e fornecimento de refei\u00e7\u00f5es por quilo e venda de lanches, em espa\u00e7o f\u00edsico pr\u00f3prio existente nas depend\u00eancias do Centro de Tecnologia e Capacita\u00e7\u00e3o (CENTRER) da Ag\u00eancia Goiana de Assist\u00eancia T\u00e9cnica, Extens\u00e3o Rural e Pesquisa Agropecu\u00e1ria (EMATER).\n<\/p>\n<p style=\"text-align: justify;\"><strong>Tipo:<\/strong> MAIOR DESCONTO (por LOTE)<\/p>\n<p style=\"text-align: justify;\"><strong>Tipo de Execu\u00e7\u00e3o: <\/strong> Preg\u00e3o Presencial<\/p>\n<p style=\"text-align: justify;\"><strong>Processo:<\/strong> 202212404001090<\/p>\n<p style=\"text-align: justify;\"><a href=\"https:\/\/goias.gov.br\/emater\/wp-content\/uploads\/sites\/62\/2023\/06\/Termo_de_Julgamento_e_Adjudicacao.pdf\" target=\"_blank\">Termo de Julgamento e Adjudica\u00e7\u00e3o<\/a><\/p>\n<p style=\"text-align: justify;\"><a href=\"https:\/\/goias.gov.br\/emater\/wp-content\/uploads\/sites\/62\/2023\/06\/Ata_do_Pregao_Presencial.pdf\" target=\"_blank\">Ata do Preg\u00e3o Presencial<\/a><\/p>\n<p style=\"text-align: justify;\"><a href=\"https:\/\/goias.gov.br\/emater\/wp-content\/uploads\/sites\/62\/2023\/06\/Proposta_Atualizada.pdf\" target=\"_blank\">Proposta Atualizada<\/a><\/p>\n<p style=\"text-align: justify;\"><a href=\"https:\/\/goias.gov.br\/emater\/wp-content\/uploads\/sites\/62\/2023\/05\/Termo-de-Referencia-PE-002-2023.pdf\" target=\"_blank\">Termo de Refer\u00eancia<\/a><\/p>\n<p style=\"text-align: justify;\"><a href=\"https:\/\/goias.gov.br\/emater\/wp-content\/uploads\/sites\/62\/2023\/05\/EDITAL-PE-002-2023.pdf\" target=\"_blank\">Edital de Licita\u00e7\u00e3o<\/a><\/p>\n<p style=\"text-align: justify;\"><a href=\"https:\/\/goias.gov.br\/emater\/wp-content\/uploads\/sites\/62\/2023\/05\/Estudo-tec-preliminar-PE-002-2023.pdf\" target=\"_blank\">Estudo T\u00e9cnico Preliminar<\/a><\/p>\n<hr \/>\n<p style=\"text-align: center;\"><strong>Preg\u00e3o Eletr\u00f4nico 001\/2023 &#8211; Processo:  202112404000161<\/strong>  <\/p>\n<p style=\"text-align: justify;\"><strong>Data de Recebimento das Propostas e documentos de habilita\u00e7\u00e3o:<\/strong> a partir das 14 horas do dia 01\/02\/2023.<\/p>\n<p style=\"text-align: justify;\"><strong>In\u00edcio da Sess\u00e3o P\u00fablica e da fase de lances: <\/strong> \u00e0s 09 horas do dia 15\/02\/2023.<\/p>\n<p style=\"text-align: justify;\"><strong>Objeto:<\/strong> Aquisi\u00e7\u00e3o de equipamentos e solu\u00e7\u00f5es para o cumprimento do Conv\u00eanio 903745\/2020 MAPA,<br \/>\nquais sejam, c\u00e2mera fotogr\u00e1fica e filmadora DSLR, servidor de rede e licen\u00e7as para edi\u00e7\u00e3o dos produtos para capacita\u00e7\u00e3o Pacote Adobe Professional V\u00eddeos, com o objetivo dar apoio \u00e0 estrutura\u00e7\u00e3o da EMATER<br \/>\nvisando a amplia\u00e7\u00e3o e qualifica\u00e7\u00e3o dos servi\u00e7os de Assist\u00eancia T\u00e9cnica e Extens\u00e3o Rural aos agricultores, conforme condi\u00e7\u00f5es e especifica\u00e7\u00f5es constantes neste Edital e seus Anexos.<\/p>\n<p style=\"text-align: justify;\"><strong>Tipo:<\/strong> MENOR PRE\u00c7O (POR ITEM)<\/p>\n<p style=\"text-align: justify;\"><strong>Tipo de Execu\u00e7\u00e3o: <\/strong> Preg\u00e3o Eletr\u00f4nico<\/p>\n<p style=\"text-align: justify;\"><strong>Processo:<\/strong> 202112404000161<\/p>\n<p style=\"text-align: justify;\"><a href=\"https:\/\/goias.gov.br\/emater\/wp-content\/uploads\/sites\/62\/2023\/02\/Termo-de-Referencia-PE-001-2023.pdf\" target=\"_blank\">Termo de Refer\u00eancia<\/a><\/p>\n<p style=\"text-align: justify;\"><a href=\"https:\/\/goias.gov.br\/emater\/wp-content\/uploads\/sites\/62\/2023\/02\/AVISO-DOU-PE-001-2023.pdf\" target=\"_blank\">Aviso de Licita\u00e7\u00e3o DOU<\/a><\/p>\n<p style=\"text-align: justify;\"><a href=\"https:\/\/goias.gov.br\/emater\/wp-content\/uploads\/sites\/62\/2023\/02\/AVISO-DOE-PE-001-2023.pdf\" target=\"_blank\">Aviso de Licita\u00e7\u00e3o DOE-GO<\/a><\/p>\n<p style=\"text-align: justify;\"><a href=\"https:\/\/goias.gov.br\/emater\/wp-content\/uploads\/sites\/62\/2023\/02\/EDITAL-PE-001-2023.pdf\" target=\"_blank\">Edital de Licita\u00e7\u00e3o<\/a><\/p>\n<hr \/>\n<\/div>\n<\/div>\n<\/div>\n","protected":false},"excerpt":{"rendered":"<p>Publicado: Fevereiro 2023Atualizado: Setembro 2023 Aviso de Licita\u00e7\u00e3o &#8211; 2023 Preg\u00e3o Eletr\u00f4nico 008\/2023 &#8211; Processo: 202212404001350 Data de Recebimento das Propostas e documentos de habilita\u00e7\u00e3o: a partir das 14 horas do dia 14\/09\/2023. In\u00edcio da Sess\u00e3o P\u00fablica e da fase de lances: \u00e0s 09 horas do dia 28\/09\/2023. Objeto: Aquisi\u00e7\u00e3o de Tapetes e capachos de [&hellip;]<\/p>\n","protected":false},"author":6,"featured_media":0,"parent":0,"menu_order":0,"comment_status":"closed","ping_status":"closed","template":"template-meta-data-filter.php","meta":{"_acf_changed":false,"footnotes":""},"class_list":["post-15236","page","type-page","status-publish","hentry"],"acf":[],"rttpg_featured_image_url":null,"rttpg_author":{"display_name":"fabriciocarlos","author_link":"https:\/\/goias.gov.br\/emater\/author\/fabriciocarlos\/"},"rttpg_comment":0,"rttpg_category":null,"rttpg_excerpt":"Publicado: Fevereiro 2023Atualizado: Setembro 2023 Aviso de Licita\u00e7\u00e3o &#8211; 2023 Preg\u00e3o Eletr\u00f4nico 008\/2023 &#8211; Processo: 202212404001350 Data de Recebimento das Propostas e documentos de habilita\u00e7\u00e3o: a partir das 14 horas do dia 14\/09\/2023. In\u00edcio da Sess\u00e3o P\u00fablica e da fase de lances: \u00e0s 09 horas do dia 28\/09\/2023. Objeto: Aquisi\u00e7\u00e3o de Tapetes e capachos de&hellip;","_links":{"self":[{"href":"https:\/\/goias.gov.br\/emater\/wp-json\/wp\/v2\/pages\/15236","targetHints":{"allow":["GET"]}}],"collection":[{"href":"https:\/\/goias.gov.br\/emater\/wp-json\/wp\/v2\/pages"}],"about":[{"href":"https:\/\/goias.gov.br\/emater\/wp-json\/wp\/v2\/types\/page"}],"author":[{"embeddable":true,"href":"https:\/\/goias.gov.br\/emater\/wp-json\/wp\/v2\/users\/6"}],"replies":[{"embeddable":true,"href":"https:\/\/goias.gov.br\/emater\/wp-json\/wp\/v2\/comments?post=15236"}],"version-history":[{"count":0,"href":"https:\/\/goias.gov.br\/emater\/wp-json\/wp\/v2\/pages\/15236\/revisions"}],"wp:attachment":[{"href":"https:\/\/goias.gov.br\/emater\/wp-json\/wp\/v2\/media?parent=15236"}],"curies":[{"name":"wp","href":"https:\/\/api.w.org\/{rel}","templated":true}]}}