

{"id":97423,"date":"2024-04-29T11:19:15","date_gmt":"2024-04-29T14:19:15","guid":{"rendered":"https:\/\/goias.gov.br\/educacao\/?page_id=97423"},"modified":"2026-01-30T14:47:56","modified_gmt":"2026-01-30T17:47:56","slug":"manuais-avaliacao-estagio-probatorio","status":"publish","type":"page","link":"https:\/\/goias.gov.br\/educacao\/manuais-avaliacao-estagio-probatorio\/","title":{"rendered":"Manuais &#8211; Avalia\u00e7\u00e3o Estagio Probat\u00f3rio"},"content":{"rendered":"<p><img decoding=\"async\" src=\"https:\/\/goias.gov.br\/educacao\/wp-content\/uploads\/sites\/40\/2025\/04\/Prancheta-2-copia-4_1-1.png\" title=\"\" alt=\"\" loading=\"lazy\" \/>\t\t\t\t\t\t\t\t\t\t\t\t\t<\/p>\n<p><a href=\"https:\/\/goias.gov.br\/educacao\/wp-content\/uploads\/sites\/40\/2024\/EstagioProbatorio\/Manuais\/PAV.pdf\">PAV &#8211; Avalia\u00e7\u00e3o Estagio Probat\u00f3rio<\/a><\/p>\n<p><a href=\"https:\/\/goias.gov.br\/educacao\/wp-content\/uploads\/sites\/40\/2025\/11\/02-Cronograma-2025.2.pdf\">Cronograma da Avalia\u00e7\u00e3o do Est\u00e1gio Probat\u00f3rio &#8211; 2025<\/a><\/p>\n<p><a href=\"https:\/\/goias.gov.br\/educacao\/wp-content\/uploads\/sites\/40\/2025\/04\/Como-realizar-a-avaliacao-servidor-e-chefia-2.pdf\">Orienta\u00e7\u00f5es SEAD &#8211; Est\u00e1gio Probat\u00f3rio 2025<\/a><\/p>\n","protected":false},"excerpt":{"rendered":"<p>PAV &#8211; Avalia\u00e7\u00e3o Estagio Probat\u00f3rio Cronograma da Avalia\u00e7\u00e3o do Est\u00e1gio Probat\u00f3rio &#8211; 2025 Orienta\u00e7\u00f5es SEAD &#8211; Est\u00e1gio Probat\u00f3rio 2025<\/p>\n","protected":false},"author":465,"featured_media":0,"parent":0,"menu_order":0,"comment_status":"closed","ping_status":"closed","template":"","meta":{"footnotes":""},"class_list":["post-97423","page","type-page","status-publish","hentry"],"rttpg_featured_image_url":null,"rttpg_author":{"display_name":"laysmendes","author_link":"https:\/\/goias.gov.br\/educacao\/author\/laysmendes\/"},"rttpg_comment":0,"rttpg_category":null,"rttpg_excerpt":"PAV &#8211; Avalia\u00e7\u00e3o Estagio Probat\u00f3rio Cronograma da Avalia\u00e7\u00e3o do Est\u00e1gio Probat\u00f3rio &#8211; 2025 Orienta\u00e7\u00f5es SEAD &#8211; Est\u00e1gio Probat\u00f3rio 2025","_links":{"self":[{"href":"https:\/\/goias.gov.br\/educacao\/wp-json\/wp\/v2\/pages\/97423","targetHints":{"allow":["GET"]}}],"collection":[{"href":"https:\/\/goias.gov.br\/educacao\/wp-json\/wp\/v2\/pages"}],"about":[{"href":"https:\/\/goias.gov.br\/educacao\/wp-json\/wp\/v2\/types\/page"}],"author":[{"embeddable":true,"href":"https:\/\/goias.gov.br\/educacao\/wp-json\/wp\/v2\/users\/465"}],"replies":[{"embeddable":true,"href":"https:\/\/goias.gov.br\/educacao\/wp-json\/wp\/v2\/comments?post=97423"}],"version-history":[{"count":2,"href":"https:\/\/goias.gov.br\/educacao\/wp-json\/wp\/v2\/pages\/97423\/revisions"}],"predecessor-version":[{"id":672633,"href":"https:\/\/goias.gov.br\/educacao\/wp-json\/wp\/v2\/pages\/97423\/revisions\/672633"}],"wp:attachment":[{"href":"https:\/\/goias.gov.br\/educacao\/wp-json\/wp\/v2\/media?parent=97423"}],"curies":[{"name":"wp","href":"https:\/\/api.w.org\/{rel}","templated":true}]}}