

{"id":96274,"date":"2024-04-01T15:52:52","date_gmt":"2024-04-01T18:52:52","guid":{"rendered":"https:\/\/siteshom.goias.gov.br\/educacao\/?page_id=96274"},"modified":"2026-01-29T10:38:31","modified_gmt":"2026-01-29T13:38:31","slug":"noticias-alfamais","status":"publish","type":"page","link":"https:\/\/goias.gov.br\/educacao\/noticias-alfamais\/","title":{"rendered":"Not\u00edcias AlfaMais"},"content":{"rendered":"\t\t<div data-elementor-type=\"wp-page\" data-elementor-id=\"96274\" class=\"elementor elementor-96274\">\n\t\t\t\t<div class=\"elementor-element elementor-element-bea1a5e e-flex e-con-boxed e-con e-parent\" data-id=\"bea1a5e\" data-element_type=\"container\" data-e-type=\"container\">\n\t\t\t\t\t<div class=\"e-con-inner\">\n\t\t\t\t<div class=\"elementor-element elementor-element-3b7085f elementor-widget elementor-widget-heading\" data-id=\"3b7085f\" data-element_type=\"widget\" data-e-type=\"widget\" data-widget_type=\"heading.default\">\n\t\t\t\t\t<h2 class=\"elementor-heading-title elementor-size-default\">Not\u00edcias AlfaMais<\/h2>\t\t\t\t<\/div>\n\t\t\t\t<div class=\"elementor-element elementor-element-bc80167 elementor-widget elementor-widget-shortcode\" data-id=\"bc80167\" data-element_type=\"widget\" data-e-type=\"widget\" data-widget_type=\"shortcode.default\">\n\t\t\t\t\t\t\t<div class=\"elementor-shortcode\"><style type='text\/css' media='all'>#rt-tpg-container-985796511 .rt-holder .rt-woo-info .price{color:#0367bf;}body .rt-tpg-container .rt-tpg-isotope-buttons .selected,\n\t\t\t\t\t#rt-tpg-container-985796511 .layout12 .rt-holder:hover .rt-detail,\n\t\t\t\t\t#rt-tpg-container-985796511 .isotope8 .rt-holder:hover .rt-detail,\n\t\t\t\t\t#rt-tpg-container-985796511 .carousel8 .rt-holder:hover .rt-detail,\n\t\t\t\t\t#rt-tpg-container-985796511 .layout13 .rt-holder .overlay .post-info,\n\t\t\t\t\t#rt-tpg-container-985796511 .isotope9 .rt-holder .overlay .post-info,\n\t\t\t\t\t#rt-tpg-container-985796511.rt-tpg-container .layout4 .rt-holder .rt-detail,\n\t\t\t\t\t.rt-modal-985796511 .md-content,\n\t\t\t\t\t.rt-modal-985796511 .md-content > .rt-md-content-holder .rt-md-content,\n\t\t\t\t\t.rt-popup-wrap-985796511.rt-popup-wrap .rt-popup-navigation-wrap,\n\t\t\t\t\t#rt-tpg-container-985796511 .carousel9 .rt-holder .overlay .post-info{background-color:#0367bf;}#rt-tpg-container-985796511 .layout5 .rt-holder .overlay, #rt-tpg-container-985796511 .isotope2 .rt-holder .overlay, #rt-tpg-container-985796511 .carousel2 .rt-holder .overlay,#rt-tpg-container-985796511 .layout15 .rt-holder h3, #rt-tpg-container-985796511 .isotope11 .rt-holder h3, #rt-tpg-container-985796511 .carousel11 .rt-holder h3, #rt-tpg-container-985796511 .layout16 .rt-holder h3,\n\t\t\t\t\t#rt-tpg-container-985796511 .isotope12 .rt-holder h3, #rt-tpg-container-985796511 .carousel12 .rt-holder h3 {background-color:rgba(3,103,191,0.8);}#rt-tpg-container-985796511 .read-more a{border-radius:px;}#rt-tpg-container-985796511 .rt-img-holder img.rt-img-responsive,#rt-tpg-container-985796511 .rt-img-holder,\n\t\t\t\t\t#rt-tpg-container-985796511 .rt-post-overlay .post-img,\n\t\t\t\t\t#rt-tpg-container-985796511 .post-sm .post-img,\n\t\t\t\t\t#rt-tpg-container-985796511 .rt-post-grid .post-img,\n\t\t\t\t\t#rt-tpg-container-985796511 .post-img img {border-radius:px;}<\/style><div class='rt-container-fluid rt-tpg-container tpg-shortcode-main-wrapper two-destaque' id='rt-tpg-container-985796511'   data-layout='layout2' data-grid-style='even' data-desktop-col='1'  data-tab-col='1'  data-mobile-col='1' data-sc-id='96276'><div data-title='Loading ...' class='rt-row rt-content-loader   layout2 tpg-even '><div class=\"rt-col-md-12 rt-col-sm-12 rt-col-xs-12 even-grid-item rt-grid-item\" data-id=\"99858\"><div class=\"rt-holder\"><div class=\"rt-row\"><div class='rt-col-sm-2 rt-col-xs-12 '><div class=\"rt-img-holder\"><a data-id='99858' class='' href='https:\/\/goias.gov.br\/educacao\/goias-esta-dando-exemplo-de-transformacao-na-educacao-publica-destaca-governador-de-goias-em-entrega-do-premio-leia-2024\/'><img fetchpriority=\"high\" decoding=\"async\" width=\"2560\" height=\"1707\" src=\"https:\/\/goias.gov.br\/educacao\/wp-content\/uploads\/sites\/40\/2024\/05\/eeee79b1-1008-4a1a-8642-9c184ef3d0c0.jpg\" class=\"rt-img-responsive \" alt=\"\" \/><\/a><\/div><\/div><div class='rt-col-sm-10 rt-col-xs-12 '><div class='rt-detail'><h3 class=\"entry-title\"><a data-id=\"99858\" class=\"\" href=\"https:\/\/goias.gov.br\/educacao\/goias-esta-dando-exemplo-de-transformacao-na-educacao-publica-destaca-governador-de-goias-em-entrega-do-premio-leia-2024\/\">\u201cGoi\u00e1s est\u00e1 dando exemplo de transforma\u00e7\u00e3o na Educa\u00e7\u00e3o p\u00fablica\u201d destaca governador de Goi\u00e1s em entrega do Pr\u00eamio Leia 2024<\/a><\/h3><div class='post-meta-user '><span class='date-meta'>18 de maio de 2024<\/span><\/div><\/div><\/div><\/div><\/div><\/div><div class=\"rt-col-md-12 rt-col-sm-12 rt-col-xs-12 even-grid-item rt-grid-item\" data-id=\"98526\"><div class=\"rt-holder\"><div class=\"rt-row\"><div class='rt-col-sm-2 rt-col-xs-12 '><div class=\"rt-img-holder\"><a data-id='98526' class='' href='https:\/\/goias.gov.br\/educacao\/caiado-entrega-premiacao-a-escolas-vencedoras-do-premio-leia-2024\/'><img decoding=\"async\" width=\"2560\" height=\"1707\" src=\"https:\/\/goias.gov.br\/educacao\/wp-content\/uploads\/sites\/40\/2024\/05\/WhatsApp-Image-2024-05-16-at-20.07.25.jpeg\" class=\"rt-img-responsive \" alt=\"\" \/><\/a><\/div><\/div><div class='rt-col-sm-10 rt-col-xs-12 '><div class='rt-detail'><h3 class=\"entry-title\"><a data-id=\"98526\" class=\"\" href=\"https:\/\/goias.gov.br\/educacao\/caiado-entrega-premiacao-a-escolas-vencedoras-do-premio-leia-2024\/\">Governador entrega premia\u00e7\u00e3o a escolas vencedoras do Pr\u00eamio Leia 2024<\/a><\/h3><div class='post-meta-user '><span class='date-meta'>17 de maio de 2024<\/span><\/div><\/div><\/div><\/div><\/div><\/div><div class=\"rt-col-md-12 rt-col-sm-12 rt-col-xs-12 even-grid-item rt-grid-item\" data-id=\"97381\"><div class=\"rt-holder\"><div class=\"rt-row\"><div class='rt-col-sm-2 rt-col-xs-12 '><div class=\"rt-img-holder\"><a data-id='97381' class='' href='https:\/\/goias.gov.br\/educacao\/governo-de-goias-divulga-a-lista-das-150-escolas-municipais-vencedoras-da-segunda-edicao-do-premio-leia\/'><img decoding=\"async\" width=\"5472\" height=\"3648\" src=\"https:\/\/goias.gov.br\/educacao\/wp-content\/uploads\/sites\/40\/2024\/04\/IMG_9486-1.jpg\" class=\"rt-img-responsive \" alt=\"\" \/><\/a><\/div><\/div><div class='rt-col-sm-10 rt-col-xs-12 '><div class='rt-detail'><h3 class=\"entry-title\"><a data-id=\"97381\" class=\"\" href=\"https:\/\/goias.gov.br\/educacao\/governo-de-goias-divulga-a-lista-das-150-escolas-municipais-vencedoras-da-segunda-edicao-do-premio-leia\/\">Governo de Goi\u00e1s divulga a lista das 150 escolas municipais vencedoras da segunda edi\u00e7\u00e3o do Pr\u00eamio Leia\u00a0<\/a><\/h3><div class='post-meta-user '><span class='date-meta'>26 de abril de 2024<\/span><\/div><\/div><\/div><\/div><\/div><\/div><div class=\"rt-col-md-12 rt-col-sm-12 rt-col-xs-12 even-grid-item rt-grid-item\" data-id=\"47594\"><div class=\"rt-holder\"><div class=\"rt-row\"><div class='rt-col-sm-2 rt-col-xs-12 '><div class=\"rt-img-holder\"><a data-id='47594' class='' href='https:\/\/goias.gov.br\/educacao\/alfamais-goias-gestores-e-secretarios-municipais-participam-de-encontro-em-goiania\/'><img loading=\"lazy\" decoding=\"async\" width=\"2560\" height=\"1707\" src=\"https:\/\/goias.gov.br\/educacao\/wp-content\/uploads\/sites\/40\/2024\/03\/IMG_0956-9bf-scaled.jpg\" class=\"rt-img-responsive \" alt=\"\" \/><\/a><\/div><\/div><div class='rt-col-sm-10 rt-col-xs-12 '><div class='rt-detail'><h3 class=\"entry-title\"><a data-id=\"47594\" class=\"\" href=\"https:\/\/goias.gov.br\/educacao\/alfamais-goias-gestores-e-secretarios-municipais-participam-de-encontro-em-goiania\/\">AlfaMais Goi\u00e1s: gestores e secret\u00e1rios municipais participam de encontro em Goi\u00e2nia<\/a><\/h3><div class='post-meta-user '><span class='date-meta'>1 de mar\u00e7o de 2024<\/span><\/div><\/div><\/div><\/div><\/div><\/div><div class=\"rt-col-md-12 rt-col-sm-12 rt-col-xs-12 even-grid-item rt-grid-item\" data-id=\"47398\"><div class=\"rt-holder\"><div class=\"rt-row\"><div class='rt-col-sm-2 rt-col-xs-12 '><div class=\"rt-img-holder\"><a data-id='47398' class='' href='https:\/\/goias.gov.br\/educacao\/secretarios-municipais-de-educacao-participam-do-iv-encontro-formativo-do-programa-alfamais-goias\/'><img loading=\"lazy\" decoding=\"async\" width=\"2560\" height=\"1707\" src=\"https:\/\/goias.gov.br\/educacao\/wp-content\/uploads\/sites\/40\/2023\/12\/IMG_1964-cec-scaled.jpg\" class=\"rt-img-responsive \" alt=\"\" \/><\/a><\/div><\/div><div class='rt-col-sm-10 rt-col-xs-12 '><div class='rt-detail'><h3 class=\"entry-title\"><a data-id=\"47398\" class=\"\" href=\"https:\/\/goias.gov.br\/educacao\/secretarios-municipais-de-educacao-participam-do-iv-encontro-formativo-do-programa-alfamais-goias\/\">IV Encontro Formativo do Programa AlfaMais Goi\u00e1s re\u00fane secret\u00e1rios municipais<\/a><\/h3><div class='post-meta-user '><span class='date-meta'>13 de dezembro de 2023<\/span><\/div><\/div><\/div><\/div><\/div><\/div><div class=\"rt-col-md-12 rt-col-sm-12 rt-col-xs-12 even-grid-item rt-grid-item\" data-id=\"46222\"><div class=\"rt-holder\"><div class=\"rt-row\"><div class='rt-col-sm-2 rt-col-xs-12 '><div class=\"rt-img-holder\"><a data-id='46222' class='' href='https:\/\/goias.gov.br\/educacao\/governador-caiado-apresenta-alfamais-goias-como-um-case-de-sucesso-durante-seminario-nacional-pela-alfabetizacao-em-brasilia\/'><img loading=\"lazy\" decoding=\"async\" width=\"1280\" height=\"853\" src=\"https:\/\/goias.gov.br\/educacao\/wp-content\/uploads\/sites\/40\/2023\/09\/Capa-Seminario-Alfabetizacao-1d9.jpeg\" class=\"rt-img-responsive \" alt=\"\" \/><\/a><\/div><\/div><div class='rt-col-sm-10 rt-col-xs-12 '><div class='rt-detail'><h3 class=\"entry-title\"><a data-id=\"46222\" class=\"\" href=\"https:\/\/goias.gov.br\/educacao\/governador-caiado-apresenta-alfamais-goias-como-um-case-de-sucesso-durante-seminario-nacional-pela-alfabetizacao-em-brasilia\/\">Governador apresenta AlfaMais Goi\u00e1s como case de sucesso em Semin\u00e1rio Nacional pela Alfabetiza\u00e7\u00e3o, em Bras\u00edlia<\/a><\/h3><div class='post-meta-user '><span class='date-meta'>20 de setembro de 2023<\/span><\/div><\/div><\/div><\/div><\/div><\/div><div class=\"rt-col-md-12 rt-col-sm-12 rt-col-xs-12 even-grid-item rt-grid-item\" data-id=\"45399\"><div class=\"rt-holder\"><div class=\"rt-row\"><div class='rt-col-sm-2 rt-col-xs-12 '><div class=\"rt-img-holder\"><a data-id='45399' class='' href='https:\/\/goias.gov.br\/educacao\/alfamais-goias-debate-formacoes-e-divulgacao-de-premio-em-2023\/'><img loading=\"lazy\" decoding=\"async\" width=\"842\" height=\"615\" src=\"https:\/\/goias.gov.br\/educacao\/wp-content\/uploads\/sites\/40\/2023\/03\/WhatsApp-Image-2023-03-17-at-08.23.39-1-76f.jpeg\" class=\"rt-img-responsive \" alt=\"\" \/><\/a><\/div><\/div><div class='rt-col-sm-10 rt-col-xs-12 '><div class='rt-detail'><h3 class=\"entry-title\"><a data-id=\"45399\" class=\"\" href=\"https:\/\/goias.gov.br\/educacao\/alfamais-goias-debate-formacoes-e-divulgacao-de-premio-em-2023\/\">AlfaMais Goi\u00e1s debate forma\u00e7\u00f5es e divulga\u00e7\u00e3o de Pr\u00eamio em 2023<\/a><\/h3><div class='post-meta-user '><span class='date-meta'>17 de mar\u00e7o de 2023<\/span><\/div><\/div><\/div><\/div><\/div><\/div><\/div><\/div><\/div>\n\t\t\t\t\t\t<\/div>\n\t\t\t\t\t<\/div>\n\t\t\t\t<\/div>\n\t\t\t\t<\/div>\n\t\t","protected":false},"excerpt":{"rendered":"<p>Not\u00edcias AlfaMais<\/p>\n","protected":false},"author":7,"featured_media":0,"parent":0,"menu_order":0,"comment_status":"closed","ping_status":"closed","template":"wppb_theme_template","meta":{"footnotes":""},"class_list":["post-96274","page","type-page","status-publish","hentry"],"rttpg_featured_image_url":null,"rttpg_author":{"display_name":"gustavogoncalves","author_link":"https:\/\/goias.gov.br\/educacao\/author\/gustavogoncalves\/"},"rttpg_comment":0,"rttpg_category":"","rttpg_excerpt":"Not\u00edcias AlfaMais","_links":{"self":[{"href":"https:\/\/goias.gov.br\/educacao\/wp-json\/wp\/v2\/pages\/96274","targetHints":{"allow":["GET"]}}],"collection":[{"href":"https:\/\/goias.gov.br\/educacao\/wp-json\/wp\/v2\/pages"}],"about":[{"href":"https:\/\/goias.gov.br\/educacao\/wp-json\/wp\/v2\/types\/page"}],"author":[{"embeddable":true,"href":"https:\/\/goias.gov.br\/educacao\/wp-json\/wp\/v2\/users\/7"}],"replies":[{"embeddable":true,"href":"https:\/\/goias.gov.br\/educacao\/wp-json\/wp\/v2\/comments?post=96274"}],"version-history":[{"count":2,"href":"https:\/\/goias.gov.br\/educacao\/wp-json\/wp\/v2\/pages\/96274\/revisions"}],"predecessor-version":[{"id":671202,"href":"https:\/\/goias.gov.br\/educacao\/wp-json\/wp\/v2\/pages\/96274\/revisions\/671202"}],"wp:attachment":[{"href":"https:\/\/goias.gov.br\/educacao\/wp-json\/wp\/v2\/media?parent=96274"}],"curies":[{"name":"wp","href":"https:\/\/api.w.org\/{rel}","templated":true}]}}