

{"id":538941,"date":"2025-10-01T08:29:04","date_gmt":"2025-10-01T11:29:04","guid":{"rendered":"https:\/\/goias.gov.br\/educacao\/?page_id=538941"},"modified":"2026-01-28T14:57:53","modified_gmt":"2026-01-28T17:57:53","slug":"selecao-de-estudantes-cepi-bilingue-lyceu-de-goiania","status":"publish","type":"page","link":"https:\/\/goias.gov.br\/educacao\/selecao-de-estudantes-cepi-bilingue-lyceu-de-goiania\/","title":{"rendered":"Sele\u00e7\u00e3o de Estudantes \u2013 CEPI Bil\u00edngue Lyceu de Goi\u00e2nia"},"content":{"rendered":"\t\t<div data-elementor-type=\"wp-page\" data-elementor-id=\"538941\" class=\"elementor elementor-538941\">\n\t\t\t\t<div class=\"elementor-element elementor-element-67f7ba9 e-flex e-con-boxed e-con e-parent\" data-id=\"67f7ba9\" data-element_type=\"container\" data-e-type=\"container\">\n\t\t\t\t\t<div class=\"e-con-inner\">\n\t\t\t\t<div class=\"elementor-element elementor-element-24feaac elementor-widget elementor-widget-image\" data-id=\"24feaac\" data-element_type=\"widget\" data-e-type=\"widget\" data-widget_type=\"image.default\">\n\t\t\t\t\t\t\t\t\t\t\t\t\t\t\t<img decoding=\"async\" src=\"https:\/\/goias.gov.br\/educacao\/wp-content\/uploads\/sites\/40\/2025\/10\/Banner-site-Selecao-estudante-LYCEU.jpg\" title=\"\" alt=\"\" loading=\"lazy\" \/>\t\t\t\t\t\t\t\t\t\t\t\t\t\t\t<\/div>\n\t\t\t\t\t<\/div>\n\t\t\t\t<\/div>\n\t\t<div class=\"elementor-element elementor-element-67ceebc e-flex e-con-boxed e-con e-parent\" data-id=\"67ceebc\" data-element_type=\"container\" data-e-type=\"container\">\n\t\t\t\t\t<div class=\"e-con-inner\">\n\t\t\t\t<div class=\"elementor-element elementor-element-6bd40f5 elementor-widget elementor-widget-text-editor\" data-id=\"6bd40f5\" data-element_type=\"widget\" data-e-type=\"widget\" data-widget_type=\"text-editor.default\">\n\t\t\t\t\t\t\t\t\t<p><strong data-start=\"818\" data-end=\"890\">Processo Seletivo de Matr\u00edcula 2026 \u2013 CEPI Bil\u00edngue Lyceu de Goi\u00e2nia<\/strong><\/p><p><br data-start=\"890\" data-end=\"893\" \/>O Centro de Ensino em Per\u00edodo Integral Bil\u00edngue Lyceu de Goi\u00e2nia oferece uma educa\u00e7\u00e3o p\u00fablica, gratuita e de excel\u00eancia, com \u00eanfase no ensino da l\u00edngua francesa e na forma\u00e7\u00e3o integral dos estudantes.<\/p>\t\t\t\t\t\t\t\t<\/div>\n\t\t\t\t\t<\/div>\n\t\t\t\t<\/div>\n\t\t<div class=\"elementor-element elementor-element-166893c e-flex e-con-boxed e-con e-parent\" data-id=\"166893c\" data-element_type=\"container\" data-e-type=\"container\">\n\t\t\t\t\t<div class=\"e-con-inner\">\n\t\t\t\t<div class=\"elementor-element elementor-element-a721c05 elementor-widget__width-initial elementor-widget elementor-widget-heading\" data-id=\"a721c05\" data-element_type=\"widget\" data-e-type=\"widget\" data-widget_type=\"heading.default\">\n\t\t\t\t\t<h2 class=\"elementor-heading-title elementor-size-default\">1<\/h2>\t\t\t\t<\/div>\n\t\t\t\t<div class=\"elementor-element elementor-element-50c547c elementor-widget elementor-widget-text-editor\" data-id=\"50c547c\" data-element_type=\"widget\" data-e-type=\"widget\" data-widget_type=\"text-editor.default\">\n\t\t\t\t\t\t\t\t\t<p><strong><span style=\"color: #000000;\">Quem pode participar?<\/span><\/strong><\/p><p>Estudantes para o 8\u00ba e 9\u00ba anos do Ensino Fundamental. Estudantes para a 1\u00aa, 2\u00aa e 3\u00aa s\u00e9ries do Ensino M\u00e9dio.<\/p>\t\t\t\t\t\t\t\t<\/div>\n\t\t\t\t\t<\/div>\n\t\t\t\t<\/div>\n\t\t<div class=\"elementor-element elementor-element-f8a2289 e-flex e-con-boxed e-con e-parent\" data-id=\"f8a2289\" data-element_type=\"container\" data-e-type=\"container\">\n\t\t\t\t\t<div class=\"e-con-inner\">\n\t\t\t\t<div class=\"elementor-element elementor-element-058ea23 elementor-widget__width-initial elementor-widget elementor-widget-heading\" data-id=\"058ea23\" data-element_type=\"widget\" data-e-type=\"widget\" data-widget_type=\"heading.default\">\n\t\t\t\t\t<h2 class=\"elementor-heading-title elementor-size-default\">2<\/h2>\t\t\t\t<\/div>\n\t\t\t\t<div class=\"elementor-element elementor-element-94aaded elementor-widget elementor-widget-text-editor\" data-id=\"94aaded\" data-element_type=\"widget\" data-e-type=\"widget\" data-widget_type=\"text-editor.default\">\n\t\t\t\t\t\t\t\t\t<p><strong><span style=\"color: #000000;\">Vagas Dispon\u00edveis<\/span><\/strong><\/p><p>Estudantes para o 8\u00ba e 9\u00ba anos do Ensino Fundamental. Estudantes para a 1\u00aa, 2\u00aa e 3\u00aa s\u00e9ries do Ensino M\u00e9dio.<\/p><ul><li data-start=\"1448\" data-end=\"1476\"><p data-start=\"1450\" data-end=\"1476\"><strong data-start=\"1450\" data-end=\"1463\">8\u00ba ano EF<\/strong>: 160 vagas<\/p><\/li><li data-start=\"1477\" data-end=\"1505\"><p data-start=\"1479\" data-end=\"1505\"><strong data-start=\"1479\" data-end=\"1492\">9\u00ba ano EF<\/strong>: 160 vagas<\/p><\/li><li data-start=\"1506\" data-end=\"1536\"><p data-start=\"1508\" data-end=\"1536\"><strong data-start=\"1508\" data-end=\"1523\">1\u00aa s\u00e9rie EM<\/strong>: 160 vagas<\/p><\/li><li data-start=\"1537\" data-end=\"1567\"><p data-start=\"1539\" data-end=\"1567\"><strong data-start=\"1539\" data-end=\"1554\">2\u00aa s\u00e9rie EM<\/strong>: 120 vagas<\/p><\/li><li data-start=\"1568\" data-end=\"1644\"><p data-start=\"1570\" data-end=\"1644\"><strong data-start=\"1570\" data-end=\"1585\">3\u00aa s\u00e9rie EM<\/strong>: 80 vagas<\/p><\/li><\/ul>\t\t\t\t\t\t\t\t<\/div>\n\t\t\t\t\t<\/div>\n\t\t\t\t<\/div>\n\t\t<div class=\"elementor-element elementor-element-b92f376 e-flex e-con-boxed e-con e-parent\" data-id=\"b92f376\" data-element_type=\"container\" data-e-type=\"container\">\n\t\t\t\t\t<div class=\"e-con-inner\">\n\t\t\t\t<div class=\"elementor-element elementor-element-bd4dd73 elementor-widget__width-initial elementor-widget elementor-widget-heading\" data-id=\"bd4dd73\" data-element_type=\"widget\" data-e-type=\"widget\" data-widget_type=\"heading.default\">\n\t\t\t\t\t<h2 class=\"elementor-heading-title elementor-size-default\">3<\/h2>\t\t\t\t<\/div>\n\t\t\t\t<div class=\"elementor-element elementor-element-79c6d4f elementor-widget elementor-widget-text-editor\" data-id=\"79c6d4f\" data-element_type=\"widget\" data-e-type=\"widget\" data-widget_type=\"text-editor.default\">\n\t\t\t\t\t\t\t\t\t<p><strong><span style=\"color: #000000;\">Cronograma<\/span><\/strong><\/p><table><thead><tr><th>Etapa<\/th><th>Data<\/th><\/tr><\/thead><tbody><tr><td>Publica\u00e7\u00e3o do Edital<\/td><td>01\/10\/2025<\/td><\/tr><tr><td>\u00a0Inscri\u00e7\u00f5es (online e presencial)<\/td><td>03\/10 a 31\/10\/2025<\/td><\/tr><tr><td>\u00a0Divulga\u00e7\u00e3o das inscri\u00e7\u00f5es deferidas<\/td><td>04\/11\/2025<\/td><\/tr><tr><td>\u00a0Recursos<\/td><td>05\/11\/2025<\/td><\/tr><tr><td>Resultado dos recursos<\/td><td>06\/11\/2025<\/td><\/tr><tr><td>Matr\u00edcula presencial<\/td><td>17\/11 a 01\/12\/2025<\/td><\/tr><tr><td>Reabertura de vagas remanescentes<\/td><td>04\/12\/2025<\/td><\/tr><tr><td>Encerramento do processo<\/td><td>30\/01\/2026<\/td><\/tr><\/tbody><\/table>\t\t\t\t\t\t\t\t<\/div>\n\t\t\t\t\t<\/div>\n\t\t\t\t<\/div>\n\t\t<div class=\"elementor-element elementor-element-f65c31c e-flex e-con-boxed e-con e-parent\" data-id=\"f65c31c\" data-element_type=\"container\" data-e-type=\"container\">\n\t\t\t\t\t<div class=\"e-con-inner\">\n\t\t\t\t<div class=\"elementor-element elementor-element-77fd31d elementor-widget__width-initial elementor-widget elementor-widget-heading\" data-id=\"77fd31d\" data-element_type=\"widget\" data-e-type=\"widget\" data-widget_type=\"heading.default\">\n\t\t\t\t\t<h2 class=\"elementor-heading-title elementor-size-default\">4<\/h2>\t\t\t\t<\/div>\n\t\t\t\t<div class=\"elementor-element elementor-element-b191b06 elementor-widget elementor-widget-text-editor\" data-id=\"b191b06\" data-element_type=\"widget\" data-e-type=\"widget\" data-widget_type=\"text-editor.default\">\n\t\t\t\t\t\t\t\t\t<p><strong><span style=\"color: #000000;\">Como se inscrever<\/span><\/strong><\/p><ul><li data-start=\"2111\" data-end=\"2230\"><p data-start=\"2113\" data-end=\"2230\"><strong data-start=\"2113\" data-end=\"2124\">Online:<\/strong> Preencher o formul\u00e1rio no link.\u00a0 <a class=\"decorated-link\" href=\"https:\/\/forms.gle\/Rc878msS8Smp5WnaA\" target=\"_new\" rel=\"noopener\" data-start=\"2159\" data-end=\"2227\">Clique aqui para se inscrever<\/a>.<\/p><\/li><li data-start=\"2231\" data-end=\"2347\"><p data-start=\"2233\" data-end=\"2347\"><strong data-start=\"2233\" data-end=\"2248\">Presencial:<\/strong> Nos locais listados no edital (SEDUC-GO, CRE Goi\u00e2nia, CEPI Jos\u00e9 Honorato \u2013 endere\u00e7o provis\u00f3rio).<\/p><\/li><\/ul>\t\t\t\t\t\t\t\t<\/div>\n\t\t\t\t\t<\/div>\n\t\t\t\t<\/div>\n\t\t<div class=\"elementor-element elementor-element-80d863e e-flex e-con-boxed e-con e-parent\" data-id=\"80d863e\" data-element_type=\"container\" data-e-type=\"container\">\n\t\t\t\t\t<div class=\"e-con-inner\">\n\t\t\t\t<div class=\"elementor-element elementor-element-9db18bb elementor-widget__width-initial elementor-widget elementor-widget-heading\" data-id=\"9db18bb\" data-element_type=\"widget\" data-e-type=\"widget\" data-widget_type=\"heading.default\">\n\t\t\t\t\t<h2 class=\"elementor-heading-title elementor-size-default\">5<\/h2>\t\t\t\t<\/div>\n\t\t\t\t<div class=\"elementor-element elementor-element-0e0a862 elementor-widget elementor-widget-text-editor\" data-id=\"0e0a862\" data-element_type=\"widget\" data-e-type=\"widget\" data-widget_type=\"text-editor.default\">\n\t\t\t\t\t\t\t\t\t<p><strong><span style=\"color: #000000;\">Documentos Necess\u00e1rios<\/span><\/strong><\/p><ul><li data-start=\"2501\" data-end=\"2569\"><p data-start=\"2503\" data-end=\"2569\">RG e CPF do estudante e do respons\u00e1vel (quando menor de 18 anos)<\/p><\/li><li data-start=\"2570\" data-end=\"2596\"><p data-start=\"2572\" data-end=\"2596\">Certid\u00e3o de nascimento<\/p><\/li><li data-start=\"2597\" data-end=\"2611\"><p data-start=\"2599\" data-end=\"2611\">Cart\u00e3o SUS<\/p><\/li><li data-start=\"2612\" data-end=\"2652\"><p data-start=\"2614\" data-end=\"2652\">Comprovante de resid\u00eancia atualizado<\/p><\/li><li data-start=\"2653\" data-end=\"2668\"><p data-start=\"2655\" data-end=\"2668\">2 fotos 3&#215;4<\/p><\/li><li data-start=\"2669\" data-end=\"2690\"><p data-start=\"2671\" data-end=\"2690\">Hist\u00f3rico escolar<\/p><\/li><li data-start=\"2691\" data-end=\"2732\"><p data-start=\"2693\" data-end=\"2732\">Termo de ades\u00e3o (Contrato Pedag\u00f3gico)<\/p><\/li><li data-start=\"2733\" data-end=\"2788\"><p data-start=\"2735\" data-end=\"2788\">Carteira de vacina\u00e7\u00e3o atualizada (menores de 18 anos)<\/p><\/li><\/ul>\t\t\t\t\t\t\t\t<\/div>\n\t\t\t\t\t<\/div>\n\t\t\t\t<\/div>\n\t\t<div class=\"elementor-element elementor-element-68833b1 e-flex e-con-boxed e-con e-parent\" data-id=\"68833b1\" data-element_type=\"container\" data-e-type=\"container\" data-settings=\"{&quot;background_background&quot;:&quot;gradient&quot;}\">\n\t\t\t\t\t<div class=\"e-con-inner\">\n\t\t\t\t<div class=\"elementor-element elementor-element-375f5b6 elementor-widget elementor-widget-heading\" data-id=\"375f5b6\" data-element_type=\"widget\" data-e-type=\"widget\" data-widget_type=\"heading.default\">\n\t\t\t\t\t<h2 class=\"elementor-heading-title elementor-size-default\"><a href=\"https:\/\/goias.gov.br\/educa\" target=\"_blank\">Documentos da Sele\u00e7\u00e3o<\/a><\/h2>\t\t\t\t<\/div>\n\t\t\t\t\t<\/div>\n\t\t\t\t<\/div>\n\t\t<div class=\"elementor-element elementor-element-1d884a6 e-flex e-con-boxed e-con e-parent\" data-id=\"1d884a6\" data-element_type=\"container\" data-e-type=\"container\">\n\t\t\t\t\t<div class=\"e-con-inner\">\n\t\t\t\t<div class=\"elementor-element elementor-element-2e45bc5 elementor-widget elementor-widget-text-editor\" data-id=\"2e45bc5\" data-element_type=\"widget\" data-e-type=\"widget\" data-widget_type=\"text-editor.default\">\n\t\t\t\t\t\t\t\t\t<p><a href=\"https:\/\/goias.gov.br\/educacao\/wp-content\/uploads\/sites\/40\/2025\/10\/SEI_80395662_Edital.pdf\">Edital de Matr\u00edculas do CEPI Bil\u00edngue Lyceu de Goi\u00e2nia<\/a><\/p><p><a href=\"https:\/\/goias.gov.br\/educacao\/wp-content\/uploads\/sites\/40\/2025\/10\/Retificacao-n-001-2025-Processo-Seletivo-CEPI-Lyceu-de-Goiania.pdf\">Retifica\u00e7\u00e3o n\u00b0001\/2025<\/a><\/p><p><a href=\"https:\/\/goias.gov.br\/educacao\/wp-content\/uploads\/sites\/40\/2025\/10\/Retificacao-n-002-2025-Processo-de-Sel-Est-do-CEPI-Bilingue-Lyceu-1.pdf\">Retifica\u00e7\u00e3o n\u00b0002\/2025<\/a><\/p>\t\t\t\t\t\t\t\t<\/div>\n\t\t\t\t\t<\/div>\n\t\t\t\t<\/div>\n\t\t<div class=\"elementor-element elementor-element-37695b4 e-flex e-con-boxed e-con e-parent\" data-id=\"37695b4\" data-element_type=\"container\" data-e-type=\"container\" data-settings=\"{&quot;background_background&quot;:&quot;gradient&quot;}\">\n\t\t\t\t\t<div class=\"e-con-inner\">\n\t\t\t\t<div class=\"elementor-element elementor-element-e034083 elementor-widget elementor-widget-heading\" data-id=\"e034083\" data-element_type=\"widget\" data-e-type=\"widget\" data-widget_type=\"heading.default\">\n\t\t\t\t\t<h2 class=\"elementor-heading-title elementor-size-default\"><a href=\"https:\/\/goias.gov.br\/educa\" target=\"_blank\">Inscri\u00e7\u00f5es Deferidas<\/a><\/h2>\t\t\t\t<\/div>\n\t\t\t\t\t<\/div>\n\t\t\t\t<\/div>\n\t\t<div class=\"elementor-element elementor-element-c9f28ef e-flex e-con-boxed e-con e-parent\" data-id=\"c9f28ef\" data-element_type=\"container\" data-e-type=\"container\">\n\t\t\t\t\t<div class=\"e-con-inner\">\n\t\t\t\t<div class=\"elementor-element elementor-element-2b35476 elementor-widget elementor-widget-n-accordion\" data-id=\"2b35476\" data-element_type=\"widget\" data-e-type=\"widget\" data-settings=\"{&quot;default_state&quot;:&quot;all_collapsed&quot;,&quot;max_items_expended&quot;:&quot;one&quot;,&quot;n_accordion_animation_duration&quot;:{&quot;unit&quot;:&quot;ms&quot;,&quot;size&quot;:400,&quot;sizes&quot;:[]}}\" data-widget_type=\"nested-accordion.default\">\n\t\t\t\t\t\t\t<div class=\"e-n-accordion\" aria-label=\"Accordion. Open links with Enter or Space, close with Escape, and navigate with Arrow Keys\">\n\t\t\t\t\t\t<details id=\"e-n-accordion-item-4530\" class=\"e-n-accordion-item\" >\n\t\t\t\t<summary class=\"e-n-accordion-item-title\" data-accordion-index=\"1\" tabindex=\"0\" aria-expanded=\"false\" aria-controls=\"e-n-accordion-item-4530\" >\n\t\t\t\t\t<span class='e-n-accordion-item-title-header'><div class=\"e-n-accordion-item-title-text\"> Inscri\u00e7\u00f5es Deferidas - Vagas <\/div><\/span>\n\t\t\t\t\t\t\t<span class='e-n-accordion-item-title-icon'>\n\t\t\t<span class='e-opened' ><svg aria-hidden=\"true\" class=\"e-font-icon-svg e-fas-angle-down\" viewBox=\"0 0 320 512\" xmlns=\"http:\/\/www.w3.org\/2000\/svg\"><path d=\"M143 352.3L7 216.3c-9.4-9.4-9.4-24.6 0-33.9l22.6-22.6c9.4-9.4 24.6-9.4 33.9 0l96.4 96.4 96.4-96.4c9.4-9.4 24.6-9.4 33.9 0l22.6 22.6c9.4 9.4 9.4 24.6 0 33.9l-136 136c-9.2 9.4-24.4 9.4-33.8 0z\"><\/path><\/svg><\/span>\n\t\t\t<span class='e-closed'><svg aria-hidden=\"true\" class=\"e-font-icon-svg e-fas-angle-right\" viewBox=\"0 0 256 512\" xmlns=\"http:\/\/www.w3.org\/2000\/svg\"><path d=\"M224.3 273l-136 136c-9.4 9.4-24.6 9.4-33.9 0l-22.6-22.6c-9.4-9.4-9.4-24.6 0-33.9l96.4-96.4-96.4-96.4c-9.4-9.4-9.4-24.6 0-33.9L54.3 103c9.4-9.4 24.6-9.4 33.9 0l136 136c9.5 9.4 9.5 24.6.1 34z\"><\/path><\/svg><\/span>\n\t\t<\/span>\n\n\t\t\t\t\t\t<\/summary>\n\t\t\t\t<div role=\"region\" aria-labelledby=\"e-n-accordion-item-4530\" class=\"elementor-element elementor-element-c361b44 e-con-full e-flex e-con e-child\" data-id=\"c361b44\" data-element_type=\"container\" data-e-type=\"container\">\n\t\t\t\t<div class=\"elementor-element elementor-element-cead324 elementor-widget elementor-widget-text-editor\" data-id=\"cead324\" data-element_type=\"widget\" data-e-type=\"widget\" data-widget_type=\"text-editor.default\">\n\t\t\t\t\t\t\t\t\t<p><a href=\"https:\/\/goias.gov.br\/educacao\/wp-content\/uploads\/sites\/40\/2025\/11\/8o-ano-160-VAGAS-DO-EDITAL.pdf\">8\u00ba ano &#8211; 160 VAGAS<\/a><\/p><p><a href=\"https:\/\/goias.gov.br\/educacao\/wp-content\/uploads\/sites\/40\/2025\/11\/9o-ANO-160-VAGAS-DO-EDITAL-1.pdf\">9\u00ba ANO 160 VAGAS<\/a><\/p><p><a href=\"https:\/\/goias.gov.br\/educacao\/wp-content\/uploads\/sites\/40\/2025\/11\/1a-SERIE-160-VAGAS-DO-EDITAL-1.pdf\">1\u00aa S\u00c9RIE 160 VAGAS<\/a><\/p><p><a href=\"https:\/\/goias.gov.br\/educacao\/wp-content\/uploads\/sites\/40\/2025\/11\/2a-SERIE-120-VAGAS-DO-EDITAL.pdf\">2\u00aa S\u00c9RIE &#8211; 120 VAGAS<\/a><\/p><p><a href=\"https:\/\/goias.gov.br\/educacao\/wp-content\/uploads\/sites\/40\/2025\/11\/3a-SERIE-80-VAGAS-DO-EDITAL.pdf\">3\u00aa S\u00c9RIE &#8211; 80 VAGAS<\/a><\/p><p><a href=\"https:\/\/goias.gov.br\/educacao\/wp-content\/uploads\/sites\/40\/2025\/11\/Divisao-dos-dias-para-matricula-presencial_CEPI-Bilingue-Lyceu-de-Goiania.pdf\">Divis\u00e3o dos dias para matr\u00edcula presencial no CEPI Bil\u00edngue Lyceu de Goi\u00e2nia<\/a><\/p>\t\t\t\t\t\t\t\t<\/div>\n\t\t\t\t<\/div>\n\t\t\t\t\t<\/details>\n\t\t\t\t\t\t<details id=\"e-n-accordion-item-4531\" class=\"e-n-accordion-item\" >\n\t\t\t\t<summary class=\"e-n-accordion-item-title\" data-accordion-index=\"2\" tabindex=\"-1\" aria-expanded=\"false\" aria-controls=\"e-n-accordion-item-4531\" >\n\t\t\t\t\t<span class='e-n-accordion-item-title-header'><div class=\"e-n-accordion-item-title-text\"> Vagas Adicionais  <\/div><\/span>\n\t\t\t\t\t\t\t<span class='e-n-accordion-item-title-icon'>\n\t\t\t<span class='e-opened' ><svg aria-hidden=\"true\" class=\"e-font-icon-svg e-fas-angle-down\" viewBox=\"0 0 320 512\" xmlns=\"http:\/\/www.w3.org\/2000\/svg\"><path d=\"M143 352.3L7 216.3c-9.4-9.4-9.4-24.6 0-33.9l22.6-22.6c9.4-9.4 24.6-9.4 33.9 0l96.4 96.4 96.4-96.4c9.4-9.4 24.6-9.4 33.9 0l22.6 22.6c9.4 9.4 9.4 24.6 0 33.9l-136 136c-9.2 9.4-24.4 9.4-33.8 0z\"><\/path><\/svg><\/span>\n\t\t\t<span class='e-closed'><svg aria-hidden=\"true\" class=\"e-font-icon-svg e-fas-angle-right\" viewBox=\"0 0 256 512\" xmlns=\"http:\/\/www.w3.org\/2000\/svg\"><path d=\"M224.3 273l-136 136c-9.4 9.4-24.6 9.4-33.9 0l-22.6-22.6c-9.4-9.4-9.4-24.6 0-33.9l96.4-96.4-96.4-96.4c-9.4-9.4-9.4-24.6 0-33.9L54.3 103c9.4-9.4 24.6-9.4 33.9 0l136 136c9.5 9.4 9.5 24.6.1 34z\"><\/path><\/svg><\/span>\n\t\t<\/span>\n\n\t\t\t\t\t\t<\/summary>\n\t\t\t\t<div role=\"region\" aria-labelledby=\"e-n-accordion-item-4531\" class=\"elementor-element elementor-element-cb18e98 e-con-full e-flex e-con e-child\" data-id=\"cb18e98\" data-element_type=\"container\" data-e-type=\"container\">\n\t\t\t\t<div class=\"elementor-element elementor-element-170f922 elementor-widget elementor-widget-text-editor\" data-id=\"170f922\" data-element_type=\"widget\" data-e-type=\"widget\" data-widget_type=\"text-editor.default\">\n\t\t\t\t\t\t\t\t\t<p><a href=\"https:\/\/goias.gov.br\/educacao\/wp-content\/uploads\/sites\/40\/2025\/11\/Vagas-CEPI-Bilingue-Lyceu-de-Goiania-1.pdf\">NOTA OFICIAL &#8211; Vagas CEPI Bil\u00edngue Lyceu de Goi\u00e2nia\u00a0<\/a><\/p><p><a href=\"https:\/\/goias.gov.br\/educacao\/wp-content\/uploads\/sites\/40\/2025\/11\/8o-ano-15-VAGAS-ADICIONAIS.pdf\">8\u00ba ano &#8211; 15 VAGAS ADICIONAIS<\/a><\/p><p><a href=\"https:\/\/goias.gov.br\/educacao\/wp-content\/uploads\/sites\/40\/2025\/11\/9o-ANO-16-VAGAS-ADICIONAIS.pdf\">9\u00ba ANO 16 VAGAS ADICIONAIS<\/a><\/p><p><a href=\"https:\/\/goias.gov.br\/educacao\/wp-content\/uploads\/sites\/40\/2025\/11\/1a-SERIE-36-VAGAS-ADICIONAIS-1.pdf\">1\u00aa S\u00c9RIE 36 VAGAS ADICIONAIS<\/a><\/p><p><a href=\"https:\/\/goias.gov.br\/educacao\/wp-content\/uploads\/sites\/40\/2025\/11\/2a-SERIE-15-VAGAS-ADICIONAIS.pdf\">2\u00aa S\u00c9RIE &#8211; 15 VAGAS ADICIONAIS<\/a><\/p><p><a href=\"https:\/\/goias.gov.br\/educacao\/wp-content\/uploads\/sites\/40\/2025\/11\/3a-SERIE-40-VAGAS-ADICIONAIS.pdf\">3\u00aa S\u00c9RIE &#8211;\u00a0 40 VAGAS ADICIONAIS<\/a><\/p>\t\t\t\t\t\t\t\t<\/div>\n\t\t\t\t<\/div>\n\t\t\t\t\t<\/details>\n\t\t\t\t\t\t<details id=\"e-n-accordion-item-4532\" class=\"e-n-accordion-item\" >\n\t\t\t\t<summary class=\"e-n-accordion-item-title\" data-accordion-index=\"3\" tabindex=\"-1\" aria-expanded=\"false\" aria-controls=\"e-n-accordion-item-4532\" >\n\t\t\t\t\t<span class='e-n-accordion-item-title-header'><div class=\"e-n-accordion-item-title-text\"> Vagas Remanescentes <\/div><\/span>\n\t\t\t\t\t\t\t<span class='e-n-accordion-item-title-icon'>\n\t\t\t<span class='e-opened' ><svg aria-hidden=\"true\" class=\"e-font-icon-svg e-fas-angle-down\" viewBox=\"0 0 320 512\" xmlns=\"http:\/\/www.w3.org\/2000\/svg\"><path d=\"M143 352.3L7 216.3c-9.4-9.4-9.4-24.6 0-33.9l22.6-22.6c9.4-9.4 24.6-9.4 33.9 0l96.4 96.4 96.4-96.4c9.4-9.4 24.6-9.4 33.9 0l22.6 22.6c9.4 9.4 9.4 24.6 0 33.9l-136 136c-9.2 9.4-24.4 9.4-33.8 0z\"><\/path><\/svg><\/span>\n\t\t\t<span class='e-closed'><svg aria-hidden=\"true\" class=\"e-font-icon-svg e-fas-angle-right\" viewBox=\"0 0 256 512\" xmlns=\"http:\/\/www.w3.org\/2000\/svg\"><path d=\"M224.3 273l-136 136c-9.4 9.4-24.6 9.4-33.9 0l-22.6-22.6c-9.4-9.4-9.4-24.6 0-33.9l96.4-96.4-96.4-96.4c-9.4-9.4-9.4-24.6 0-33.9L54.3 103c9.4-9.4 24.6-9.4 33.9 0l136 136c9.5 9.4 9.5 24.6.1 34z\"><\/path><\/svg><\/span>\n\t\t<\/span>\n\n\t\t\t\t\t\t<\/summary>\n\t\t\t\t<div role=\"region\" aria-labelledby=\"e-n-accordion-item-4532\" class=\"elementor-element elementor-element-d2582c1 e-con-full e-flex e-con e-child\" data-id=\"d2582c1\" data-element_type=\"container\" data-e-type=\"container\">\n\t\t\t\t<div class=\"elementor-element elementor-element-de07823 elementor-widget elementor-widget-text-editor\" data-id=\"de07823\" data-element_type=\"widget\" data-e-type=\"widget\" data-widget_type=\"text-editor.default\">\n\t\t\t\t\t\t\t\t\t<p><strong>AVISO IMPORTANTE<\/strong><\/p><p>A matr\u00edcula dever\u00e1 ser feita entre os dias <strong>4 a 12 de dezembro DE 2025<\/strong>, no CEPI Jos\u00e9 Honorato e apresentar todos os documentos exigidos no edital.<\/p><p>Endere\u00e7o: R. 59, 176 &#8211; St. Central, Goi\u00e2nia<\/p><p><a href=\"https:\/\/goias.gov.br\/educacao\/wp-content\/uploads\/sites\/40\/2025\/12\/8o-ANO-CADASTRO-RESERVA.pdf\">8\u00ba ANO &#8211; Vagas Remanescentes<\/a><\/p><p><a href=\"https:\/\/goias.gov.br\/educacao\/wp-content\/uploads\/sites\/40\/2025\/12\/9o-ANO-CADASTRO-RESERVA.pdf\">9\u00ba ANO &#8211; Vagas Remanescentes<\/a><\/p><p><a href=\"https:\/\/goias.gov.br\/educacao\/wp-content\/uploads\/sites\/40\/2025\/12\/1a-SERIE-CADASTRO-RESERVA.pdf\">1\u00aa S\u00c9RIE &#8211; Vagas Remanescentes<\/a><\/p><p><a href=\"https:\/\/goias.gov.br\/educacao\/wp-content\/uploads\/sites\/40\/2025\/12\/2a-SERIE-CADASTRO-RESERVA.pdf\">2\u00aa S\u00c9RIE &#8211; Vagas Remanescentes<\/a><\/p><p><a href=\"https:\/\/goias.gov.br\/educacao\/wp-content\/uploads\/sites\/40\/2025\/12\/3a-SERIE-CADASTRO-RESERVA.pdf\">3\u00aa S\u00c9RIE &#8211; Vagas Remanescentes<\/a><\/p>\t\t\t\t\t\t\t\t<\/div>\n\t\t\t\t<\/div>\n\t\t\t\t\t<\/details>\n\t\t\t\t\t<\/div>\n\t\t\t\t\t\t<\/div>\n\t\t\t\t\t<\/div>\n\t\t\t\t<\/div>\n\t\t<div class=\"elementor-element elementor-element-2cf9ac3 e-flex e-con-boxed e-con e-parent\" data-id=\"2cf9ac3\" data-element_type=\"container\" data-e-type=\"container\" data-settings=\"{&quot;background_background&quot;:&quot;gradient&quot;}\">\n\t\t\t\t\t<div class=\"e-con-inner\">\n\t\t\t\t<div class=\"elementor-element elementor-element-fe1dbea elementor-widget elementor-widget-heading\" data-id=\"fe1dbea\" data-element_type=\"widget\" data-e-type=\"widget\" data-widget_type=\"heading.default\">\n\t\t\t\t\t<h2 class=\"elementor-heading-title elementor-size-default\"><a href=\"https:\/\/goias.gov.br\/educa\" target=\"_blank\">Recursos <\/a><\/h2>\t\t\t\t<\/div>\n\t\t\t\t\t<\/div>\n\t\t\t\t<\/div>\n\t\t<div class=\"elementor-element elementor-element-ce2e5e5 e-flex e-con-boxed e-con e-parent\" data-id=\"ce2e5e5\" data-element_type=\"container\" data-e-type=\"container\">\n\t\t\t\t\t<div class=\"e-con-inner\">\n\t\t\t\t<div class=\"elementor-element elementor-element-83b59aa elementor-widget elementor-widget-text-editor\" data-id=\"83b59aa\" data-element_type=\"widget\" data-e-type=\"widget\" data-widget_type=\"text-editor.default\">\n\t\t\t\t\t\t\t\t\t<p>Os pedidos de recurso referentes \u00e0s inscri\u00e7\u00f5es deferidas no processo de sele\u00e7\u00e3o de estudantes do CEPI Bil\u00edngue Lyceu de Goi\u00e2nia, por meio do edital n\u00ba 007\/2025\/GESG\/SEDUC, devem ser encaminhados, exclusivamente, via e-mail, para o endere\u00e7o\u00a0<a href=\"mailto:educacaointegral@seduc.go.gov.br\">educacaointegral@seduc.go.gov.br<\/a>, no prazo estabelecido no cronograma do edital.<\/p><p><a href=\"https:\/\/goias.gov.br\/educacao\/wp-content\/uploads\/sites\/40\/2025\/11\/Resultado-dos-Recursos-analisados-07-11.pdf\">Resultado dos Recursos analisados<\/a><\/p>\t\t\t\t\t\t\t\t<\/div>\n\t\t\t\t\t<\/div>\n\t\t\t\t<\/div>\n\t\t\t\t<\/div>\n\t\t","protected":false},"excerpt":{"rendered":"<p>Processo Seletivo de Matr\u00edcula 2026 \u2013 CEPI Bil\u00edngue Lyceu de Goi\u00e2nia O Centro de Ensino em Per\u00edodo Integral Bil\u00edngue Lyceu de Goi\u00e2nia oferece uma educa\u00e7\u00e3o p\u00fablica, gratuita e de excel\u00eancia, com \u00eanfase no ensino da l\u00edngua francesa e na forma\u00e7\u00e3o integral dos estudantes. 1 Quem pode participar? Estudantes para o 8\u00ba e 9\u00ba anos do [&hellip;]<\/p>\n","protected":false},"author":460,"featured_media":0,"parent":0,"menu_order":0,"comment_status":"closed","ping_status":"closed","template":"","meta":{"footnotes":""},"class_list":["post-538941","page","type-page","status-publish","hentry"],"rttpg_featured_image_url":null,"rttpg_author":{"display_name":"marianamfernandes","author_link":"https:\/\/goias.gov.br\/educacao\/author\/marianamfernandes\/"},"rttpg_comment":0,"rttpg_category":null,"rttpg_excerpt":"Processo Seletivo de Matr\u00edcula 2026 \u2013 CEPI Bil\u00edngue Lyceu de Goi\u00e2nia O Centro de Ensino em Per\u00edodo Integral Bil\u00edngue Lyceu de Goi\u00e2nia oferece uma educa\u00e7\u00e3o p\u00fablica, gratuita e de excel\u00eancia, com \u00eanfase no ensino da l\u00edngua francesa e na forma\u00e7\u00e3o integral dos estudantes. 1 Quem pode participar? Estudantes para o 8\u00ba e 9\u00ba anos do&hellip;","_links":{"self":[{"href":"https:\/\/goias.gov.br\/educacao\/wp-json\/wp\/v2\/pages\/538941","targetHints":{"allow":["GET"]}}],"collection":[{"href":"https:\/\/goias.gov.br\/educacao\/wp-json\/wp\/v2\/pages"}],"about":[{"href":"https:\/\/goias.gov.br\/educacao\/wp-json\/wp\/v2\/types\/page"}],"author":[{"embeddable":true,"href":"https:\/\/goias.gov.br\/educacao\/wp-json\/wp\/v2\/users\/460"}],"replies":[{"embeddable":true,"href":"https:\/\/goias.gov.br\/educacao\/wp-json\/wp\/v2\/comments?post=538941"}],"version-history":[{"count":3,"href":"https:\/\/goias.gov.br\/educacao\/wp-json\/wp\/v2\/pages\/538941\/revisions"}],"predecessor-version":[{"id":667002,"href":"https:\/\/goias.gov.br\/educacao\/wp-json\/wp\/v2\/pages\/538941\/revisions\/667002"}],"wp:attachment":[{"href":"https:\/\/goias.gov.br\/educacao\/wp-json\/wp\/v2\/media?parent=538941"}],"curies":[{"name":"wp","href":"https:\/\/api.w.org\/{rel}","templated":true}]}}