

{"id":48056,"date":"2024-03-14T14:23:19","date_gmt":"2024-03-14T17:23:19","guid":{"rendered":"https:\/\/siteshom.goias.gov.br\/educacao\/?page_id=48056"},"modified":"2026-01-30T13:25:23","modified_gmt":"2026-01-30T16:25:23","slug":"conectividade-movel-publico-alvo","status":"publish","type":"page","link":"https:\/\/goias.gov.br\/educacao\/conectividade-movel-publico-alvo\/","title":{"rendered":"Conectividade M\u00f3vel &#8211; Publico Alvo"},"content":{"rendered":"\t\t<div data-elementor-type=\"wp-page\" data-elementor-id=\"48056\" class=\"elementor elementor-48056\">\n\t\t\t\t<div class=\"elementor-element elementor-element-2ead5f5 e-flex e-con-boxed e-con e-parent\" data-id=\"2ead5f5\" data-element_type=\"container\" data-e-type=\"container\">\n\t\t\t\t\t<div class=\"e-con-inner\">\n\t\t\t\t<div class=\"elementor-element elementor-element-0d3ed6f elementor-widget elementor-widget-image\" data-id=\"0d3ed6f\" data-element_type=\"widget\" data-e-type=\"widget\" data-widget_type=\"image.default\">\n\t\t\t\t\t\t\t\t\t\t\t\t\t\t\t<img decoding=\"async\" src=\"https:\/\/goias.gov.br\/educacao\/wp-content\/uploads\/sites\/40\/2024\/03\/grupo-4036.png\" title=\"\" alt=\"\" loading=\"lazy\" \/>\t\t\t\t\t\t\t\t\t\t\t\t\t\t\t<\/div>\n\t\t\t\t<div class=\"elementor-element elementor-element-1f256e8 elementor-widget elementor-widget-text-editor\" data-id=\"1f256e8\" data-element_type=\"widget\" data-e-type=\"widget\" data-widget_type=\"text-editor.default\">\n\t\t\t\t\t\t\t\t\t<p style=\"text-align: center;\">Est\u00e1 dentro do p\u00fablico do projeto os alunos Ind\u00edgenas, Quilombolas ou que possuem cadastrados atualizado no Cad\u00danico, bem como professores regentes a esses alunos, foi considerado as respostas do formul\u00e1rio de levantamento de interessados enviado para todas as Coordena\u00e7\u00f5es Regionais, Secretarias Municipais de Educa\u00e7\u00e3o e Unidades Escolares em 2023.<\/p>\t\t\t\t\t\t\t\t<\/div>\n\t\t<div class=\"elementor-element elementor-element-0b50ce0 e-con-full e-flex e-con e-child\" data-id=\"0b50ce0\" data-element_type=\"container\" data-e-type=\"container\">\n\t\t\t\t<div class=\"elementor-element elementor-element-62c16ef elementor-widget__width-initial elementor-widget elementor-widget-heading\" data-id=\"62c16ef\" data-element_type=\"widget\" data-e-type=\"widget\" data-widget_type=\"heading.default\">\n\t\t\t\t\t<h4 class=\"elementor-heading-title elementor-size-default\">O p\u00fablico-alvo do projeto (Chips):<\/h4>\t\t\t\t<\/div>\n\t\t\t\t<\/div>\n\t\t\t\t\t<\/div>\n\t\t\t\t<\/div>\n\t\t<div class=\"elementor-element elementor-element-b81d8df e-flex e-con-boxed e-con e-parent\" data-id=\"b81d8df\" data-element_type=\"container\" data-e-type=\"container\">\n\t\t\t\t\t<div class=\"e-con-inner\">\n\t\t<div class=\"elementor-element elementor-element-4b3382c e-con-full e-flex e-con e-child\" data-id=\"4b3382c\" data-element_type=\"container\" data-e-type=\"container\">\n\t\t\t\t<div class=\"elementor-element elementor-element-64b4056 elementor-widget elementor-widget-image\" data-id=\"64b4056\" data-element_type=\"widget\" data-e-type=\"widget\" data-widget_type=\"image.default\">\n\t\t\t\t\t\t\t\t\t\t\t\t\t\t\t<img decoding=\"async\" src=\"https:\/\/goias.gov.br\/educacao\/wp-content\/uploads\/sites\/40\/2024\/03\/imagem-chip.png\" title=\"\" alt=\"\" loading=\"lazy\" \/>\t\t\t\t\t\t\t\t\t\t\t\t\t\t\t<\/div>\n\t\t\t\t<\/div>\n\t\t<div class=\"elementor-element elementor-element-9819870 e-con-full e-flex e-con e-child\" data-id=\"9819870\" data-element_type=\"container\" data-e-type=\"container\">\n\t\t\t\t<div class=\"elementor-element elementor-element-5d361a4 elementor-widget elementor-widget-image\" data-id=\"5d361a4\" data-element_type=\"widget\" data-e-type=\"widget\" data-widget_type=\"image.default\">\n\t\t\t\t\t\t\t\t\t\t\t\t\t\t\t<img decoding=\"async\" src=\"https:\/\/goias.gov.br\/educacao\/wp-content\/uploads\/sites\/40\/2024\/03\/setinha-pequena-1.png\" title=\"\" alt=\"\" loading=\"lazy\" \/>\t\t\t\t\t\t\t\t\t\t\t\t\t\t\t<\/div>\n\t\t\t\t<div class=\"elementor-element elementor-element-45e9b10 elementor-widget elementor-widget-image\" data-id=\"45e9b10\" data-element_type=\"widget\" data-e-type=\"widget\" data-widget_type=\"image.default\">\n\t\t\t\t\t\t\t\t\t\t\t\t\t\t\t<img decoding=\"async\" src=\"https:\/\/goias.gov.br\/educacao\/wp-content\/uploads\/sites\/40\/2024\/03\/setinha-pequena-1.png\" title=\"\" alt=\"\" loading=\"lazy\" \/>\t\t\t\t\t\t\t\t\t\t\t\t\t\t\t<\/div>\n\t\t\t\t<\/div>\n\t\t<div class=\"elementor-element elementor-element-a40a0d8 e-con-full e-flex e-con e-child\" data-id=\"a40a0d8\" data-element_type=\"container\" data-e-type=\"container\">\n\t\t\t\t<div class=\"elementor-element elementor-element-03ffc15 elementor-widget elementor-widget-text-editor\" data-id=\"03ffc15\" data-element_type=\"widget\" data-e-type=\"widget\" data-widget_type=\"text-editor.default\">\n\t\t\t\t\t\t\t\t\t<p style=\"text-align: center;\">Alunos com CPF v\u00e1lido, cursando o 3\u00ba ano do ensino fundamental \u00e0 3\u00aa s\u00e9rie do ensino m\u00e9dio estadual ou municipal;<\/p><p style=\"text-align: center;\">Professores com CPF v\u00e1lido, que lecionem para os respectivos alunos do 3\u00ba ano do ensino fundamental \u00e0 3\u00aa s\u00e9rie do ensino m\u00e9dio.<\/p>\t\t\t\t\t\t\t\t<\/div>\n\t\t\t\t<\/div>\n\t\t\t\t\t<\/div>\n\t\t\t\t<\/div>\n\t\t<div class=\"elementor-element elementor-element-e52c6d4 e-flex e-con-boxed e-con e-parent\" data-id=\"e52c6d4\" data-element_type=\"container\" data-e-type=\"container\">\n\t\t\t\t\t<div class=\"e-con-inner\">\n\t\t\t\t<div class=\"elementor-element elementor-element-1f4b9a7 elementor-widget__width-initial elementor-widget elementor-widget-heading\" data-id=\"1f4b9a7\" data-element_type=\"widget\" data-e-type=\"widget\" data-widget_type=\"heading.default\">\n\t\t\t\t\t<h4 class=\"elementor-heading-title elementor-size-default\">O p\u00fablico-alvo do projeto (Chips):<\/h4>\t\t\t\t<\/div>\n\t\t\t\t\t<\/div>\n\t\t\t\t<\/div>\n\t\t<div class=\"elementor-element elementor-element-a739bf8 e-flex e-con-boxed e-con e-parent\" data-id=\"a739bf8\" data-element_type=\"container\" data-e-type=\"container\">\n\t\t\t\t\t<div class=\"e-con-inner\">\n\t\t<div class=\"elementor-element elementor-element-8b0b496 e-con-full e-flex e-con e-child\" data-id=\"8b0b496\" data-element_type=\"container\" data-e-type=\"container\">\n\t\t\t\t<div class=\"elementor-element elementor-element-896c60c elementor-widget elementor-widget-image\" data-id=\"896c60c\" data-element_type=\"widget\" data-e-type=\"widget\" data-widget_type=\"image.default\">\n\t\t\t\t\t\t\t\t\t\t\t\t\t\t\t<img decoding=\"async\" src=\"https:\/\/goias.gov.br\/educacao\/wp-content\/uploads\/sites\/40\/2024\/03\/setinha-pequena-1.png\" title=\"\" alt=\"\" loading=\"lazy\" \/>\t\t\t\t\t\t\t\t\t\t\t\t\t\t\t<\/div>\n\t\t\t\t<div class=\"elementor-element elementor-element-6c0a556 elementor-widget elementor-widget-image\" data-id=\"6c0a556\" data-element_type=\"widget\" data-e-type=\"widget\" data-widget_type=\"image.default\">\n\t\t\t\t\t\t\t\t\t\t\t\t\t\t\t<img decoding=\"async\" src=\"https:\/\/goias.gov.br\/educacao\/wp-content\/uploads\/sites\/40\/2024\/03\/setinha-pequena-1.png\" title=\"\" alt=\"\" loading=\"lazy\" \/>\t\t\t\t\t\t\t\t\t\t\t\t\t\t\t<\/div>\n\t\t\t\t<\/div>\n\t\t<div class=\"elementor-element elementor-element-a15bf68 e-con-full e-flex e-con e-child\" data-id=\"a15bf68\" data-element_type=\"container\" data-e-type=\"container\">\n\t\t\t\t<div class=\"elementor-element elementor-element-89b5c2a elementor-widget elementor-widget-text-editor\" data-id=\"89b5c2a\" data-element_type=\"widget\" data-e-type=\"widget\" data-widget_type=\"text-editor.default\">\n\t\t\t\t\t\t\t\t\t<p>Alunos com CPF v\u00e1lido, cursando o 3\u00ba ano do ensino fundamental \u00e0 3\u00aa s\u00e9rie do ensino m\u00e9dio da rede estadual ou municipal;<\/p><p>\u00a0<\/p><p>Professores com CPF v\u00e1lido, que lecionam para os respactivos alunos do 3\u00ba ano do ensino fundamental \u00e0 3\u00aa s\u00e9rie do ensino m\u00e9dio da rede municipal.<\/p>\t\t\t\t\t\t\t\t<\/div>\n\t\t\t\t<\/div>\n\t\t<div class=\"elementor-element elementor-element-8a1c272 e-con-full e-flex e-con e-child\" data-id=\"8a1c272\" data-element_type=\"container\" data-e-type=\"container\">\n\t\t\t\t<div class=\"elementor-element elementor-element-9dcaeb3 elementor-widget elementor-widget-image\" data-id=\"9dcaeb3\" data-element_type=\"widget\" data-e-type=\"widget\" data-widget_type=\"image.default\">\n\t\t\t\t\t\t\t\t\t\t\t\t\t\t\t<img decoding=\"async\" src=\"https:\/\/goias.gov.br\/educacao\/wp-content\/uploads\/sites\/40\/2024\/03\/imagem-tablet.png\" title=\"\" alt=\"\" loading=\"lazy\" \/>\t\t\t\t\t\t\t\t\t\t\t\t\t\t\t<\/div>\n\t\t\t\t<\/div>\n\t\t\t\t\t<\/div>\n\t\t\t\t<\/div>\n\t\t<div class=\"elementor-element elementor-element-e473cd4 e-flex e-con-boxed e-con e-parent\" data-id=\"e473cd4\" data-element_type=\"container\" data-e-type=\"container\">\n\t\t\t\t\t<div class=\"e-con-inner\">\n\t\t\t\t<div class=\"elementor-element elementor-element-b441ab7 elementor-widget elementor-widget-image\" data-id=\"b441ab7\" data-element_type=\"widget\" data-e-type=\"widget\" data-widget_type=\"image.default\">\n\t\t\t\t\t\t\t\t\t\t\t\t\t\t\t<img decoding=\"async\" src=\"https:\/\/goias.gov.br\/educacao\/wp-content\/uploads\/sites\/40\/2024\/03\/titulo-2024.png\" title=\"\" alt=\"\" loading=\"lazy\" \/>\t\t\t\t\t\t\t\t\t\t\t\t\t\t\t<\/div>\n\t\t\t\t<div class=\"elementor-element elementor-element-0c90be7 elementor-widget elementor-widget-heading\" data-id=\"0c90be7\" data-element_type=\"widget\" data-e-type=\"widget\" data-widget_type=\"heading.default\">\n\t\t\t\t\t<h4 class=\"elementor-heading-title elementor-size-default\">Para ser selecionado e receber o CHIP, \u00e9 necess\u00e1rio preencher os seguintes crit\u00e9rios:<\/h4>\t\t\t\t<\/div>\n\t\t\t\t\t<\/div>\n\t\t\t\t<\/div>\n\t\t<div class=\"elementor-element elementor-element-1dfa21b e-flex e-con-boxed e-con e-parent\" data-id=\"1dfa21b\" data-element_type=\"container\" data-e-type=\"container\">\n\t\t\t\t\t<div class=\"e-con-inner\">\n\t\t<div class=\"elementor-element elementor-element-39553c8 e-con-full e-flex e-con e-child\" data-id=\"39553c8\" data-element_type=\"container\" data-e-type=\"container\">\n\t\t\t\t<div class=\"elementor-element elementor-element-0814d54 elementor-widget elementor-widget-image\" data-id=\"0814d54\" data-element_type=\"widget\" data-e-type=\"widget\" data-widget_type=\"image.default\">\n\t\t\t\t\t\t\t\t\t\t\t\t\t\t\t<img decoding=\"async\" src=\"https:\/\/goias.gov.br\/educacao\/wp-content\/uploads\/sites\/40\/2024\/03\/imagem-prancheta.png\" title=\"\" alt=\"\" loading=\"lazy\" \/>\t\t\t\t\t\t\t\t\t\t\t\t\t\t\t<\/div>\n\t\t\t\t<\/div>\n\t\t<div class=\"elementor-element elementor-element-0b64aba e-con-full e-flex e-con e-child\" data-id=\"0b64aba\" data-element_type=\"container\" data-e-type=\"container\">\n\t\t\t\t<div class=\"elementor-element elementor-element-1391f9e elementor-widget elementor-widget-image\" data-id=\"1391f9e\" data-element_type=\"widget\" data-e-type=\"widget\" data-widget_type=\"image.default\">\n\t\t\t\t\t\t\t\t\t\t\t\t\t\t\t<img decoding=\"async\" src=\"https:\/\/goias.gov.br\/educacao\/wp-content\/uploads\/sites\/40\/2024\/03\/setinha-pequena-1.png\" title=\"\" alt=\"\" loading=\"lazy\" \/>\t\t\t\t\t\t\t\t\t\t\t\t\t\t\t<\/div>\n\t\t\t\t<div class=\"elementor-element elementor-element-b0883b3 elementor-widget elementor-widget-image\" data-id=\"b0883b3\" data-element_type=\"widget\" data-e-type=\"widget\" data-widget_type=\"image.default\">\n\t\t\t\t\t\t\t\t\t\t\t\t\t\t\t<img decoding=\"async\" src=\"https:\/\/goias.gov.br\/educacao\/wp-content\/uploads\/sites\/40\/2024\/03\/setinha-pequena-1.png\" title=\"\" alt=\"\" loading=\"lazy\" \/>\t\t\t\t\t\t\t\t\t\t\t\t\t\t\t<\/div>\n\t\t\t\t<div class=\"elementor-element elementor-element-b48c049 elementor-widget elementor-widget-image\" data-id=\"b48c049\" data-element_type=\"widget\" data-e-type=\"widget\" data-widget_type=\"image.default\">\n\t\t\t\t\t\t\t\t\t\t\t\t\t\t\t<img decoding=\"async\" src=\"https:\/\/goias.gov.br\/educacao\/wp-content\/uploads\/sites\/40\/2024\/03\/setinha-pequena-1.png\" title=\"\" alt=\"\" loading=\"lazy\" \/>\t\t\t\t\t\t\t\t\t\t\t\t\t\t\t<\/div>\n\t\t\t\t<\/div>\n\t\t<div class=\"elementor-element elementor-element-170512a e-con-full e-flex e-con e-child\" data-id=\"170512a\" data-element_type=\"container\" data-e-type=\"container\">\n\t\t\t\t<div class=\"elementor-element elementor-element-21b3518 elementor-widget elementor-widget-text-editor\" data-id=\"21b3518\" data-element_type=\"widget\" data-e-type=\"widget\" data-widget_type=\"text-editor.default\">\n\t\t\t\t\t\t\t\t\t<p>Possuir inscri\u00e7\u00f5es atualizadas no Cad\u00danico ou ser Ind\u00edgena ou Quilombola.<\/p><p>\u00a0<\/p><p>Estar cursando o 3\u00ba ano do ensino fundamental \u00e0 3\u00aa s\u00e9rie do ensino m\u00e9dio da rede estadual ou municipal;<\/p><p>\u00a0<\/p><p>Ter o documento Cadastrado pessoa F\u00edsica &#8211; CPF.<\/p>\t\t\t\t\t\t\t\t<\/div>\n\t\t\t\t<\/div>\n\t\t\t\t\t<\/div>\n\t\t\t\t<\/div>\n\t\t<div class=\"elementor-element elementor-element-d69ddc1 e-flex e-con-boxed e-con e-parent\" data-id=\"d69ddc1\" data-element_type=\"container\" data-e-type=\"container\">\n\t\t\t\t\t<div class=\"e-con-inner\">\n\t\t\t\t<div class=\"elementor-element elementor-element-a5452b9 elementor-widget elementor-widget-image\" data-id=\"a5452b9\" data-element_type=\"widget\" data-e-type=\"widget\" data-widget_type=\"image.default\">\n\t\t\t\t\t\t\t\t\t\t\t\t\t\t\t<img decoding=\"async\" src=\"https:\/\/goias.gov.br\/educacao\/wp-content\/uploads\/sites\/40\/2024\/03\/titulo-2023.png\" title=\"\" alt=\"\" loading=\"lazy\" \/>\t\t\t\t\t\t\t\t\t\t\t\t\t\t\t<\/div>\n\t\t\t\t<div class=\"elementor-element elementor-element-957c328 elementor-widget__width-inherit elementor-widget elementor-widget-heading\" data-id=\"957c328\" data-element_type=\"widget\" data-e-type=\"widget\" data-widget_type=\"heading.default\">\n\t\t\t\t\t<h4 class=\"elementor-heading-title elementor-size-default\">Para ser selecionado e receber o CHIP, \u00e9 necess\u00e1rio preencher os seguintes crit\u00e9rios:<\/h4>\t\t\t\t<\/div>\n\t\t\t\t\t<\/div>\n\t\t\t\t<\/div>\n\t\t<div class=\"elementor-element elementor-element-2dbda5f e-flex e-con-boxed e-con e-parent\" data-id=\"2dbda5f\" data-element_type=\"container\" data-e-type=\"container\">\n\t\t\t\t\t<div class=\"e-con-inner\">\n\t\t<div class=\"elementor-element elementor-element-098613b e-con-full e-flex e-con e-child\" data-id=\"098613b\" data-element_type=\"container\" data-e-type=\"container\">\n\t\t\t\t<div class=\"elementor-element elementor-element-8592034 elementor-widget elementor-widget-image\" data-id=\"8592034\" data-element_type=\"widget\" data-e-type=\"widget\" data-widget_type=\"image.default\">\n\t\t\t\t\t\t\t\t\t\t\t\t\t\t\t<img decoding=\"async\" src=\"https:\/\/goias.gov.br\/educacao\/wp-content\/uploads\/sites\/40\/2024\/03\/setinha-pequena-1.png\" title=\"\" alt=\"\" loading=\"lazy\" \/>\t\t\t\t\t\t\t\t\t\t\t\t\t\t\t<\/div>\n\t\t\t\t<div class=\"elementor-element elementor-element-699ca3d elementor-widget elementor-widget-image\" data-id=\"699ca3d\" data-element_type=\"widget\" data-e-type=\"widget\" data-widget_type=\"image.default\">\n\t\t\t\t\t\t\t\t\t\t\t\t\t\t\t<img decoding=\"async\" src=\"https:\/\/goias.gov.br\/educacao\/wp-content\/uploads\/sites\/40\/2024\/03\/setinha-pequena-1.png\" title=\"\" alt=\"\" loading=\"lazy\" \/>\t\t\t\t\t\t\t\t\t\t\t\t\t\t\t<\/div>\n\t\t\t\t<div class=\"elementor-element elementor-element-e1a41c0 elementor-widget elementor-widget-image\" data-id=\"e1a41c0\" data-element_type=\"widget\" data-e-type=\"widget\" data-widget_type=\"image.default\">\n\t\t\t\t\t\t\t\t\t\t\t\t\t\t\t<img decoding=\"async\" src=\"https:\/\/goias.gov.br\/educacao\/wp-content\/uploads\/sites\/40\/2024\/03\/setinha-pequena-1.png\" title=\"\" alt=\"\" loading=\"lazy\" \/>\t\t\t\t\t\t\t\t\t\t\t\t\t\t\t<\/div>\n\t\t\t\t<div class=\"elementor-element elementor-element-33a7eb8 elementor-widget elementor-widget-image\" data-id=\"33a7eb8\" data-element_type=\"widget\" data-e-type=\"widget\" data-widget_type=\"image.default\">\n\t\t\t\t\t\t\t\t\t\t\t\t\t\t\t<img decoding=\"async\" src=\"https:\/\/goias.gov.br\/educacao\/wp-content\/uploads\/sites\/40\/2024\/03\/setinha-pequena-1.png\" title=\"\" alt=\"\" loading=\"lazy\" \/>\t\t\t\t\t\t\t\t\t\t\t\t\t\t\t<\/div>\n\t\t\t\t<\/div>\n\t\t<div class=\"elementor-element elementor-element-fea80a5 e-con-full e-flex e-con e-child\" data-id=\"fea80a5\" data-element_type=\"container\" data-e-type=\"container\">\n\t\t\t\t<div class=\"elementor-element elementor-element-d8ca83e elementor-widget elementor-widget-text-editor\" data-id=\"d8ca83e\" data-element_type=\"widget\" data-e-type=\"widget\" data-widget_type=\"text-editor.default\">\n\t\t\t\t\t\t\t\t\t<div class=\"sppb-col-md-8\"><div id=\"column-id-1705930319981\" class=\"sppb-column\"><div class=\"sppb-column-addons\"><div id=\"sppb-addon-1705930320008\" class=\"clearfix\"><div class=\"sppb-addon sppb-addon-text-block 0 \"><div><p style=\"text-align: center;\">Possuir inscri\u00e7\u00e3o atualizada no Cad\u00danico ou ser Ind\u00edgena ou Quilombola;<br \/><br \/><br \/><\/p><p style=\"text-align: center;\">Estar cursando o 3\u00ba ano do ensino fundamental \u00e0 3\u00aa s\u00e9rie do ensino m\u00e9dio rede estadual ou municipal;<br \/><br \/><\/p><p style=\"text-align: center;\">Ter respondido o formul\u00e1rio de levantamento de interessados contendo a informa\u00e7\u00e3o do CPF v\u00e1lido do pr\u00f3prio aluno, caso professor seu CPF v\u00e1lido, o c\u00f3digo INEP v\u00e1lido da Escola, interesse no projeto e que\u00a0tem aparelho de conectividade;<br \/><br \/><\/p><p style=\"text-align: center;\">Professores que lecionam para os respectivos alunos do 3\u00ba ano do ensino fundamental \u00e0 3\u00aa s\u00e9rie do ensino m\u00e9dio.<\/p><\/div><\/div><\/div><\/div><\/div><\/div>\t\t\t\t\t\t\t\t<\/div>\n\t\t\t\t<\/div>\n\t\t<div class=\"elementor-element elementor-element-b20ac27 e-con-full e-flex e-con e-child\" data-id=\"b20ac27\" data-element_type=\"container\" data-e-type=\"container\">\n\t\t\t\t<div class=\"elementor-element elementor-element-15baa88 elementor-widget elementor-widget-image\" data-id=\"15baa88\" data-element_type=\"widget\" data-e-type=\"widget\" data-widget_type=\"image.default\">\n\t\t\t\t\t\t\t\t\t\t\t\t\t\t\t<img decoding=\"async\" src=\"https:\/\/goias.gov.br\/educacao\/wp-content\/uploads\/sites\/40\/2024\/03\/imagem-maos-anotando.png\" title=\"\" alt=\"\" loading=\"lazy\" \/>\t\t\t\t\t\t\t\t\t\t\t\t\t\t\t<\/div>\n\t\t\t\t<\/div>\n\t\t\t\t\t<\/div>\n\t\t\t\t<\/div>\n\t\t<div class=\"elementor-element elementor-element-c9c7748 e-flex e-con-boxed e-con e-parent\" data-id=\"c9c7748\" data-element_type=\"container\" data-e-type=\"container\">\n\t\t\t\t\t<div class=\"e-con-inner\">\n\t\t\t\t<div class=\"elementor-element elementor-element-0bc4c4b elementor-widget__width-inherit elementor-widget elementor-widget-heading\" data-id=\"0bc4c4b\" data-element_type=\"widget\" data-e-type=\"widget\" data-widget_type=\"heading.default\">\n\t\t\t\t\t<h4 class=\"elementor-heading-title elementor-size-default\">Para ser selecionado e receber o Tablets, \u00e9 necess\u00e1rio preencher os seguintes crit\u00e9rios:<\/h4>\t\t\t\t<\/div>\n\t\t\t\t\t<\/div>\n\t\t\t\t<\/div>\n\t\t<div class=\"elementor-element elementor-element-e476d0c e-flex e-con-boxed e-con e-parent\" data-id=\"e476d0c\" data-element_type=\"container\" data-e-type=\"container\">\n\t\t\t\t\t<div class=\"e-con-inner\">\n\t\t<div class=\"elementor-element elementor-element-9e699be e-con-full e-flex e-con e-child\" data-id=\"9e699be\" data-element_type=\"container\" data-e-type=\"container\">\n\t\t\t\t<div class=\"elementor-element elementor-element-d45caa5 elementor-widget elementor-widget-image\" data-id=\"d45caa5\" data-element_type=\"widget\" data-e-type=\"widget\" data-widget_type=\"image.default\">\n\t\t\t\t\t\t\t\t\t\t\t\t\t\t\t<img decoding=\"async\" src=\"https:\/\/goias.gov.br\/educacao\/wp-content\/uploads\/sites\/40\/2024\/03\/setinha-pequena-1.png\" title=\"\" alt=\"\" loading=\"lazy\" \/>\t\t\t\t\t\t\t\t\t\t\t\t\t\t\t<\/div>\n\t\t\t\t<div class=\"elementor-element elementor-element-c5de48d elementor-widget elementor-widget-image\" data-id=\"c5de48d\" data-element_type=\"widget\" data-e-type=\"widget\" data-widget_type=\"image.default\">\n\t\t\t\t\t\t\t\t\t\t\t\t\t\t\t<img decoding=\"async\" src=\"https:\/\/goias.gov.br\/educacao\/wp-content\/uploads\/sites\/40\/2024\/03\/setinha-pequena-1.png\" title=\"\" alt=\"\" loading=\"lazy\" \/>\t\t\t\t\t\t\t\t\t\t\t\t\t\t\t<\/div>\n\t\t\t\t<div class=\"elementor-element elementor-element-ac7cbd7 elementor-widget elementor-widget-image\" data-id=\"ac7cbd7\" data-element_type=\"widget\" data-e-type=\"widget\" data-widget_type=\"image.default\">\n\t\t\t\t\t\t\t\t\t\t\t\t\t\t\t<img decoding=\"async\" src=\"https:\/\/goias.gov.br\/educacao\/wp-content\/uploads\/sites\/40\/2024\/03\/setinha-pequena-1.png\" title=\"\" alt=\"\" loading=\"lazy\" \/>\t\t\t\t\t\t\t\t\t\t\t\t\t\t\t<\/div>\n\t\t\t\t<div class=\"elementor-element elementor-element-2b5944a elementor-widget elementor-widget-image\" data-id=\"2b5944a\" data-element_type=\"widget\" data-e-type=\"widget\" data-widget_type=\"image.default\">\n\t\t\t\t\t\t\t\t\t\t\t\t\t\t\t<img decoding=\"async\" src=\"https:\/\/goias.gov.br\/educacao\/wp-content\/uploads\/sites\/40\/2024\/03\/setinha-pequena-1.png\" title=\"\" alt=\"\" loading=\"lazy\" \/>\t\t\t\t\t\t\t\t\t\t\t\t\t\t\t<\/div>\n\t\t\t\t<div class=\"elementor-element elementor-element-6cf6dfd elementor-widget elementor-widget-image\" data-id=\"6cf6dfd\" data-element_type=\"widget\" data-e-type=\"widget\" data-widget_type=\"image.default\">\n\t\t\t\t\t\t\t\t\t\t\t\t\t\t\t<img decoding=\"async\" src=\"https:\/\/goias.gov.br\/educacao\/wp-content\/uploads\/sites\/40\/2024\/03\/setinha-pequena-1.png\" title=\"\" alt=\"\" loading=\"lazy\" \/>\t\t\t\t\t\t\t\t\t\t\t\t\t\t\t<\/div>\n\t\t\t\t<\/div>\n\t\t<div class=\"elementor-element elementor-element-07e3206 e-con-full e-flex e-con e-child\" data-id=\"07e3206\" data-element_type=\"container\" data-e-type=\"container\">\n\t\t\t\t<div class=\"elementor-element elementor-element-0980a72 elementor-widget elementor-widget-text-editor\" data-id=\"0980a72\" data-element_type=\"widget\" data-e-type=\"widget\" data-widget_type=\"text-editor.default\">\n\t\t\t\t\t\t\t\t\t<div class=\"sppb-col-md-8\"><div id=\"column-id-1705930319981\" class=\"sppb-column\"><div class=\"sppb-column-addons\"><div id=\"sppb-addon-1705930320008\" class=\"clearfix\"><div class=\"sppb-addon sppb-addon-text-block 0 \"><div><p>Possuir inscri\u00e7\u00f5es atualizada no Cad\u00danico ou ser Ind\u00edgena ou Quilombola;<\/p><p>\u00a0<\/p><p>Estar cursando o 3\u00ba ano do ensino fundamental \u00e0 3\u00aa s\u00e9rie do ensino m\u00e9dio da rede estadual ou municipal;<\/p><p>\u00a0<\/p><p>Ter respondido o formul\u00e1rio de levantamento de interessados contendo a informa\u00e7\u00f5es do CPF v\u00e1lido do pr\u00f3prio aluno, caso professor seu CPF v\u00e1lido o c\u00f3digo INEP v\u00e1lido da escola, interesse no projeto e que n\u00e3o possui aparelho de conectividade;<\/p><p>\u00a0<\/p><p>Foi priorizado os alunos com o cadastro mais atualizados e de menor renda na faixa 1 e 2 do Cad\u00danico;<\/p><p>\u00a0<\/p><p>Professores com maior carga hor\u00e1ria e de mun\u00edcipos que responderam primeiro ao formul\u00e1rio e que lecionam para os respectivos alunos 3\u00ba ano de ensino fundamental \u00e0 3\u00aa s\u00e9rie do ensino m\u00e9dio.<\/p><\/div><\/div><\/div><\/div><\/div><\/div>\t\t\t\t\t\t\t\t<\/div>\n\t\t\t\t<\/div>\n\t\t\t\t\t<\/div>\n\t\t\t\t<\/div>\n\t\t\t\t<\/div>\n\t\t","protected":false},"excerpt":{"rendered":"<p>Est\u00e1 dentro do p\u00fablico do projeto os alunos Ind\u00edgenas, Quilombolas ou que possuem cadastrados atualizado no Cad\u00danico, bem como professores regentes a esses alunos, foi considerado as respostas do formul\u00e1rio de levantamento de interessados enviado para todas as Coordena\u00e7\u00f5es Regionais, Secretarias Municipais de Educa\u00e7\u00e3o e Unidades Escolares em 2023. O p\u00fablico-alvo do projeto (Chips): Alunos [&hellip;]<\/p>\n","protected":false},"author":222,"featured_media":0,"parent":0,"menu_order":0,"comment_status":"closed","ping_status":"closed","template":"wppb_theme_template","meta":{"footnotes":""},"class_list":["post-48056","page","type-page","status-publish","hentry"],"rttpg_featured_image_url":null,"rttpg_author":{"display_name":"diegomsilva","author_link":"https:\/\/goias.gov.br\/educacao\/author\/diegomsilva\/"},"rttpg_comment":0,"rttpg_category":null,"rttpg_excerpt":"Est\u00e1 dentro do p\u00fablico do projeto os alunos Ind\u00edgenas, Quilombolas ou que possuem cadastrados atualizado no Cad\u00danico, bem como professores regentes a esses alunos, foi considerado as respostas do formul\u00e1rio de levantamento de interessados enviado para todas as Coordena\u00e7\u00f5es Regionais, Secretarias Municipais de Educa\u00e7\u00e3o e Unidades Escolares em 2023. O p\u00fablico-alvo do projeto (Chips): Alunos&hellip;","_links":{"self":[{"href":"https:\/\/goias.gov.br\/educacao\/wp-json\/wp\/v2\/pages\/48056","targetHints":{"allow":["GET"]}}],"collection":[{"href":"https:\/\/goias.gov.br\/educacao\/wp-json\/wp\/v2\/pages"}],"about":[{"href":"https:\/\/goias.gov.br\/educacao\/wp-json\/wp\/v2\/types\/page"}],"author":[{"embeddable":true,"href":"https:\/\/goias.gov.br\/educacao\/wp-json\/wp\/v2\/users\/222"}],"replies":[{"embeddable":true,"href":"https:\/\/goias.gov.br\/educacao\/wp-json\/wp\/v2\/comments?post=48056"}],"version-history":[{"count":3,"href":"https:\/\/goias.gov.br\/educacao\/wp-json\/wp\/v2\/pages\/48056\/revisions"}],"predecessor-version":[{"id":678270,"href":"https:\/\/goias.gov.br\/educacao\/wp-json\/wp\/v2\/pages\/48056\/revisions\/678270"}],"wp:attachment":[{"href":"https:\/\/goias.gov.br\/educacao\/wp-json\/wp\/v2\/media?parent=48056"}],"curies":[{"name":"wp","href":"https:\/\/api.w.org\/{rel}","templated":true}]}}