

{"id":48032,"date":"2024-03-14T09:37:04","date_gmt":"2024-03-14T12:37:04","guid":{"rendered":"https:\/\/siteshom.goias.gov.br\/educacao\/?page_id=48032"},"modified":"2026-01-30T08:35:04","modified_gmt":"2026-01-30T11:35:04","slug":"enem","status":"publish","type":"page","link":"https:\/\/goias.gov.br\/educacao\/enem\/","title":{"rendered":"Enem"},"content":{"rendered":"\t\t<div data-elementor-type=\"wp-page\" data-elementor-id=\"48032\" class=\"elementor elementor-48032\">\n\t\t\t\t<div class=\"elementor-element elementor-element-8f70e87 e-flex e-con-boxed e-con e-parent\" data-id=\"8f70e87\" data-element_type=\"container\" data-e-type=\"container\">\n\t\t\t\t\t<div class=\"e-con-inner\">\n\t\t\t\t<div class=\"elementor-element elementor-element-ef43ab4 elementor-widget elementor-widget-image\" data-id=\"ef43ab4\" data-element_type=\"widget\" data-e-type=\"widget\" data-widget_type=\"image.default\">\n\t\t\t\t\t\t\t\t\t\t\t\t\t\t\t<img decoding=\"async\" src=\"https:\/\/goias.gov.br\/educacao\/wp-content\/uploads\/sites\/40\/2024\/09\/Programa-Reformar-1150-%C3%97-200-px-9.png\" title=\"\" alt=\"\" loading=\"lazy\" \/>\t\t\t\t\t\t\t\t\t\t\t\t\t\t\t<\/div>\n\t\t\t\t<div class=\"elementor-element elementor-element-9fadeb8 elementor-widget elementor-widget-text-editor\" data-id=\"9fadeb8\" data-element_type=\"widget\" data-e-type=\"widget\" data-widget_type=\"text-editor.default\">\n\t\t\t\t\t\t\t\t\t<p>As informa\u00e7\u00f5es sobre o Exame Nacional do Ensino M\u00e9dio (Enem) 2023 foram divulgadas pelo Instituto Nacional de Estudos e Pesquisas Educacionais An\u00edsio Teixeira (Inep) e os interessados em participar da avalia\u00e7\u00e3o do MEC j\u00e1 podem se programar.<\/p><p>As inscri\u00e7\u00f5es para o Exame ter\u00e3o in\u00edcio no m\u00eas de junho e as provas ser\u00e3o aplicadas no m\u00eas de novembro. Confira, abaixo, as informa\u00e7\u00f5es sobre cada etapa do exame!<\/p><h2>O Enem<\/h2><p>O Enem \u00e9 uma prova do Governo Federal que avalia o desempenho individual dos estudantes de Ensino M\u00e9dio. Por meio do exame, concluintes desta etapa de ensino ou participantes que j\u00e1 t\u00eam diploma de n\u00edvel m\u00e9dio podem chegar \u00e0s universidades por meio do\u00a0<a href=\"https:\/\/acessounico.mec.gov.br\/sisu\">Sisu<\/a>\u00a0e do\u00a0<a href=\"https:\/\/acessounico.mec.gov.br\/prouni\">ProUni<\/a>\u00a0ou solicitar financiamento estudantil por meio do\u00a0<a href=\"https:\/\/acessounico.mec.gov.br\/fies\">Fies<\/a>.<\/p><p><a href=\"https:\/\/www.gov.br\/inep\/pt-br\/centrais-de-conteudo\/legislacao\/enem\">Acesse aqui o edital do exame<\/a>\u00a0<\/p><h2>Inscri\u00e7\u00f5es<\/h2><p>No in\u00edcio do m\u00eas de mar\u00e7o, o Inep anunciou a altera\u00e7\u00e3o do per\u00edodo de inscri\u00e7\u00e3o no Enem 2023. As inscri\u00e7\u00f5es, que inicialmente seriam feitas no m\u00eas de maio, poder\u00e3o ser feitas a partir do dia 05 de junho, no portal\u00a0<a href=\"https:\/\/enem.inep.gov.br\/participante\/#!\/\">&lt;enem.inep.gov.br\/participante&gt;<\/a>.<\/p><p>O prazo para que os interessados realizem a inscri\u00e7\u00e3o termina no dia 16 de junho.<\/p><h2>Isen\u00e7\u00e3o da taxa<\/h2><p>Estudantes da rede p\u00fablica que est\u00e3o na \u00faltima s\u00e9rie do Ensino M\u00e9dio e pessoas que conclu\u00edram o Ensino M\u00e9dio em escola p\u00fablica ou que foram bolsistas em escola da rede privada podem solicitar a isen\u00e7\u00e3o da taxa de inscri\u00e7\u00e3o do exame.<\/p><p>Para solicitar a isen\u00e7\u00e3o, o participante deve acessar o site\u00a0<a href=\"https:\/\/enem.inep.gov.br\/participante\/#!\/\">&lt;enem.inep.gov.br\/participante&gt;<\/a>\u00a0entre os dias 17 e 28 de abril, preencher as informa\u00e7\u00f5es solicitadas e criar uma senha de acesso para a P\u00e1gina do Participante. O resultado da solicita\u00e7\u00e3o poder\u00e1 ser consultado a partir do dia 8 de maio.<\/p><p>Neste mesmo prazo, participantes que obtiveram a isen\u00e7\u00e3o em 2022 e n\u00e3o compareceram nas provas dever\u00e3o justificar a aus\u00eancia. Para a justificativa de aus\u00eancia no Enem 2022 o participante dever\u00e1 enviar documentos que comprovem a situa\u00e7\u00e3o que motivou o n\u00e3o comparecimento, como, por exemplo, boletim de ocorr\u00eancia policial ou atestado m\u00e9dico.<\/p><p>A aprova\u00e7\u00e3o da isen\u00e7\u00e3o ou da justificativa de aus\u00eancia n\u00e3o garante a efetiva\u00e7\u00e3o da inscri\u00e7\u00e3o no Enem 2023. Assim sendo, os candidatos que tiverem a isen\u00e7\u00e3o ou justificativa aprovada tamb\u00e9m dever\u00e3o acessar o portal\u00a0<a href=\"https:\/\/enem.inep.gov.br\/participante\/#!\/\">&lt;enem.inep.gov.br\/participante&gt;<\/a>\u00a0a partir do dia 5 de junho e realizar a inscri\u00e7\u00e3o no Exame.<\/p><h2>Provas<\/h2><p>As provas de ambas as vers\u00f5es do Enem \u2013 Digital e Impressa \u2013 ser\u00e3o aplicadas nos dias 05 e 12 de novembro.<br \/>O gabarito oficial das provas ser\u00e1 divulgado no dia 24 de novembro. J\u00e1 os resultados est\u00e3o previstos para o dia 16 de janeiro de 2024.<\/p><h2><strong>Anote as datas:<\/strong><\/h2><table border=\"1\" cellspacing=\"1\" cellpadding=\"1\"><tbody><tr><td>&#8211; Justificativa de aus\u00eancia e\/ou solicita\u00e7\u00e3o de isen\u00e7\u00e3o:<\/td><td>17 a 28 de abril<\/td><\/tr><tr><td>&#8211; Inscri\u00e7\u00f5es Enem 2023:<\/td><td>05 a 16 de junho<\/td><\/tr><tr><td>&#8211; Aplica\u00e7\u00e3o das provas:<\/td><td>05 e 12 de novembro<\/td><\/tr><tr><td>&#8211; Divulga\u00e7\u00e3o do resultado:<\/td><td>16 de janeiro de 2024<\/td><\/tr><\/tbody><\/table>\t\t\t\t\t\t\t\t<\/div>\n\t\t\t\t\t<\/div>\n\t\t\t\t<\/div>\n\t\t\t\t<\/div>\n\t\t","protected":false},"excerpt":{"rendered":"<p>As informa\u00e7\u00f5es sobre o Exame Nacional do Ensino M\u00e9dio (Enem) 2023 foram divulgadas pelo Instituto Nacional de Estudos e Pesquisas Educacionais An\u00edsio Teixeira (Inep) e os interessados em participar da avalia\u00e7\u00e3o do MEC j\u00e1 podem se programar. As inscri\u00e7\u00f5es para o Exame ter\u00e3o in\u00edcio no m\u00eas de junho e as provas ser\u00e3o aplicadas no m\u00eas [&hellip;]<\/p>\n","protected":false},"author":222,"featured_media":0,"parent":0,"menu_order":0,"comment_status":"closed","ping_status":"closed","template":"wppb_theme_template","meta":{"footnotes":""},"class_list":["post-48032","page","type-page","status-publish","hentry"],"rttpg_featured_image_url":null,"rttpg_author":{"display_name":"diegomsilva","author_link":"https:\/\/goias.gov.br\/educacao\/author\/diegomsilva\/"},"rttpg_comment":0,"rttpg_category":null,"rttpg_excerpt":"As informa\u00e7\u00f5es sobre o Exame Nacional do Ensino M\u00e9dio (Enem) 2023 foram divulgadas pelo Instituto Nacional de Estudos e Pesquisas Educacionais An\u00edsio Teixeira (Inep) e os interessados em participar da avalia\u00e7\u00e3o do MEC j\u00e1 podem se programar. As inscri\u00e7\u00f5es para o Exame ter\u00e3o in\u00edcio no m\u00eas de junho e as provas ser\u00e3o aplicadas no m\u00eas&hellip;","_links":{"self":[{"href":"https:\/\/goias.gov.br\/educacao\/wp-json\/wp\/v2\/pages\/48032","targetHints":{"allow":["GET"]}}],"collection":[{"href":"https:\/\/goias.gov.br\/educacao\/wp-json\/wp\/v2\/pages"}],"about":[{"href":"https:\/\/goias.gov.br\/educacao\/wp-json\/wp\/v2\/types\/page"}],"author":[{"embeddable":true,"href":"https:\/\/goias.gov.br\/educacao\/wp-json\/wp\/v2\/users\/222"}],"replies":[{"embeddable":true,"href":"https:\/\/goias.gov.br\/educacao\/wp-json\/wp\/v2\/comments?post=48032"}],"version-history":[{"count":3,"href":"https:\/\/goias.gov.br\/educacao\/wp-json\/wp\/v2\/pages\/48032\/revisions"}],"predecessor-version":[{"id":675708,"href":"https:\/\/goias.gov.br\/educacao\/wp-json\/wp\/v2\/pages\/48032\/revisions\/675708"}],"wp:attachment":[{"href":"https:\/\/goias.gov.br\/educacao\/wp-json\/wp\/v2\/media?parent=48032"}],"curies":[{"name":"wp","href":"https:\/\/api.w.org\/{rel}","templated":true}]}}