

{"id":47993,"date":"2024-03-14T09:02:46","date_gmt":"2024-03-14T12:02:46","guid":{"rendered":"https:\/\/siteshom.goias.gov.br\/educacao\/?page_id=47993"},"modified":"2026-04-08T10:58:23","modified_gmt":"2026-04-08T13:58:23","slug":"conselho-de-alimentacao-escolar","status":"publish","type":"page","link":"https:\/\/goias.gov.br\/educacao\/conselho-de-alimentacao-escolar\/","title":{"rendered":"Conselho de Alimenta\u00e7\u00e3o Escolar"},"content":{"rendered":"\t\t<div data-elementor-type=\"wp-page\" data-elementor-id=\"47993\" class=\"elementor elementor-47993\">\n\t\t\t\t<div class=\"elementor-element elementor-element-c3cbf79 e-flex e-con-boxed e-con e-parent\" data-id=\"c3cbf79\" data-element_type=\"container\" data-e-type=\"container\">\n\t\t\t\t\t<div class=\"e-con-inner\">\n\t\t\t\t<div class=\"elementor-element elementor-element-31df51c elementor-widget elementor-widget-image\" data-id=\"31df51c\" data-element_type=\"widget\" data-e-type=\"widget\" data-widget_type=\"image.default\">\n\t\t\t\t\t\t\t\t\t\t\t\t\t\t\t<img decoding=\"async\" src=\"\/educacao\/wp-content\/uploads\/sites\/40\/2024\/03\/banners-cae-topo.png\" title=\"\" alt=\"\" loading=\"lazy\" \/>\t\t\t\t\t\t\t\t\t\t\t\t\t\t\t<\/div>\n\t\t\t\t\t<\/div>\n\t\t\t\t<\/div>\n\t\t<div class=\"elementor-element elementor-element-9e59dcc e-flex e-con-boxed e-con e-parent\" data-id=\"9e59dcc\" data-element_type=\"container\" data-e-type=\"container\">\n\t\t\t\t\t<div class=\"e-con-inner\">\n\t\t\t\t<div class=\"elementor-element elementor-element-651bd12 elementor-widget elementor-widget-text-editor\" data-id=\"651bd12\" data-element_type=\"widget\" data-e-type=\"widget\" data-widget_type=\"text-editor.default\">\n\t\t\t\t\t\t\t\t\t<div>O\u00a0<strong>Conselho de Alimenta\u00e7\u00e3o Escolar<\/strong>\u00a0(CAE) foi criado pela lei federal n\u00ba 8.913\/1994, sucedida pela lei federal n\u00ba 11.947\/2009. A entidade tem como miss\u00e3o promover o controle social dos recursos destinados ao Programa Nacional de Alimenta\u00e7\u00e3o Escolar (PNAE).<br \/><br \/><\/div><div>O CAE \u00e9 um \u00f3rg\u00e3o colegiado de car\u00e1ter fiscalizador, permanente, deliberativo e de assessoramento, institu\u00eddo no \u00e2mbito dos Estados, Distrito Federal e munic\u00edpios.<br \/><br \/><\/div><div>O\u00a0<strong>Conselho de Alimenta\u00e7\u00e3o Escolar<\/strong>\u00a0(CAE) \u00e9 composto por um representante indicado pelo poder Executivo, dois representantes de entidades de trabalhadores da educa\u00e7\u00e3o e de discentes, dois representantes de pais de alunos e dois representantes indicados por entidades civis organizadas.\u00a0<br \/><br \/>Entre as atribui\u00e7\u00f5es e compet\u00eancias do\u00a0<strong>CAE<\/strong>\u00a0est\u00e3o:<ul><li>Monitorar e fiscalizar a aplica\u00e7\u00e3o dos recursos e a execu\u00e7\u00e3o do PNAE;<\/li><li>Analisar a presta\u00e7\u00e3o de contas da entidade executora do PNAE (Secretarias de Educa\u00e7\u00e3o estaduais e municipais) e emitir Parecer Conclusivo acerca da execu\u00e7\u00e3o do Programa no Sistema de Gest\u00e3o de Conselhos (SigeconOnline);<\/li><li>Comunicar ao FNDE (Fundo Nacional de Desenvolvimento da Educa\u00e7\u00e3o), aos Tribunais de Contas, \u00e0 Controladoria-Geral da Uni\u00e3o (CGU), ao Minist\u00e9rio P\u00fablico (MP) e aos demais \u00f3rg\u00e3os de controle qualquer irregularidade identificada na execu\u00e7\u00e3o do PNAE;<\/li><li>Realizar reuni\u00e3o espec\u00edfica para aprecia\u00e7\u00e3o da presta\u00e7\u00e3o de contas e elabora\u00e7\u00e3o do Parecer Conclusivo do\u00a0<strong>CAE<\/strong>, com a participa\u00e7\u00e3o de, no m\u00ednimo, 2\/3 (dois ter\u00e7os) dos conselheiros;<\/li><li>Elaborar o Regimento Interno, observando o disposto nesta Resolu\u00e7\u00e3o;<\/li><li>Elaborar o Plano de A\u00e7\u00e3o do ano em curso e\/ou subsequente a fim de acompanhar a execu\u00e7\u00e3o do PNAE nas escolas de sua rede de ensino, bem como nas escolas conveniadas e demais estruturas pertencentes ao Programa, contendo previs\u00e3o de despesas necess\u00e1rias para o exerc\u00edcio de suas atribui\u00e7\u00f5es e encaminh\u00e1-lo \u00e0 unidade executora do programa antes do in\u00edcio do ano letivo.<\/li><\/ul><\/div>\t\t\t\t\t\t\t\t<\/div>\n\t\t\t\t\t<\/div>\n\t\t\t\t<\/div>\n\t\t<div class=\"elementor-element elementor-element-2c3190c e-flex e-con-boxed e-con e-parent\" data-id=\"2c3190c\" data-element_type=\"container\" data-e-type=\"container\">\n\t\t\t\t\t<div class=\"e-con-inner\">\n\t\t\t\t<div class=\"elementor-element elementor-element-d924381 elementor-widget elementor-widget-n-accordion\" data-id=\"d924381\" data-element_type=\"widget\" data-e-type=\"widget\" data-settings=\"{&quot;default_state&quot;:&quot;all_collapsed&quot;,&quot;max_items_expended&quot;:&quot;one&quot;,&quot;n_accordion_animation_duration&quot;:{&quot;unit&quot;:&quot;ms&quot;,&quot;size&quot;:400,&quot;sizes&quot;:[]}}\" data-widget_type=\"nested-accordion.default\">\n\t\t\t\t\t\t\t<div class=\"e-n-accordion\" aria-label=\"Accordion. Open links with Enter or Space, close with Escape, and navigate with Arrow Keys\">\n\t\t\t\t\t\t<details id=\"e-n-accordion-item-2270\" class=\"e-n-accordion-item\" >\n\t\t\t\t<summary class=\"e-n-accordion-item-title\" data-accordion-index=\"1\" tabindex=\"0\" aria-expanded=\"false\" aria-controls=\"e-n-accordion-item-2270\" >\n\t\t\t\t\t<span class='e-n-accordion-item-title-header'><div class=\"e-n-accordion-item-title-text\"> Cronograma de reuni\u00f5es <\/div><\/span>\n\t\t\t\t\t\t\t<span class='e-n-accordion-item-title-icon'>\n\t\t\t<span class='e-opened' ><svg aria-hidden=\"true\" class=\"e-font-icon-svg e-fas-angle-down\" viewBox=\"0 0 320 512\" xmlns=\"http:\/\/www.w3.org\/2000\/svg\"><path d=\"M143 352.3L7 216.3c-9.4-9.4-9.4-24.6 0-33.9l22.6-22.6c9.4-9.4 24.6-9.4 33.9 0l96.4 96.4 96.4-96.4c9.4-9.4 24.6-9.4 33.9 0l22.6 22.6c9.4 9.4 9.4 24.6 0 33.9l-136 136c-9.2 9.4-24.4 9.4-33.8 0z\"><\/path><\/svg><\/span>\n\t\t\t<span class='e-closed'><svg aria-hidden=\"true\" class=\"e-font-icon-svg e-fas-angle-right\" viewBox=\"0 0 256 512\" xmlns=\"http:\/\/www.w3.org\/2000\/svg\"><path d=\"M224.3 273l-136 136c-9.4 9.4-24.6 9.4-33.9 0l-22.6-22.6c-9.4-9.4-9.4-24.6 0-33.9l96.4-96.4-96.4-96.4c-9.4-9.4-9.4-24.6 0-33.9L54.3 103c9.4-9.4 24.6-9.4 33.9 0l136 136c9.5 9.4 9.5 24.6.1 34z\"><\/path><\/svg><\/span>\n\t\t<\/span>\n\n\t\t\t\t\t\t<\/summary>\n\t\t\t\t<div role=\"region\" aria-labelledby=\"e-n-accordion-item-2270\" class=\"elementor-element elementor-element-02dd002 e-con-full e-flex e-con e-child\" data-id=\"02dd002\" data-element_type=\"container\" data-e-type=\"container\">\n\t\t\t\t<div class=\"elementor-element elementor-element-e1cb73b elementor-widget elementor-widget-text-editor\" data-id=\"e1cb73b\" data-element_type=\"widget\" data-e-type=\"widget\" data-widget_type=\"text-editor.default\">\n\t\t\t\t\t\t\t\t\t<p><a href=\"\/educacao\/wp-content\/uploads\/sites\/40\/2025\/09\/Cronograma_de_Reunioes_2025.pdf\">Cronograma de Reuni\u00f5es Ordin\u00e1rias \u2013 2025<\/a><\/p>\t\t\t\t\t\t\t\t<\/div>\n\t\t\t\t<\/div>\n\t\t\t\t\t<\/details>\n\t\t\t\t\t\t<details id=\"e-n-accordion-item-2271\" class=\"e-n-accordion-item\" >\n\t\t\t\t<summary class=\"e-n-accordion-item-title\" data-accordion-index=\"2\" tabindex=\"-1\" aria-expanded=\"false\" aria-controls=\"e-n-accordion-item-2271\" >\n\t\t\t\t\t<span class='e-n-accordion-item-title-header'><div class=\"e-n-accordion-item-title-text\"> ATAS <\/div><\/span>\n\t\t\t\t\t\t\t<span class='e-n-accordion-item-title-icon'>\n\t\t\t<span class='e-opened' ><svg aria-hidden=\"true\" class=\"e-font-icon-svg e-fas-angle-down\" viewBox=\"0 0 320 512\" xmlns=\"http:\/\/www.w3.org\/2000\/svg\"><path d=\"M143 352.3L7 216.3c-9.4-9.4-9.4-24.6 0-33.9l22.6-22.6c9.4-9.4 24.6-9.4 33.9 0l96.4 96.4 96.4-96.4c9.4-9.4 24.6-9.4 33.9 0l22.6 22.6c9.4 9.4 9.4 24.6 0 33.9l-136 136c-9.2 9.4-24.4 9.4-33.8 0z\"><\/path><\/svg><\/span>\n\t\t\t<span class='e-closed'><svg aria-hidden=\"true\" class=\"e-font-icon-svg e-fas-angle-right\" viewBox=\"0 0 256 512\" xmlns=\"http:\/\/www.w3.org\/2000\/svg\"><path d=\"M224.3 273l-136 136c-9.4 9.4-24.6 9.4-33.9 0l-22.6-22.6c-9.4-9.4-9.4-24.6 0-33.9l96.4-96.4-96.4-96.4c-9.4-9.4-9.4-24.6 0-33.9L54.3 103c9.4-9.4 24.6-9.4 33.9 0l136 136c9.5 9.4 9.5 24.6.1 34z\"><\/path><\/svg><\/span>\n\t\t<\/span>\n\n\t\t\t\t\t\t<\/summary>\n\t\t\t\t<div role=\"region\" aria-labelledby=\"e-n-accordion-item-2271\" class=\"elementor-element elementor-element-ed082a6 e-con-full e-flex e-con e-child\" data-id=\"ed082a6\" data-element_type=\"container\" data-e-type=\"container\">\n\t\t\t\t<div class=\"elementor-element elementor-element-ab1d01b elementor-widget elementor-widget-text-editor\" data-id=\"ab1d01b\" data-element_type=\"widget\" data-e-type=\"widget\" data-widget_type=\"text-editor.default\">\n\t\t\t\t\t\t\t\t\t<p><a href=\"\/educacao\/wp-content\/uploads\/sites\/40\/2025\/09\/ilovepdf_merged.pdf\">ATAS CAE &#8211; 2025<\/a><\/p><p><a href=\"\/wp-content\/uploads\/sites\/40\/2024\/AcessoaInformacao\/Conselho_Alimentacao_Escolar\/Atas\/ATAS_CAE_2024_2.pdf\">ATAS CAE &#8211; 2024\/2<\/a><\/p><p><a href=\"\/wp-content\/uploads\/sites\/40\/2024\/AcessoaInformacao\/Conselho_Alimentacao_Escolar\/Atas\/ATAS_CAE_2024_1.pdf\">ATAS CAE &#8211; 2024\/1<\/a><\/p><p><a href=\"\/wp-content\/uploads\/sites\/40\/2024\/AcessoaInformacao\/Conselho_Alimentacao_Escolar\/Atas\/ATAS_CAE_2023.pdf\">ATAS CAE &#8211; 2023<\/a><\/p><p><a href=\"\/wp-content\/uploads\/sites\/40\/2024\/AcessoaInformacao\/Conselho_Alimentacao_Escolar\/Atas\/ATAS_CAE_2022.pdf\">ATAS CAE &#8211; 2022<\/a><\/p><p><a href=\"\/wp-content\/uploads\/sites\/40\/2024\/AcessoaInformacao\/Conselho_Alimentacao_Escolar\/Atas\/ATAS_CAE_2021.pdf\">ATAS CAE &#8211; 2021<\/a><\/p><p><a href=\"\/wp-content\/uploads\/sites\/40\/2024\/AcessoaInformacao\/Conselho_Alimentacao_Escolar\/Atas\/ATAS_CAE_2020.pdf\">ATAS CAE &#8211; 2020<\/a><\/p><p><a href=\"\/wp-content\/uploads\/sites\/40\/2024\/AcessoaInformacao\/Conselho_Alimentacao_Escolar\/Atas\/ATAS_CAE_2019.pdf\">ATAS CAE &#8211; 2019<\/a><\/p>\t\t\t\t\t\t\t\t<\/div>\n\t\t\t\t<\/div>\n\t\t\t\t\t<\/details>\n\t\t\t\t\t<\/div>\n\t\t\t\t\t\t<\/div>\n\t\t\t\t\t<\/div>\n\t\t\t\t<\/div>\n\t\t<div class=\"elementor-element elementor-element-d0a84e6 e-flex e-con-boxed e-con e-parent\" data-id=\"d0a84e6\" data-element_type=\"container\" data-e-type=\"container\">\n\t\t\t\t\t<div class=\"e-con-inner\">\n\t\t\t\t<div class=\"elementor-element elementor-element-8467eb5 elementor-widget elementor-widget-image\" data-id=\"8467eb5\" data-element_type=\"widget\" data-e-type=\"widget\" data-widget_type=\"image.default\">\n\t\t\t\t\t\t\t\t\t\t\t\t\t\t\t\t<a href=\"\/wp-content\/uploads\/sites\/40\/arquivos\/folder-CAE.pdf\" target=\"_blank\">\n\t\t\t\t\t\t\t<img decoding=\"async\" src=\"\/educacao\/wp-content\/uploads\/sites\/40\/2024\/03\/banner-2-011.png\" title=\"\" alt=\"\" loading=\"lazy\" \/>\t\t\t\t\t\t\t\t<\/a>\n\t\t\t\t\t\t\t\t\t\t\t\t\t\t\t<\/div>\n\t\t\t\t<div class=\"elementor-element elementor-element-54c9da7 elementor-widget elementor-widget-image\" data-id=\"54c9da7\" data-element_type=\"widget\" data-e-type=\"widget\" data-widget_type=\"image.default\">\n\t\t\t\t\t\t\t\t\t\t\t\t\t\t\t\t<a href=\"https:\/\/goias.gov.br\/educacao\/wp-content\/uploads\/sites\/40\/2026\/04\/P.Acao2026.docx_rm3.pdf\" target=\"_blank\">\n\t\t\t\t\t\t\t<img fetchpriority=\"high\" decoding=\"async\" width=\"1536\" height=\"267\" src=\"https:\/\/goias.gov.br\/educacao\/wp-content\/uploads\/sites\/40\/2026\/04\/banners-CAE-02.jpg-1536x267.jpeg\" class=\"attachment-1536x1536 size-1536x1536 wp-image-720111\" alt=\"\" srcset=\"https:\/\/goias.gov.br\/educacao\/wp-content\/uploads\/sites\/40\/2026\/04\/banners-CAE-02.jpg-1536x267.jpeg 1536w, https:\/\/goias.gov.br\/educacao\/wp-content\/uploads\/sites\/40\/2026\/04\/banners-CAE-02.jpg-300x52.jpeg 300w, https:\/\/goias.gov.br\/educacao\/wp-content\/uploads\/sites\/40\/2026\/04\/banners-CAE-02.jpg-1024x178.jpeg 1024w, https:\/\/goias.gov.br\/educacao\/wp-content\/uploads\/sites\/40\/2026\/04\/banners-CAE-02.jpg-768x133.jpeg 768w, https:\/\/goias.gov.br\/educacao\/wp-content\/uploads\/sites\/40\/2026\/04\/banners-CAE-02.jpg-2048x356.jpeg 2048w\" sizes=\"(max-width: 1536px) 100vw, 1536px\" \/>\t\t\t\t\t\t\t\t<\/a>\n\t\t\t\t\t\t\t\t\t\t\t\t\t\t\t<\/div>\n\t\t\t\t<div class=\"elementor-element elementor-element-b09d6ce elementor-widget elementor-widget-image\" data-id=\"b09d6ce\" data-element_type=\"widget\" data-e-type=\"widget\" data-widget_type=\"image.default\">\n\t\t\t\t\t\t\t\t\t\t\t\t\t\t\t\t<a href=\"\/wp-content\/uploads\/sites\/40\/arquivos\/cartaz-CAE.pdf\" target=\"_blank\">\n\t\t\t\t\t\t\t<img decoding=\"async\" src=\"\/educacao\/wp-content\/uploads\/sites\/40\/2024\/03\/banner-2-021.png\" title=\"\" alt=\"\" loading=\"lazy\" \/>\t\t\t\t\t\t\t\t<\/a>\n\t\t\t\t\t\t\t\t\t\t\t\t\t\t\t<\/div>\n\t\t\t\t\t<\/div>\n\t\t\t\t<\/div>\n\t\t\t\t<\/div>\n\t\t","protected":false},"excerpt":{"rendered":"<p>O\u00a0Conselho de Alimenta\u00e7\u00e3o Escolar\u00a0(CAE) foi criado pela lei federal n\u00ba 8.913\/1994, sucedida pela lei federal n\u00ba 11.947\/2009. A entidade tem como miss\u00e3o promover o controle social dos recursos destinados ao Programa Nacional de Alimenta\u00e7\u00e3o Escolar (PNAE). O CAE \u00e9 um \u00f3rg\u00e3o colegiado de car\u00e1ter fiscalizador, permanente, deliberativo e de assessoramento, institu\u00eddo no \u00e2mbito dos Estados, [&hellip;]<\/p>\n","protected":false},"author":222,"featured_media":0,"parent":0,"menu_order":0,"comment_status":"closed","ping_status":"closed","template":"","meta":{"footnotes":""},"class_list":["post-47993","page","type-page","status-publish","hentry"],"rttpg_featured_image_url":null,"rttpg_author":{"display_name":"diegomsilva","author_link":"https:\/\/goias.gov.br\/educacao\/author\/diegomsilva\/"},"rttpg_comment":0,"rttpg_category":null,"rttpg_excerpt":"O\u00a0Conselho de Alimenta\u00e7\u00e3o Escolar\u00a0(CAE) foi criado pela lei federal n\u00ba 8.913\/1994, sucedida pela lei federal n\u00ba 11.947\/2009. A entidade tem como miss\u00e3o promover o controle social dos recursos destinados ao Programa Nacional de Alimenta\u00e7\u00e3o Escolar (PNAE). O CAE \u00e9 um \u00f3rg\u00e3o colegiado de car\u00e1ter fiscalizador, permanente, deliberativo e de assessoramento, institu\u00eddo no \u00e2mbito dos Estados,&hellip;","_links":{"self":[{"href":"https:\/\/goias.gov.br\/educacao\/wp-json\/wp\/v2\/pages\/47993","targetHints":{"allow":["GET"]}}],"collection":[{"href":"https:\/\/goias.gov.br\/educacao\/wp-json\/wp\/v2\/pages"}],"about":[{"href":"https:\/\/goias.gov.br\/educacao\/wp-json\/wp\/v2\/types\/page"}],"author":[{"embeddable":true,"href":"https:\/\/goias.gov.br\/educacao\/wp-json\/wp\/v2\/users\/222"}],"replies":[{"embeddable":true,"href":"https:\/\/goias.gov.br\/educacao\/wp-json\/wp\/v2\/comments?post=47993"}],"version-history":[{"count":2,"href":"https:\/\/goias.gov.br\/educacao\/wp-json\/wp\/v2\/pages\/47993\/revisions"}],"predecessor-version":[{"id":720145,"href":"https:\/\/goias.gov.br\/educacao\/wp-json\/wp\/v2\/pages\/47993\/revisions\/720145"}],"wp:attachment":[{"href":"https:\/\/goias.gov.br\/educacao\/wp-json\/wp\/v2\/media?parent=47993"}],"curies":[{"name":"wp","href":"https:\/\/api.w.org\/{rel}","templated":true}]}}