

{"id":47952,"date":"2024-03-13T16:55:24","date_gmt":"2024-03-13T19:55:24","guid":{"rendered":"https:\/\/siteshom.goias.gov.br\/educacao\/?page_id=47952"},"modified":"2026-01-29T08:19:39","modified_gmt":"2026-01-29T11:19:39","slug":"programa-equipar","status":"publish","type":"page","link":"https:\/\/goias.gov.br\/educacao\/programa-equipar\/","title":{"rendered":"Programa Equipar"},"content":{"rendered":"\t\t<div data-elementor-type=\"wp-page\" data-elementor-id=\"47952\" class=\"elementor elementor-47952\">\n\t\t\t\t<div class=\"elementor-element elementor-element-6331b61 e-con-full e-flex e-con e-parent\" data-id=\"6331b61\" data-element_type=\"container\" data-e-type=\"container\" data-settings=\"{&quot;background_background&quot;:&quot;classic&quot;}\">\n\t\t\t\t<div class=\"elementor-element elementor-element-60afb10 elementor-widget elementor-widget-image\" data-id=\"60afb10\" data-element_type=\"widget\" data-e-type=\"widget\" data-widget_type=\"image.default\">\n\t\t\t\t\t\t\t\t\t\t\t\t\t\t\t<img decoding=\"async\" src=\"https:\/\/goias.gov.br\/educacao\/wp-content\/uploads\/sites\/40\/2025\/02\/equipar_banner.png\" title=\"\" alt=\"\" loading=\"lazy\" \/>\t\t\t\t\t\t\t\t\t\t\t\t\t\t\t<\/div>\n\t\t\t\t<\/div>\n\t\t<div class=\"elementor-element elementor-element-a2bf008 e-con-full e-flex e-con e-parent\" data-id=\"a2bf008\" data-element_type=\"container\" data-e-type=\"container\">\n\t\t\t\t<div class=\"elementor-element elementor-element-c0e1e7c elementor-widget elementor-widget-text-editor\" data-id=\"c0e1e7c\" data-element_type=\"widget\" data-e-type=\"widget\" data-widget_type=\"text-editor.default\">\n\t\t\t\t\t\t\t\t\t<p>Por meio do programa Equipar, a educa\u00e7\u00e3o estadual j\u00e1 recebeu investimentos da ordem de R$ 217,4 milh\u00f5es para melhorar e qualificar o espa\u00e7o escolar com vistas a atender, cada vez melhor, os estudantes.\u00a0A iniciativa do Governo de Goi\u00e1s surgiu com o objetivo de descentralizar os repasses financeiros para as unidades escolares, de forma a agilizar o processo de aquisi\u00e7\u00e3o de materiais e equipamentos ou contrata\u00e7\u00e3o de servi\u00e7os.<\/p><p>A verba \u00e9 depositada diretamente na conta dos Conselhos Escolares, que definem o que \u00e9 prioridade em cada institui\u00e7\u00e3o de ensino. Com o dinheiro, as escolas e col\u00e9gios t\u00eam autonomia para comprar equipamentos diversos (fog\u00f5es, freezers, geladeiras, televisores, aparelhos de ar-condicionado), al\u00e9m de computadores para uso administrativo e m\u00f3veis.<\/p>\t\t\t\t\t\t\t\t<\/div>\n\t\t\t\t<\/div>\n\t\t<div class=\"elementor-element elementor-element-a37e0a9 e-flex e-con-boxed e-con e-parent\" data-id=\"a37e0a9\" data-element_type=\"container\" data-e-type=\"container\">\n\t\t\t\t\t<div class=\"e-con-inner\">\n\t\t<div class=\"elementor-element elementor-element-3598cd7 e-con-full e-flex e-con e-child\" data-id=\"3598cd7\" data-element_type=\"container\" data-e-type=\"container\" data-settings=\"{&quot;background_background&quot;:&quot;gradient&quot;}\">\n\t\t\t\t<div class=\"elementor-element elementor-element-390c2b5 elementor-widget elementor-widget-image\" data-id=\"390c2b5\" data-element_type=\"widget\" data-e-type=\"widget\" data-widget_type=\"image.default\">\n\t\t\t\t\t\t\t\t\t\t\t\t\t\t\t<img decoding=\"async\" src=\"https:\/\/goias.gov.br\/educacao\/wp-content\/uploads\/sites\/40\/2025\/02\/Card-1-3.png\" title=\"\" alt=\"\" loading=\"lazy\" \/>\t\t\t\t\t\t\t\t\t\t\t\t\t\t\t<\/div>\n\t\t\t\t<div class=\"elementor-element elementor-element-de4ad3a elementor-align-justify elementor-widget elementor-widget-button\" data-id=\"de4ad3a\" data-element_type=\"widget\" data-e-type=\"widget\" data-widget_type=\"button.default\">\n\t\t\t\t\t\t\t\t\t\t<a class=\"elementor-button elementor-button-link elementor-size-sm\" href=\"https:\/\/goias.gov.br\/educacao\/wp-content\/uploads\/sites\/40\/files\/Equipar\/GUIADEORIENTACAOEQUIPAR1.pdf\" target=\"_blank\">\n\t\t\t\t\t\t<span class=\"elementor-button-content-wrapper\">\n\t\t\t\t\t\t\t\t\t<span class=\"elementor-button-text\">Clique aqui<\/span>\n\t\t\t\t\t<\/span>\n\t\t\t\t\t<\/a>\n\t\t\t\t\t\t\t\t<\/div>\n\t\t\t\t<\/div>\n\t\t<div class=\"elementor-element elementor-element-bed1deb e-con-full e-flex e-con e-child\" data-id=\"bed1deb\" data-element_type=\"container\" data-e-type=\"container\">\n\t\t\t\t<div class=\"elementor-element elementor-element-aee8fd9 elementor-widget elementor-widget-heading\" data-id=\"aee8fd9\" data-element_type=\"widget\" data-e-type=\"widget\" data-widget_type=\"heading.default\">\n\t\t\t\t\t<h2 class=\"elementor-heading-title elementor-size-default\">EQUIPAR 1<\/h2>\t\t\t\t<\/div>\n\t\t\t\t<div class=\"elementor-element elementor-element-c3b0a7a elementor-widget elementor-widget-text-editor\" data-id=\"c3b0a7a\" data-element_type=\"widget\" data-e-type=\"widget\" data-widget_type=\"text-editor.default\">\n\t\t\t\t\t\t\t\t\t<p>A primeira edi\u00e7\u00e3o do programa foi lan\u00e7ada no dia 15 de outubro de 2020 e atendeu exclusivamente as unidades escolares de tempo integral. Assim, os 148 Centros de Ensino em Per\u00edodo Integral (Cepi) receberam cada um o valor de R$ 157.500,00. O dinheiro tamb\u00e9m p\u00f4de ser empregado na contrata\u00e7\u00e3o de servi\u00e7os de manuten\u00e7\u00e3o de computadores, desinsetiza\u00e7\u00e3o e higieniza\u00e7\u00e3o da unidade. O valor total do investimento foi de R$ 23,4 milh\u00f5es.<\/p>\t\t\t\t\t\t\t\t<\/div>\n\t\t\t\t<\/div>\n\t\t\t\t\t<\/div>\n\t\t\t\t<\/div>\n\t\t<div class=\"elementor-element elementor-element-2b467ac e-flex e-con-boxed e-con e-parent\" data-id=\"2b467ac\" data-element_type=\"container\" data-e-type=\"container\">\n\t\t\t\t\t<div class=\"e-con-inner\">\n\t\t<div class=\"elementor-element elementor-element-6535d38 e-con-full e-flex e-con e-child\" data-id=\"6535d38\" data-element_type=\"container\" data-e-type=\"container\">\n\t\t\t\t<div class=\"elementor-element elementor-element-cefa2f0 elementor-widget elementor-widget-heading\" data-id=\"cefa2f0\" data-element_type=\"widget\" data-e-type=\"widget\" data-widget_type=\"heading.default\">\n\t\t\t\t\t<h2 class=\"elementor-heading-title elementor-size-default\">EQUIPAR 2<\/h2>\t\t\t\t<\/div>\n\t\t\t\t<div class=\"elementor-element elementor-element-e5b5fe9 elementor-widget elementor-widget-text-editor\" data-id=\"e5b5fe9\" data-element_type=\"widget\" data-e-type=\"widget\" data-widget_type=\"text-editor.default\">\n\t\t\t\t\t\t\t\t\t<p>A segunda etapa do programa foi lan\u00e7ada no dia 5 de novembro de 2021 e destinou R$ 155 mil para cada uma das 947 institui\u00e7\u00f5es de ensino da rede estadual. A prioridade do investimento foi para a instala\u00e7\u00e3o de placas fotovoltaicas do sistema de energia solar, gerando uma grande economia no consumo de energia el\u00e9trica nas escolas e col\u00e9gios. O dinheiro tamb\u00e9m p\u00f4de ser usado para aquisi\u00e7\u00e3o de materiais e servi\u00e7os ou para a manuten\u00e7\u00e3o de equipamentos. Neste ano, o valor liberado pelo Governo de Goi\u00e1s foi de R$ 145 milh\u00f5es.<\/p>\t\t\t\t\t\t\t\t<\/div>\n\t\t\t\t<\/div>\n\t\t<div class=\"elementor-element elementor-element-f86d4da e-con-full e-flex e-con e-child\" data-id=\"f86d4da\" data-element_type=\"container\" data-e-type=\"container\" data-settings=\"{&quot;background_background&quot;:&quot;gradient&quot;}\">\n\t\t\t\t<div class=\"elementor-element elementor-element-1fd1300 elementor-widget elementor-widget-image\" data-id=\"1fd1300\" data-element_type=\"widget\" data-e-type=\"widget\" data-widget_type=\"image.default\">\n\t\t\t\t\t\t\t\t\t\t\t\t\t\t\t<img decoding=\"async\" src=\"https:\/\/goias.gov.br\/educacao\/wp-content\/uploads\/sites\/40\/2025\/02\/Card-2.png\" title=\"\" alt=\"\" loading=\"lazy\" \/>\t\t\t\t\t\t\t\t\t\t\t\t\t\t\t<\/div>\n\t\t\t\t<div class=\"elementor-element elementor-element-8a65f2d elementor-align-justify elementor-widget elementor-widget-button\" data-id=\"8a65f2d\" data-element_type=\"widget\" data-e-type=\"widget\" data-widget_type=\"button.default\">\n\t\t\t\t\t\t\t\t\t\t<a class=\"elementor-button elementor-button-link elementor-size-sm\" href=\"https:\/\/goias.gov.br\/educacao\/wp-content\/uploads\/sites\/40\/files\/Equipar\/GUIADEORIENTACAOEQUIPAR2.pdf\" target=\"_blank\">\n\t\t\t\t\t\t<span class=\"elementor-button-content-wrapper\">\n\t\t\t\t\t\t\t\t\t<span class=\"elementor-button-text\">Clique aqui<\/span>\n\t\t\t\t\t<\/span>\n\t\t\t\t\t<\/a>\n\t\t\t\t\t\t\t\t<\/div>\n\t\t\t\t<\/div>\n\t\t\t\t\t<\/div>\n\t\t\t\t<\/div>\n\t\t<div class=\"elementor-element elementor-element-f9abf32 e-flex e-con-boxed e-con e-parent\" data-id=\"f9abf32\" data-element_type=\"container\" data-e-type=\"container\">\n\t\t\t\t\t<div class=\"e-con-inner\">\n\t\t<div class=\"elementor-element elementor-element-bc4bb54 e-con-full e-flex e-con e-child\" data-id=\"bc4bb54\" data-element_type=\"container\" data-e-type=\"container\" data-settings=\"{&quot;background_background&quot;:&quot;gradient&quot;}\">\n\t\t\t\t<div class=\"elementor-element elementor-element-1d9180b elementor-widget elementor-widget-image\" data-id=\"1d9180b\" data-element_type=\"widget\" data-e-type=\"widget\" data-widget_type=\"image.default\">\n\t\t\t\t\t\t\t\t\t\t\t\t\t\t\t<img decoding=\"async\" src=\"https:\/\/goias.gov.br\/educacao\/wp-content\/uploads\/sites\/40\/2025\/02\/Card-3.png\" title=\"\" alt=\"\" loading=\"lazy\" \/>\t\t\t\t\t\t\t\t\t\t\t\t\t\t\t<\/div>\n\t\t\t\t<div class=\"elementor-element elementor-element-3b47f13 elementor-align-justify elementor-widget elementor-widget-button\" data-id=\"3b47f13\" data-element_type=\"widget\" data-e-type=\"widget\" data-widget_type=\"button.default\">\n\t\t\t\t\t\t\t\t\t\t<a class=\"elementor-button elementor-button-link elementor-size-sm\" href=\"https:\/\/goias.gov.br\/educacao\/wp-content\/uploads\/sites\/40\/files\/Equipar\/equipar3.pdf\" target=\"_blank\">\n\t\t\t\t\t\t<span class=\"elementor-button-content-wrapper\">\n\t\t\t\t\t\t\t\t\t<span class=\"elementor-button-text\">Clique aqui<\/span>\n\t\t\t\t\t<\/span>\n\t\t\t\t\t<\/a>\n\t\t\t\t\t\t\t\t<\/div>\n\t\t\t\t<\/div>\n\t\t<div class=\"elementor-element elementor-element-5304d4e e-con-full e-flex e-con e-child\" data-id=\"5304d4e\" data-element_type=\"container\" data-e-type=\"container\">\n\t\t\t\t<div class=\"elementor-element elementor-element-bc73d3a elementor-widget elementor-widget-heading\" data-id=\"bc73d3a\" data-element_type=\"widget\" data-e-type=\"widget\" data-widget_type=\"heading.default\">\n\t\t\t\t\t<h2 class=\"elementor-heading-title elementor-size-default\">EQUIPAR 3<\/h2>\t\t\t\t<\/div>\n\t\t\t\t<div class=\"elementor-element elementor-element-765a0b3 elementor-widget elementor-widget-text-editor\" data-id=\"765a0b3\" data-element_type=\"widget\" data-e-type=\"widget\" data-widget_type=\"text-editor.default\">\n\t\t\t\t\t\t\t\t\t<p>Em sua terceira edi\u00e7\u00e3o, lan\u00e7ada no dia 30 de junho de 2022, o Equipar 3 fez o repasse de R$ 34 milh\u00f5es para os Conselhos Escolares das institui\u00e7\u00f5es de ensino. A verba foi destinada \u00e0 melhoria da seguran\u00e7a das escolas com a implanta\u00e7\u00e3o de sistemas de monitoramento eletr\u00f4nico e de seguran\u00e7a inteligente e ainda para a aquisi\u00e7\u00e3o de novos equipamentos, materiais esportivos e did\u00e1ticos.\u00a0<\/p>\t\t\t\t\t\t\t\t<\/div>\n\t\t\t\t<\/div>\n\t\t\t\t\t<\/div>\n\t\t\t\t<\/div>\n\t\t<div class=\"elementor-element elementor-element-16ecfad e-flex e-con-boxed e-con e-parent\" data-id=\"16ecfad\" data-element_type=\"container\" data-e-type=\"container\">\n\t\t\t\t\t<div class=\"e-con-inner\">\n\t\t<div class=\"elementor-element elementor-element-9effc30 e-con-full e-flex e-con e-child\" data-id=\"9effc30\" data-element_type=\"container\" data-e-type=\"container\">\n\t\t\t\t<div class=\"elementor-element elementor-element-9c2cc22 elementor-widget elementor-widget-heading\" data-id=\"9c2cc22\" data-element_type=\"widget\" data-e-type=\"widget\" data-widget_type=\"heading.default\">\n\t\t\t\t\t<h2 class=\"elementor-heading-title elementor-size-default\">EQUIPAR 4<\/h2>\t\t\t\t<\/div>\n\t\t\t\t<div class=\"elementor-element elementor-element-b189296 elementor-widget elementor-widget-text-editor\" data-id=\"b189296\" data-element_type=\"widget\" data-e-type=\"widget\" data-widget_type=\"text-editor.default\">\n\t\t\t\t\t\t\t\t\t<p>A nova etapa do programa foi lan\u00e7ada no dia 2 de agosto de 2023 durante o Encontro de Forma\u00e7\u00e3o dos Novos Gestores das Unidades Escolares, realizado em An\u00e1polis. Desta feita, o Governo de Goi\u00e1s destinou R$ 15 milh\u00f5es a serem distribu\u00eddos entre as 948 institui\u00e7\u00f5es de ensino da rede p\u00fablica estadual.<\/p>\t\t\t\t\t\t\t\t<\/div>\n\t\t\t\t<\/div>\n\t\t<div class=\"elementor-element elementor-element-072fa25 e-con-full e-flex e-con e-child\" data-id=\"072fa25\" data-element_type=\"container\" data-e-type=\"container\" data-settings=\"{&quot;background_background&quot;:&quot;gradient&quot;}\">\n\t\t\t\t<div class=\"elementor-element elementor-element-f416ca8 elementor-widget elementor-widget-image\" data-id=\"f416ca8\" data-element_type=\"widget\" data-e-type=\"widget\" data-widget_type=\"image.default\">\n\t\t\t\t\t\t\t\t\t\t\t\t\t\t\t<img decoding=\"async\" src=\"https:\/\/goias.gov.br\/educacao\/wp-content\/uploads\/sites\/40\/2025\/02\/Card-4.png\" title=\"\" alt=\"\" loading=\"lazy\" \/>\t\t\t\t\t\t\t\t\t\t\t\t\t\t\t<\/div>\n\t\t\t\t<\/div>\n\t\t\t\t\t<\/div>\n\t\t\t\t<\/div>\n\t\t\t\t<\/div>\n\t\t","protected":false},"excerpt":{"rendered":"<p>Por meio do programa Equipar, a educa\u00e7\u00e3o estadual j\u00e1 recebeu investimentos da ordem de R$ 217,4 milh\u00f5es para melhorar e qualificar o espa\u00e7o escolar com vistas a atender, cada vez melhor, os estudantes.\u00a0A iniciativa do Governo de Goi\u00e1s surgiu com o objetivo de descentralizar os repasses financeiros para as unidades escolares, de forma a agilizar [&hellip;]<\/p>\n","protected":false},"author":222,"featured_media":0,"parent":0,"menu_order":0,"comment_status":"closed","ping_status":"closed","template":"wppb_theme_template","meta":{"footnotes":""},"class_list":["post-47952","page","type-page","status-publish","hentry"],"rttpg_featured_image_url":null,"rttpg_author":{"display_name":"diegomsilva","author_link":"https:\/\/goias.gov.br\/educacao\/author\/diegomsilva\/"},"rttpg_comment":0,"rttpg_category":null,"rttpg_excerpt":"Por meio do programa Equipar, a educa\u00e7\u00e3o estadual j\u00e1 recebeu investimentos da ordem de R$ 217,4 milh\u00f5es para melhorar e qualificar o espa\u00e7o escolar com vistas a atender, cada vez melhor, os estudantes.\u00a0A iniciativa do Governo de Goi\u00e1s surgiu com o objetivo de descentralizar os repasses financeiros para as unidades escolares, de forma a agilizar&hellip;","_links":{"self":[{"href":"https:\/\/goias.gov.br\/educacao\/wp-json\/wp\/v2\/pages\/47952","targetHints":{"allow":["GET"]}}],"collection":[{"href":"https:\/\/goias.gov.br\/educacao\/wp-json\/wp\/v2\/pages"}],"about":[{"href":"https:\/\/goias.gov.br\/educacao\/wp-json\/wp\/v2\/types\/page"}],"author":[{"embeddable":true,"href":"https:\/\/goias.gov.br\/educacao\/wp-json\/wp\/v2\/users\/222"}],"replies":[{"embeddable":true,"href":"https:\/\/goias.gov.br\/educacao\/wp-json\/wp\/v2\/comments?post=47952"}],"version-history":[{"count":2,"href":"https:\/\/goias.gov.br\/educacao\/wp-json\/wp\/v2\/pages\/47952\/revisions"}],"predecessor-version":[{"id":668693,"href":"https:\/\/goias.gov.br\/educacao\/wp-json\/wp\/v2\/pages\/47952\/revisions\/668693"}],"wp:attachment":[{"href":"https:\/\/goias.gov.br\/educacao\/wp-json\/wp\/v2\/media?parent=47952"}],"curies":[{"name":"wp","href":"https:\/\/api.w.org\/{rel}","templated":true}]}}