

{"id":391072,"date":"2025-03-31T16:48:58","date_gmt":"2025-03-31T19:48:58","guid":{"rendered":"https:\/\/goias.gov.br\/educacao\/?page_id=391072"},"modified":"2026-01-29T09:54:23","modified_gmt":"2026-01-29T12:54:23","slug":"portarias-estagio-probatorios","status":"publish","type":"page","link":"https:\/\/goias.gov.br\/educacao\/portarias-estagio-probatorios\/","title":{"rendered":"Portarias &#8211; Est\u00e1gio Probat\u00f3rios"},"content":{"rendered":"\t\t<div data-elementor-type=\"wp-page\" data-elementor-id=\"391072\" class=\"elementor elementor-391072\">\n\t\t\t\t<div class=\"elementor-element elementor-element-68caf44 e-flex e-con-boxed e-con e-parent\" data-id=\"68caf44\" data-element_type=\"container\" data-e-type=\"container\">\n\t\t\t\t\t<div class=\"e-con-inner\">\n\t\t\t\t<div class=\"elementor-element elementor-element-5774706 elementor-widget elementor-widget-image\" data-id=\"5774706\" data-element_type=\"widget\" data-e-type=\"widget\" data-widget_type=\"image.default\">\n\t\t\t\t\t\t\t\t\t\t\t\t\t\t\t<img decoding=\"async\" src=\"https:\/\/goias.gov.br\/educacao\/wp-content\/uploads\/sites\/40\/2025\/03\/banner-pag.-portaria.png\" title=\"\" alt=\"\" loading=\"lazy\" \/>\t\t\t\t\t\t\t\t\t\t\t\t\t\t\t<\/div>\n\t\t\t\t<div class=\"elementor-element elementor-element-0797d67 elementor-widget elementor-widget-text-editor\" data-id=\"0797d67\" data-element_type=\"widget\" data-e-type=\"widget\" data-widget_type=\"text-editor.default\">\n\t\t\t\t\t\t\t\t\t<p>O professor que necessitar da portaria com o parecer homologat\u00f3rio poder\u00e1 solicit\u00e1-la \u00e0 Ger\u00eancia de Avalia\u00e7\u00e3o do Desempenho do Servidor e Gestor Escolar pelos telefones (62) 3220-9605\/9606 ou via processo SEI, encaminhando-o para a unidade administrativa 16003.<\/p>\t\t\t\t\t\t\t\t<\/div>\n\t\t\t\t\t<\/div>\n\t\t\t\t<\/div>\n\t\t\t\t<\/div>\n\t\t","protected":false},"excerpt":{"rendered":"<p>O professor que necessitar da portaria com o parecer homologat\u00f3rio poder\u00e1 solicit\u00e1-la \u00e0 Ger\u00eancia de Avalia\u00e7\u00e3o do Desempenho do Servidor e Gestor Escolar pelos telefones (62) 3220-9605\/9606 ou via processo SEI, encaminhando-o para a unidade administrativa 16003.<\/p>\n","protected":false},"author":465,"featured_media":0,"parent":0,"menu_order":0,"comment_status":"closed","ping_status":"closed","template":"","meta":{"footnotes":""},"class_list":["post-391072","page","type-page","status-publish","hentry"],"rttpg_featured_image_url":null,"rttpg_author":{"display_name":"laysmendes","author_link":"https:\/\/goias.gov.br\/educacao\/author\/laysmendes\/"},"rttpg_comment":0,"rttpg_category":null,"rttpg_excerpt":"O professor que necessitar da portaria com o parecer homologat\u00f3rio poder\u00e1 solicit\u00e1-la \u00e0 Ger\u00eancia de Avalia\u00e7\u00e3o do Desempenho do Servidor e Gestor Escolar pelos telefones (62) 3220-9605\/9606 ou via processo SEI, encaminhando-o para a unidade administrativa 16003.","_links":{"self":[{"href":"https:\/\/goias.gov.br\/educacao\/wp-json\/wp\/v2\/pages\/391072","targetHints":{"allow":["GET"]}}],"collection":[{"href":"https:\/\/goias.gov.br\/educacao\/wp-json\/wp\/v2\/pages"}],"about":[{"href":"https:\/\/goias.gov.br\/educacao\/wp-json\/wp\/v2\/types\/page"}],"author":[{"embeddable":true,"href":"https:\/\/goias.gov.br\/educacao\/wp-json\/wp\/v2\/users\/465"}],"replies":[{"embeddable":true,"href":"https:\/\/goias.gov.br\/educacao\/wp-json\/wp\/v2\/comments?post=391072"}],"version-history":[{"count":2,"href":"https:\/\/goias.gov.br\/educacao\/wp-json\/wp\/v2\/pages\/391072\/revisions"}],"predecessor-version":[{"id":670473,"href":"https:\/\/goias.gov.br\/educacao\/wp-json\/wp\/v2\/pages\/391072\/revisions\/670473"}],"wp:attachment":[{"href":"https:\/\/goias.gov.br\/educacao\/wp-json\/wp\/v2\/media?parent=391072"}],"curies":[{"name":"wp","href":"https:\/\/api.w.org\/{rel}","templated":true}]}}