

{"id":27386,"date":"2024-02-05T00:04:23","date_gmt":"2024-02-05T03:04:23","guid":{"rendered":"https:\/\/siteshom.goias.gov.br\/educacao\/?page_id=27386"},"modified":"2026-01-29T14:33:02","modified_gmt":"2026-01-29T17:33:02","slug":"leis-do-plano-de-educacao","status":"publish","type":"page","link":"https:\/\/goias.gov.br\/educacao\/leis-do-plano-de-educacao\/","title":{"rendered":"Leis do Plano de Educa\u00e7\u00e3o"},"content":{"rendered":"\t\t<div data-elementor-type=\"wp-page\" data-elementor-id=\"27386\" class=\"elementor elementor-27386\">\n\t\t\t\t<div class=\"elementor-element elementor-element-441a869 e-flex e-con-boxed e-con e-parent\" data-id=\"441a869\" data-element_type=\"container\" data-e-type=\"container\">\n\t\t\t\t\t<div class=\"e-con-inner\">\n\t\t\t\t<div class=\"elementor-element elementor-element-2c31aec elementor-widget elementor-widget-shortcode\" data-id=\"2c31aec\" data-element_type=\"widget\" data-e-type=\"widget\" data-widget_type=\"shortcode.default\">\n\t\t\t\t\t\t\t<div class=\"elementor-shortcode\"><div data-post-id=\"38012\" class=\"insert-page insert-page-38012 \"><h1 class='insert-page-title'>Leis do Plano de Educa\u00e7\u00e3o<\/h1><p><\/p>\r\n\r\n<p><a aria-label=\" PLANO ESTADUAL DE EDUCA\u00c7\u00c3O DE GOI\u00c1S  (abre numa nova aba)\" href=\"https:\/\/goias.gov.br\/educacao\/wp-content\/uploads\/sites\/40\/2019\/08\/PLANO-ESTADUAL-DE-EDUCACAO-PEE-2015-2025-1-c19.pdf\" rel=\"noreferrer noopener\" target=\"_blank\">PLANO ESTADUAL DE EDUCA&Ccedil;&Atilde;O DE GOI&Aacute;S <\/a><\/p>\r\n\r\n<p><a href=\"https:\/\/goias.gov.br\/educacao\/wp-content\/uploads\/sites\/40\/2019\/08\/Plano-Nacional-de-Educacao-decretos-6a1.pdf\" target=\"_blank\" rel=\"noopener\">Plano Nacional de Educa&ccedil;&atilde;o &#8211; Decretos<\/a><\/p>\r\n\r\n<p><\/p>\r\n\r\n<p><\/p>\r\n\r\n<p>&nbsp;<\/p>\r\n\r\n<p><\/p>\r\n<ul class='post-meta'>\n<li><span class='post-meta-key'>rank_math_internal_links_processed:<\/span> 1<\/li>\n<li><span class='post-meta-key'>tpg-post-view-count:<\/span> 236<\/li>\n<\/ul>\n<\/div><\/div>\n\t\t\t\t\t\t<\/div>\n\t\t\t\t\t<\/div>\n\t\t\t\t<\/div>\n\t\t\t\t<\/div>\n\t\t","protected":false},"excerpt":{"rendered":"","protected":false},"author":222,"featured_media":0,"parent":0,"menu_order":0,"comment_status":"closed","ping_status":"closed","template":"wppb_theme_template","meta":{"footnotes":""},"class_list":["post-27386","page","type-page","status-publish","hentry"],"rttpg_featured_image_url":null,"rttpg_author":{"display_name":"diegomsilva","author_link":"https:\/\/goias.gov.br\/educacao\/author\/diegomsilva\/"},"rttpg_comment":0,"rttpg_category":"","rttpg_excerpt":null,"_links":{"self":[{"href":"https:\/\/goias.gov.br\/educacao\/wp-json\/wp\/v2\/pages\/27386","targetHints":{"allow":["GET"]}}],"collection":[{"href":"https:\/\/goias.gov.br\/educacao\/wp-json\/wp\/v2\/pages"}],"about":[{"href":"https:\/\/goias.gov.br\/educacao\/wp-json\/wp\/v2\/types\/page"}],"author":[{"embeddable":true,"href":"https:\/\/goias.gov.br\/educacao\/wp-json\/wp\/v2\/users\/222"}],"replies":[{"embeddable":true,"href":"https:\/\/goias.gov.br\/educacao\/wp-json\/wp\/v2\/comments?post=27386"}],"version-history":[{"count":2,"href":"https:\/\/goias.gov.br\/educacao\/wp-json\/wp\/v2\/pages\/27386\/revisions"}],"predecessor-version":[{"id":673129,"href":"https:\/\/goias.gov.br\/educacao\/wp-json\/wp\/v2\/pages\/27386\/revisions\/673129"}],"wp:attachment":[{"href":"https:\/\/goias.gov.br\/educacao\/wp-json\/wp\/v2\/media?parent=27386"}],"curies":[{"name":"wp","href":"https:\/\/api.w.org\/{rel}","templated":true}]}}