

{"id":27271,"date":"2024-02-02T11:01:38","date_gmt":"2024-02-02T14:01:38","guid":{"rendered":"https:\/\/siteshom.goias.gov.br\/educacao\/?page_id=27271"},"modified":"2026-01-28T14:19:16","modified_gmt":"2026-01-28T17:19:16","slug":"trancolar-rural","status":"publish","type":"page","link":"https:\/\/goias.gov.br\/educacao\/trancolar-rural\/","title":{"rendered":"Trancolar Rural"},"content":{"rendered":"\t\t<div data-elementor-type=\"wp-page\" data-elementor-id=\"27271\" class=\"elementor elementor-27271\">\n\t\t\t\t<div class=\"elementor-element elementor-element-27770cf e-flex e-con-boxed e-con e-parent\" data-id=\"27770cf\" data-element_type=\"container\" data-e-type=\"container\">\n\t\t\t\t\t<div class=\"e-con-inner\">\n\t\t\t\t<div class=\"elementor-element elementor-element-cc6c945 elementor-widget elementor-widget-image\" data-id=\"cc6c945\" data-element_type=\"widget\" data-e-type=\"widget\" data-widget_type=\"image.default\">\n\t\t\t\t\t\t\t\t\t\t\t\t\t\t\t<img decoding=\"async\" src=\"https:\/\/goias.gov.br\/educacao\/wp-content\/uploads\/sites\/40\/2024\/09\/Programa-Reformar-1150-%C3%97-200-px-6.jpg\" title=\"\" alt=\"\" loading=\"lazy\" \/>\t\t\t\t\t\t\t\t\t\t\t\t\t\t\t<\/div>\n\t\t\t\t\t<\/div>\n\t\t\t\t<\/div>\n\t\t<div class=\"elementor-element elementor-element-1b6a51c e-flex e-con-boxed e-con e-parent\" data-id=\"1b6a51c\" data-element_type=\"container\" data-e-type=\"container\">\n\t\t\t\t\t<div class=\"e-con-inner\">\n\t\t<div class=\"elementor-element elementor-element-fe1a87a e-con-full e-flex e-con e-child\" data-id=\"fe1a87a\" data-element_type=\"container\" data-e-type=\"container\">\n\t\t\t\t<div class=\"elementor-element elementor-element-b7c274a elementor-widget elementor-widget-image\" data-id=\"b7c274a\" data-element_type=\"widget\" data-e-type=\"widget\" data-widget_type=\"image.default\">\n\t\t\t\t\t\t\t\t\t\t\t\t\t\t\t<img decoding=\"async\" src=\"https:\/\/goias.gov.br\/educacao\/wp-content\/uploads\/sites\/40\/2024\/09\/Programa-Reformar-1150-%C3%97-200-px-1150-x-80-px-600-x-60-px-13.png\" title=\"\" alt=\"\" loading=\"lazy\" \/>\t\t\t\t\t\t\t\t\t\t\t\t\t\t\t<\/div>\n\t\t\t\t<div class=\"elementor-element elementor-element-34d57ef elementor-widget elementor-widget-text-editor\" data-id=\"34d57ef\" data-element_type=\"widget\" data-e-type=\"widget\" data-widget_type=\"text-editor.default\">\n\t\t\t\t\t\t\t\t\t<div class=\"_04xlpA direction-ltr align-justify para-style-body\"><p><span class=\"S1PPyQ\">O Sistema Transcolar Rural \u00e9 uma nova e moderna ferramenta<\/span>\u00a0<span class=\"S1PPyQ\">de gest\u00e3o que, a partir do georreferenciamento, visa possibilitar a otimiza\u00e7\u00e3o das rotas e dos custos com o\u00a0<\/span><span class=\"S1PPyQ\">Transporte Escolar.<\/span><\/p><p><span class=\"S1PPyQ\">Integrado ao Sistema de Gest\u00e3o Escolar (SIGE), o Transcolar <\/span><span class=\"S1PPyQ\">Rural captura todas as informa\u00e7\u00f5es dos estudantes das redes estadual e municipal de ensino que utilizam o Transporte Escolar. A partir desses dados, o sistema gera relat\u00f3rios gerenciais que possibilitam um melhor controle das rotas e dos custos, bem como um maior controle e seguran\u00e7a aos usu\u00e1rios do servi\u00e7o.<\/span><\/p><\/div>\t\t\t\t\t\t\t\t<\/div>\n\t\t\t\t<\/div>\n\t\t<div class=\"elementor-element elementor-element-03f5eb0 e-con-full e-flex e-con e-child\" data-id=\"03f5eb0\" data-element_type=\"container\" data-e-type=\"container\">\n\t\t\t\t<div class=\"elementor-element elementor-element-2f42203 elementor-widget elementor-widget-video\" data-id=\"2f42203\" data-element_type=\"widget\" data-e-type=\"widget\" data-settings=\"{&quot;youtube_url&quot;:&quot;https:\\\/\\\/youtube.com\\\/watch?v=SncJoLREkmo&amp;feature=shares&quot;,&quot;video_type&quot;:&quot;youtube&quot;,&quot;controls&quot;:&quot;yes&quot;}\" data-widget_type=\"video.default\">\n\t\t\t\t\t\t\t<div class=\"elementor-wrapper elementor-open-inline\">\n\t\t\t<div class=\"elementor-video\"><\/div>\t\t<\/div>\n\t\t\t\t\t\t<\/div>\n\t\t\t\t<\/div>\n\t\t\t\t\t<\/div>\n\t\t\t\t<\/div>\n\t\t<div class=\"elementor-element elementor-element-ee73bc7 e-flex e-con-boxed e-con e-parent\" data-id=\"ee73bc7\" data-element_type=\"container\" data-e-type=\"container\">\n\t\t\t\t\t<div class=\"e-con-inner\">\n\t\t\t\t<div class=\"elementor-element elementor-element-9a3d771 elementor-widget elementor-widget-text-editor\" data-id=\"9a3d771\" data-element_type=\"widget\" data-e-type=\"widget\" data-widget_type=\"text-editor.default\">\n\t\t\t\t\t\t\t\t\t<h1><span class=\"S1PPyQ\">P\u00fablico-alvo<\/span><\/h1><p><span class=\"S1PPyQ\">O Transcolar Rural pode ser utilizado por todos os 246 munic\u00edpios goianos, bastando que seja feita a ades\u00e3o junto \u00e0 Secretaria de Estado da Educa\u00e7\u00e3o (Seduc\/GO).<\/span><\/p>\t\t\t\t\t\t\t\t<\/div>\n\t\t\t\t<div class=\"elementor-element elementor-element-0acb32f elementor-widget elementor-widget-image\" data-id=\"0acb32f\" data-element_type=\"widget\" data-e-type=\"widget\" data-widget_type=\"image.default\">\n\t\t\t\t\t\t\t\t\t\t\t\t\t\t\t<img decoding=\"async\" src=\"https:\/\/goias.gov.br\/educacao\/wp-content\/uploads\/sites\/40\/2024\/09\/Melhores-Combinacoes-Post-para-Instagram-880-%C3%97-440-px-1150-x-440-px-1.jpg\" title=\"\" alt=\"\" loading=\"lazy\" \/>\t\t\t\t\t\t\t\t\t\t\t\t\t\t\t<\/div>\n\t\t\t\t<div class=\"elementor-element elementor-element-de9d409 elementor-widget elementor-widget-text-editor\" data-id=\"de9d409\" data-element_type=\"widget\" data-e-type=\"widget\" data-widget_type=\"text-editor.default\">\n\t\t\t\t\t\t\t\t\t<h1>Benef\u00edcios<\/h1><div>Os benef\u00edcios do Sistema Transcolar Rural v\u00e3o desde a otimiza\u00e7\u00e3o do uso do Transporte Escolar at\u00e9 o funcionamento de todo um mecanismo que permitir\u00e1 a amplia\u00e7\u00e3o da seguran\u00e7a no transporte, nos ve\u00edculos, nos trajetos, e nas milhares de rotas por onde os alunos s\u00e3o transportados.<\/div><div>\u00a0<\/div><div><h1>Rastreamento<\/h1><div>O rastreador do ve\u00edculo do Transporte Escolar \u00e9 um dispositivo eletr\u00f4nico instalado no \u00f4nibus ap\u00f3s o munic\u00edpio aderir ao Transcolar Rural. O equipamento utiliza a tecnologia de geolocaliza\u00e7\u00e3o ou radiofrequ\u00eancia, mostrando a localiza\u00e7\u00e3o do ve\u00edculo em tempo real. Desse modo, o rastreador permite saber se a rota \u00e9 a melhor para o atendimento dos estudantes, sempre primando pelo bom uso dos recursos.<\/div><\/div>\t\t\t\t\t\t\t\t<\/div>\n\t\t\t\t\t<\/div>\n\t\t\t\t<\/div>\n\t\t<div class=\"elementor-element elementor-element-f36f1e5 e-flex e-con-boxed e-con e-parent\" data-id=\"f36f1e5\" data-element_type=\"container\" data-e-type=\"container\">\n\t\t\t\t\t<div class=\"e-con-inner\">\n\t\t<div class=\"elementor-element elementor-element-d280e44 e-con-full e-flex e-con e-child\" data-id=\"d280e44\" data-element_type=\"container\" data-e-type=\"container\">\n\t\t\t\t<div class=\"elementor-element elementor-element-6f68729 elementor-widget elementor-widget-image\" data-id=\"6f68729\" data-element_type=\"widget\" data-e-type=\"widget\" data-widget_type=\"image.default\">\n\t\t\t\t\t\t\t\t\t\t\t\t\t\t\t<img decoding=\"async\" src=\"https:\/\/goias.gov.br\/educacao\/wp-content\/uploads\/sites\/40\/2024\/02\/melhores-combinaes-post-para-instagram-4.png\" title=\"\" alt=\"\" loading=\"lazy\" \/>\t\t\t\t\t\t\t\t\t\t\t\t\t\t\t<\/div>\n\t\t\t\t<\/div>\n\t\t<div class=\"elementor-element elementor-element-9f86b04 e-con-full e-flex e-con e-child\" data-id=\"9f86b04\" data-element_type=\"container\" data-e-type=\"container\">\n\t\t\t\t<div class=\"elementor-element elementor-element-83a86ee elementor-widget elementor-widget-image\" data-id=\"83a86ee\" data-element_type=\"widget\" data-e-type=\"widget\" data-widget_type=\"image.default\">\n\t\t\t\t\t\t\t\t\t\t\t\t\t\t\t<img decoding=\"async\" src=\"https:\/\/goias.gov.br\/educacao\/wp-content\/uploads\/sites\/40\/2024\/02\/melhores-combinaes-post-para-instagram-5.png\" title=\"\" alt=\"\" loading=\"lazy\" \/>\t\t\t\t\t\t\t\t\t\t\t\t\t\t\t<\/div>\n\t\t\t\t<\/div>\n\t\t\t\t\t<\/div>\n\t\t\t\t<\/div>\n\t\t<div class=\"elementor-element elementor-element-5b6b79a e-flex e-con-boxed e-con e-parent\" data-id=\"5b6b79a\" data-element_type=\"container\" data-e-type=\"container\">\n\t\t\t\t\t<div class=\"e-con-inner\">\n\t\t\t\t<div class=\"elementor-element elementor-element-e63a696 elementor-widget elementor-widget-image\" data-id=\"e63a696\" data-element_type=\"widget\" data-e-type=\"widget\" data-widget_type=\"image.default\">\n\t\t\t\t\t\t\t\t\t\t\t\t\t\t\t<img decoding=\"async\" src=\"https:\/\/goias.gov.br\/educacao\/wp-content\/uploads\/sites\/40\/2024\/09\/Melhores-Combinacoes-Post-para-Instagram-880-%C3%97-440-px-1150-x-440-px-2.jpg\" title=\"\" alt=\"\" loading=\"lazy\" \/>\t\t\t\t\t\t\t\t\t\t\t\t\t\t\t<\/div>\n\t\t\t\t<div class=\"elementor-element elementor-element-bba37e0 elementor-widget elementor-widget-text-editor\" data-id=\"bba37e0\" data-element_type=\"widget\" data-e-type=\"widget\" data-widget_type=\"text-editor.default\">\n\t\t\t\t\t\t\t\t\t<h2>Rotas sugeridas pelo sistema (intelig\u00eancia artificial).<\/h2>\t\t\t\t\t\t\t\t<\/div>\n\t\t\t\t<div class=\"elementor-element elementor-element-526eea1 elementor-widget elementor-widget-image\" data-id=\"526eea1\" data-element_type=\"widget\" data-e-type=\"widget\" data-widget_type=\"image.default\">\n\t\t\t\t\t\t\t\t\t\t\t\t\t\t\t\t<a href=\"https:\/\/goias.gov.br\/educacao\/wp-content\/uploads\/sites\/40\/2024\/02\/captura-de-tela-2023-03-22-110322.png\" data-elementor-open-lightbox=\"yes\" data-e-action-hash=\"#elementor-action%3Aaction%3Dlightbox%26settings%3DW10%3D\">\n\t\t\t\t\t\t\t<img decoding=\"async\" src=\"https:\/\/goias.gov.br\/educacao\/wp-content\/uploads\/sites\/40\/2024\/02\/captura-de-tela-2023-03-22-110322.png\" title=\"\" alt=\"\" loading=\"lazy\" \/>\t\t\t\t\t\t\t\t<\/a>\n\t\t\t\t\t\t\t\t\t\t\t\t\t\t\t<\/div>\n\t\t\t\t<div class=\"elementor-element elementor-element-d2ce267 elementor-widget elementor-widget-text-editor\" data-id=\"d2ce267\" data-element_type=\"widget\" data-e-type=\"widget\" data-widget_type=\"text-editor.default\">\n\t\t\t\t\t\t\t\t\t<h2>Cria\u00e7\u00e3o de malhas e vias (Satelital) a partir do Georreferenciamento (Localiza\u00e7\u00e3o aluno e escolas).<\/h2>\t\t\t\t\t\t\t\t<\/div>\n\t\t\t\t<div class=\"elementor-element elementor-element-c4f15e8 elementor-widget elementor-widget-image\" data-id=\"c4f15e8\" data-element_type=\"widget\" data-e-type=\"widget\" data-widget_type=\"image.default\">\n\t\t\t\t\t\t\t\t\t\t\t\t\t\t\t\t<a href=\"https:\/\/goias.gov.br\/educacao\/wp-content\/uploads\/sites\/40\/2024\/02\/captura-de-tela-2023-03-22-110709.png\" data-elementor-open-lightbox=\"yes\" data-e-action-hash=\"#elementor-action%3Aaction%3Dlightbox%26settings%3DW10%3D\">\n\t\t\t\t\t\t\t<img decoding=\"async\" src=\"https:\/\/goias.gov.br\/educacao\/wp-content\/uploads\/sites\/40\/2024\/02\/captura-de-tela-2023-03-22-110709.png\" title=\"\" alt=\"\" loading=\"lazy\" \/>\t\t\t\t\t\t\t\t<\/a>\n\t\t\t\t\t\t\t\t\t\t\t\t\t\t\t<\/div>\n\t\t\t\t<div class=\"elementor-element elementor-element-1b7bb81 elementor-widget elementor-widget-text-editor\" data-id=\"1b7bb81\" data-element_type=\"widget\" data-e-type=\"widget\" data-widget_type=\"text-editor.default\">\n\t\t\t\t\t\t\t\t\t<h1>Rela\u00e7\u00e3o de todos os alunos por escola Georreferenciado.<\/h1>\t\t\t\t\t\t\t\t<\/div>\n\t\t\t\t<div class=\"elementor-element elementor-element-677fb37 elementor-widget elementor-widget-image\" data-id=\"677fb37\" data-element_type=\"widget\" data-e-type=\"widget\" data-widget_type=\"image.default\">\n\t\t\t\t\t\t\t\t\t\t\t\t\t\t\t\t<a href=\"https:\/\/goias.gov.br\/educacao\/wp-content\/uploads\/sites\/40\/2024\/02\/captura-de-tela-2023-03-22-111215.png\" data-elementor-open-lightbox=\"yes\" data-e-action-hash=\"#elementor-action%3Aaction%3Dlightbox%26settings%3DW10%3D\">\n\t\t\t\t\t\t\t<img decoding=\"async\" src=\"https:\/\/goias.gov.br\/educacao\/wp-content\/uploads\/sites\/40\/2024\/02\/captura-de-tela-2023-03-22-111215.png\" title=\"\" alt=\"\" loading=\"lazy\" \/>\t\t\t\t\t\t\t\t<\/a>\n\t\t\t\t\t\t\t\t\t\t\t\t\t\t\t<\/div>\n\t\t\t\t<div class=\"elementor-element elementor-element-12e62ed elementor-widget elementor-widget-text-editor\" data-id=\"12e62ed\" data-element_type=\"widget\" data-e-type=\"widget\" data-widget_type=\"text-editor.default\">\n\t\t\t\t\t\t\t\t\t<h1>Sistema de confer\u00eancia de rota.<\/h1>\t\t\t\t\t\t\t\t<\/div>\n\t\t\t\t<div class=\"elementor-element elementor-element-6474da2 elementor-widget elementor-widget-image\" data-id=\"6474da2\" data-element_type=\"widget\" data-e-type=\"widget\" data-widget_type=\"image.default\">\n\t\t\t\t\t\t\t\t\t\t\t\t\t\t\t\t<a href=\"https:\/\/goias.gov.br\/educacao\/wp-content\/uploads\/sites\/40\/2024\/02\/captura-de-tela-2023-03-22-111403.png\" data-elementor-open-lightbox=\"yes\" data-e-action-hash=\"#elementor-action%3Aaction%3Dlightbox%26settings%3DW10%3D\">\n\t\t\t\t\t\t\t<img decoding=\"async\" src=\"https:\/\/goias.gov.br\/educacao\/wp-content\/uploads\/sites\/40\/2024\/02\/captura-de-tela-2023-03-22-111403.png\" title=\"\" alt=\"\" loading=\"lazy\" \/>\t\t\t\t\t\t\t\t<\/a>\n\t\t\t\t\t\t\t\t\t\t\t\t\t\t\t<\/div>\n\t\t\t\t<div class=\"elementor-element elementor-element-ba66d99 elementor-widget elementor-widget-text-editor\" data-id=\"ba66d99\" data-element_type=\"widget\" data-e-type=\"widget\" data-widget_type=\"text-editor.default\">\n\t\t\t\t\t\t\t\t\t<h1>Integra\u00e7\u00e3o Autom\u00e1tica &#8211; SIGE e Transcolar.<\/h1>\t\t\t\t\t\t\t\t<\/div>\n\t\t\t\t<div class=\"elementor-element elementor-element-02eefbb elementor-widget elementor-widget-image\" data-id=\"02eefbb\" data-element_type=\"widget\" data-e-type=\"widget\" data-widget_type=\"image.default\">\n\t\t\t\t\t\t\t\t\t\t\t\t\t\t\t\t<a href=\"https:\/\/goias.gov.br\/educacao\/wp-content\/uploads\/sites\/40\/2024\/02\/captura-de-tela-2023-03-22-111535.png\" data-elementor-open-lightbox=\"yes\" data-e-action-hash=\"#elementor-action%3Aaction%3Dlightbox%26settings%3DW10%3D\">\n\t\t\t\t\t\t\t<img decoding=\"async\" src=\"https:\/\/goias.gov.br\/educacao\/wp-content\/uploads\/sites\/40\/2024\/02\/captura-de-tela-2023-03-22-111535.png\" title=\"\" alt=\"\" loading=\"lazy\" \/>\t\t\t\t\t\t\t\t<\/a>\n\t\t\t\t\t\t\t\t\t\t\t\t\t\t\t<\/div>\n\t\t\t\t\t<\/div>\n\t\t\t\t<\/div>\n\t\t\t\t<\/div>\n\t\t","protected":false},"excerpt":{"rendered":"<p>O Sistema Transcolar Rural \u00e9 uma nova e moderna ferramenta\u00a0de gest\u00e3o que, a partir do georreferenciamento, visa possibilitar a otimiza\u00e7\u00e3o das rotas e dos custos com o\u00a0Transporte Escolar. Integrado ao Sistema de Gest\u00e3o Escolar (SIGE), o Transcolar Rural captura todas as informa\u00e7\u00f5es dos estudantes das redes estadual e municipal de ensino que utilizam o Transporte [&hellip;]<\/p>\n","protected":false},"author":222,"featured_media":0,"parent":0,"menu_order":0,"comment_status":"closed","ping_status":"closed","template":"wppb_theme_template","meta":{"footnotes":""},"class_list":["post-27271","page","type-page","status-publish","hentry"],"rttpg_featured_image_url":null,"rttpg_author":{"display_name":"diegomsilva","author_link":"https:\/\/goias.gov.br\/educacao\/author\/diegomsilva\/"},"rttpg_comment":0,"rttpg_category":null,"rttpg_excerpt":"O Sistema Transcolar Rural \u00e9 uma nova e moderna ferramenta\u00a0de gest\u00e3o que, a partir do georreferenciamento, visa possibilitar a otimiza\u00e7\u00e3o das rotas e dos custos com o\u00a0Transporte Escolar. Integrado ao Sistema de Gest\u00e3o Escolar (SIGE), o Transcolar Rural captura todas as informa\u00e7\u00f5es dos estudantes das redes estadual e municipal de ensino que utilizam o Transporte&hellip;","_links":{"self":[{"href":"https:\/\/goias.gov.br\/educacao\/wp-json\/wp\/v2\/pages\/27271","targetHints":{"allow":["GET"]}}],"collection":[{"href":"https:\/\/goias.gov.br\/educacao\/wp-json\/wp\/v2\/pages"}],"about":[{"href":"https:\/\/goias.gov.br\/educacao\/wp-json\/wp\/v2\/types\/page"}],"author":[{"embeddable":true,"href":"https:\/\/goias.gov.br\/educacao\/wp-json\/wp\/v2\/users\/222"}],"replies":[{"embeddable":true,"href":"https:\/\/goias.gov.br\/educacao\/wp-json\/wp\/v2\/comments?post=27271"}],"version-history":[{"count":3,"href":"https:\/\/goias.gov.br\/educacao\/wp-json\/wp\/v2\/pages\/27271\/revisions"}],"predecessor-version":[{"id":666344,"href":"https:\/\/goias.gov.br\/educacao\/wp-json\/wp\/v2\/pages\/27271\/revisions\/666344"}],"wp:attachment":[{"href":"https:\/\/goias.gov.br\/educacao\/wp-json\/wp\/v2\/media?parent=27271"}],"curies":[{"name":"wp","href":"https:\/\/api.w.org\/{rel}","templated":true}]}}