

{"id":27121,"date":"2024-01-31T16:45:23","date_gmt":"2024-01-31T19:45:23","guid":{"rendered":"https:\/\/siteshom.goias.gov.br\/educacao\/?page_id=27121"},"modified":"2026-01-29T09:26:16","modified_gmt":"2026-01-29T12:26:16","slug":"processo-de-selecao-de-gestor-escolar","status":"publish","type":"page","link":"https:\/\/goias.gov.br\/educacao\/processo-de-selecao-de-gestor-escolar\/","title":{"rendered":"Processo de Sele\u00e7\u00e3o de Gestor Escolar"},"content":{"rendered":"\t\t<div data-elementor-type=\"wp-page\" data-elementor-id=\"27121\" class=\"elementor elementor-27121\">\n\t\t\t\t<div class=\"elementor-element elementor-element-915cf82 e-flex e-con-boxed e-con e-parent\" data-id=\"915cf82\" data-element_type=\"container\" data-e-type=\"container\">\n\t\t\t\t\t<div class=\"e-con-inner\">\n\t\t\t\t<div class=\"elementor-element elementor-element-58395bd elementor-widget elementor-widget-image\" data-id=\"58395bd\" data-element_type=\"widget\" data-e-type=\"widget\" data-widget_type=\"image.default\">\n\t\t\t\t\t\t\t\t\t\t\t\t\t\t\t<img decoding=\"async\" src=\"https:\/\/goias.gov.br\/educacao\/wp-content\/uploads\/sites\/40\/2024\/01\/gestor-escolar_banner-scaled.jpg\" title=\"\" alt=\"\" loading=\"lazy\" \/>\t\t\t\t\t\t\t\t\t\t\t\t\t\t\t<\/div>\n\t\t\t\t\t<\/div>\n\t\t\t\t<\/div>\n\t\t<div class=\"elementor-element elementor-element-8bce021 e-flex e-con-boxed e-con e-parent\" data-id=\"8bce021\" data-element_type=\"container\" data-e-type=\"container\">\n\t\t\t\t\t<div class=\"e-con-inner\">\n\t\t\t\t<div class=\"elementor-element elementor-element-ce20c67 elementor-widget elementor-widget-text-editor\" data-id=\"ce20c67\" data-element_type=\"widget\" data-e-type=\"widget\" data-widget_type=\"text-editor.default\">\n\t\t\t\t\t\t\t\t\t<p>A Secretaria de Estado da Educa\u00e7\u00e3o de Goi\u00e1s (Seduc\/GO) realiza processos de sele\u00e7\u00e3o para o provimento das fun\u00e7\u00f5es de gest\u00e3o nas unidades escolares da rede estadual. Nesta p\u00e1gina, est\u00e3o dispon\u00edveis as informa\u00e7\u00f5es, editais e resultados referentes \u00e0s diferentes etapas e modalidades desses processos. O objetivo \u00e9 assegurar transpar\u00eancia, m\u00e9rito e participa\u00e7\u00e3o democr\u00e1tica na escolha dos profissionais que conduzem a gest\u00e3o pedag\u00f3gica e administrativa das escolas p\u00fablicas estaduais.<\/p>\t\t\t\t\t\t\t\t<\/div>\n\t\t\t\t\t<\/div>\n\t\t\t\t<\/div>\n\t\t<div class=\"elementor-element elementor-element-10e844d e-flex e-con-boxed e-con e-parent\" data-id=\"10e844d\" data-element_type=\"container\" data-e-type=\"container\">\n\t\t\t\t\t<div class=\"e-con-inner\">\n\t\t\t\t<div class=\"elementor-element elementor-element-873f784 elementor-widget elementor-widget-image\" data-id=\"873f784\" data-element_type=\"widget\" data-e-type=\"widget\" data-widget_type=\"image.default\">\n\t\t\t\t\t\t\t\t\t\t\t\t\t\t\t\t<a href=\"https:\/\/goias.gov.br\/educacao\/processo-de-selecao-de-gestor-escolar-2025\/\">\n\t\t\t\t\t\t\t<img decoding=\"async\" src=\"https:\/\/goias.gov.br\/educacao\/wp-content\/uploads\/sites\/40\/2025\/11\/esse-squiii-100.jpg\" title=\"\" alt=\"\" loading=\"lazy\" \/>\t\t\t\t\t\t\t\t<\/a>\n\t\t\t\t\t\t\t\t\t\t\t\t\t\t\t<\/div>\n\t\t\t\t\t<\/div>\n\t\t\t\t<\/div>\n\t\t<div class=\"elementor-element elementor-element-3caa936 e-flex e-con-boxed e-con e-parent\" data-id=\"3caa936\" data-element_type=\"container\" data-e-type=\"container\">\n\t\t\t\t\t<div class=\"e-con-inner\">\n\t\t\t\t<div class=\"elementor-element elementor-element-8aaf597 elementor-widget elementor-widget-image\" data-id=\"8aaf597\" data-element_type=\"widget\" data-e-type=\"widget\" data-widget_type=\"image.default\">\n\t\t\t\t\t\t\t\t\t\t\t\t\t\t\t\t<a href=\"https:\/\/goias.gov.br\/educacao\/processo-de-selecao-de-gestor-escolar-cepi-bilingue-lyceu-de-goiania\/\">\n\t\t\t\t\t\t\t<img decoding=\"async\" src=\"https:\/\/goias.gov.br\/educacao\/wp-content\/uploads\/sites\/40\/2025\/09\/Banner-site-Selecao-Gestor-Escolar-LYCEU-2.jpg\" title=\"\" alt=\"\" loading=\"lazy\" \/>\t\t\t\t\t\t\t\t<\/a>\n\t\t\t\t\t\t\t\t\t\t\t\t\t\t\t<\/div>\n\t\t\t\t\t<\/div>\n\t\t\t\t<\/div>\n\t\t<div class=\"elementor-element elementor-element-39e8de3 e-flex e-con-boxed e-con e-parent\" data-id=\"39e8de3\" data-element_type=\"container\" data-e-type=\"container\">\n\t\t\t\t\t<div class=\"e-con-inner\">\n\t\t\t\t<div class=\"elementor-element elementor-element-a8c8187 elementor-widget elementor-widget-image\" data-id=\"a8c8187\" data-element_type=\"widget\" data-e-type=\"widget\" data-widget_type=\"image.default\">\n\t\t\t\t\t\t\t\t\t\t\t\t\t\t\t\t<a href=\"https:\/\/goias.gov.br\/educacao\/processo-de-selecao-de-gestor-escolar-2023\/\">\n\t\t\t\t\t\t\t<img decoding=\"async\" src=\"https:\/\/goias.gov.br\/educacao\/wp-content\/uploads\/sites\/40\/2025\/11\/tenta-esse-100.jpg\" title=\"\" alt=\"\" loading=\"lazy\" \/>\t\t\t\t\t\t\t\t<\/a>\n\t\t\t\t\t\t\t\t\t\t\t\t\t\t\t<\/div>\n\t\t\t\t\t<\/div>\n\t\t\t\t<\/div>\n\t\t<div class=\"elementor-element elementor-element-435f202 e-flex e-con-boxed e-con e-parent\" data-id=\"435f202\" data-element_type=\"container\" data-e-type=\"container\">\n\t\t\t\t\t<div class=\"e-con-inner\">\n\t\t\t\t<div class=\"elementor-element elementor-element-cdaf84e elementor-widget elementor-widget-image\" data-id=\"cdaf84e\" data-element_type=\"widget\" data-e-type=\"widget\" data-widget_type=\"image.default\">\n\t\t\t\t\t\t\t\t\t\t\t\t\t\t\t\t<a href=\"https:\/\/goias.gov.br\/educacao\/processo-de-selecao-democratica-de-gestor-escolar-de-unidade-educacional-especial-estadual-de-goias\/\">\n\t\t\t\t\t\t\t<img decoding=\"async\" src=\"https:\/\/goias.gov.br\/educacao\/wp-content\/uploads\/sites\/40\/2024\/01\/gestor-escolar_banner-ee-scaled.jpg\" title=\"\" alt=\"\" loading=\"lazy\" \/>\t\t\t\t\t\t\t\t<\/a>\n\t\t\t\t\t\t\t\t\t\t\t\t\t\t\t<\/div>\n\t\t\t\t\t<\/div>\n\t\t\t\t<\/div>\n\t\t<div class=\"elementor-element elementor-element-c5cc871 e-flex e-con-boxed e-con e-parent\" data-id=\"c5cc871\" data-element_type=\"container\" data-e-type=\"container\">\n\t\t\t\t\t<div class=\"e-con-inner\">\n\t\t\t\t<div class=\"elementor-element elementor-element-2edba0d elementor-widget elementor-widget-image\" data-id=\"2edba0d\" data-element_type=\"widget\" data-e-type=\"widget\" data-widget_type=\"image.default\">\n\t\t\t\t\t\t\t\t\t\t\t\t\t\t\t\t<a href=\"https:\/\/goias.gov.br\/educacao\/processo-de-selecao-de-gestor-escolar-do-agrocolegio\/\">\n\t\t\t\t\t\t\t<img decoding=\"async\" src=\"https:\/\/goias.gov.br\/educacao\/wp-content\/uploads\/sites\/40\/2024\/10\/Banner-Processo-de-selecao-de-gestor-escolar-3.0-1-scaled-1.jpg\" title=\"\" alt=\"\" loading=\"lazy\" \/>\t\t\t\t\t\t\t\t<\/a>\n\t\t\t\t\t\t\t\t\t\t\t\t\t\t\t<\/div>\n\t\t\t\t\t<\/div>\n\t\t\t\t<\/div>\n\t\t<div class=\"elementor-element elementor-element-25c44a3 e-flex e-con-boxed e-con e-parent\" data-id=\"25c44a3\" data-element_type=\"container\" data-e-type=\"container\">\n\t\t\t\t\t<div class=\"e-con-inner\">\n\t\t\t\t<div class=\"elementor-element elementor-element-9b2beb5 elementor-widget elementor-widget-image\" data-id=\"9b2beb5\" data-element_type=\"widget\" data-e-type=\"widget\" data-widget_type=\"image.default\">\n\t\t\t\t\t\t\t\t\t\t\t\t\t\t\t\t<a href=\"https:\/\/goias.gov.br\/educacao\/centro-em-periodo-integral-do-esporte\/\">\n\t\t\t\t\t\t\t<img decoding=\"async\" src=\"https:\/\/goias.gov.br\/educacao\/wp-content\/uploads\/sites\/40\/2025\/04\/Prancheta-1-copia-2.png\" title=\"\" alt=\"\" loading=\"lazy\" \/>\t\t\t\t\t\t\t\t<\/a>\n\t\t\t\t\t\t\t\t\t\t\t\t\t\t\t<\/div>\n\t\t\t\t\t<\/div>\n\t\t\t\t<\/div>\n\t\t\t\t<\/div>\n\t\t","protected":false},"excerpt":{"rendered":"<p>A Secretaria de Estado da Educa\u00e7\u00e3o de Goi\u00e1s (Seduc\/GO) realiza processos de sele\u00e7\u00e3o para o provimento das fun\u00e7\u00f5es de gest\u00e3o nas unidades escolares da rede estadual. Nesta p\u00e1gina, est\u00e3o dispon\u00edveis as informa\u00e7\u00f5es, editais e resultados referentes \u00e0s diferentes etapas e modalidades desses processos. O objetivo \u00e9 assegurar transpar\u00eancia, m\u00e9rito e participa\u00e7\u00e3o democr\u00e1tica na escolha dos [&hellip;]<\/p>\n","protected":false},"author":222,"featured_media":0,"parent":0,"menu_order":0,"comment_status":"closed","ping_status":"closed","template":"wppb_theme_template","meta":{"footnotes":""},"class_list":["post-27121","page","type-page","status-publish","hentry"],"rttpg_featured_image_url":null,"rttpg_author":{"display_name":"diegomsilva","author_link":"https:\/\/goias.gov.br\/educacao\/author\/diegomsilva\/"},"rttpg_comment":0,"rttpg_category":null,"rttpg_excerpt":"A Secretaria de Estado da Educa\u00e7\u00e3o de Goi\u00e1s (Seduc\/GO) realiza processos de sele\u00e7\u00e3o para o provimento das fun\u00e7\u00f5es de gest\u00e3o nas unidades escolares da rede estadual. Nesta p\u00e1gina, est\u00e3o dispon\u00edveis as informa\u00e7\u00f5es, editais e resultados referentes \u00e0s diferentes etapas e modalidades desses processos. O objetivo \u00e9 assegurar transpar\u00eancia, m\u00e9rito e participa\u00e7\u00e3o democr\u00e1tica na escolha dos&hellip;","_links":{"self":[{"href":"https:\/\/goias.gov.br\/educacao\/wp-json\/wp\/v2\/pages\/27121","targetHints":{"allow":["GET"]}}],"collection":[{"href":"https:\/\/goias.gov.br\/educacao\/wp-json\/wp\/v2\/pages"}],"about":[{"href":"https:\/\/goias.gov.br\/educacao\/wp-json\/wp\/v2\/types\/page"}],"author":[{"embeddable":true,"href":"https:\/\/goias.gov.br\/educacao\/wp-json\/wp\/v2\/users\/222"}],"replies":[{"embeddable":true,"href":"https:\/\/goias.gov.br\/educacao\/wp-json\/wp\/v2\/comments?post=27121"}],"version-history":[{"count":2,"href":"https:\/\/goias.gov.br\/educacao\/wp-json\/wp\/v2\/pages\/27121\/revisions"}],"predecessor-version":[{"id":670080,"href":"https:\/\/goias.gov.br\/educacao\/wp-json\/wp\/v2\/pages\/27121\/revisions\/670080"}],"wp:attachment":[{"href":"https:\/\/goias.gov.br\/educacao\/wp-json\/wp\/v2\/media?parent=27121"}],"curies":[{"name":"wp","href":"https:\/\/api.w.org\/{rel}","templated":true}]}}