

{"id":27048,"date":"2024-01-29T18:40:18","date_gmt":"2024-01-29T21:40:18","guid":{"rendered":"https:\/\/siteshom.goias.gov.br\/educacao\/?page_id=27048"},"modified":"2026-01-29T08:38:10","modified_gmt":"2026-01-29T11:38:10","slug":"programa-bolsa-estudo-central-de-atendimento","status":"publish","type":"page","link":"https:\/\/goias.gov.br\/educacao\/programa-bolsa-estudo-central-de-atendimento\/","title":{"rendered":"Programa Bolsa Estudo &#8211; Central de Atendimento"},"content":{"rendered":"\t\t<div data-elementor-type=\"wp-page\" data-elementor-id=\"27048\" class=\"elementor elementor-27048\">\n\t\t\t\t<div class=\"elementor-element elementor-element-0e67e2d e-flex e-con-boxed e-con e-parent\" data-id=\"0e67e2d\" data-element_type=\"container\" data-e-type=\"container\">\n\t\t\t\t\t<div class=\"e-con-inner\">\n\t\t<div class=\"elementor-element elementor-element-35a7744 e-con-full e-flex e-con e-child\" data-id=\"35a7744\" data-element_type=\"container\" data-e-type=\"container\">\n\t\t\t\t<div class=\"elementor-element elementor-element-840d037 elementor-widget elementor-widget-heading\" data-id=\"840d037\" data-element_type=\"widget\" data-e-type=\"widget\" data-widget_type=\"heading.default\">\n\t\t\t\t\t<h2 class=\"elementor-heading-title elementor-size-default\">CENTRAL DE ATENDIMENTO ALELO<\/h2>\t\t\t\t<\/div>\n\t\t\t\t<\/div>\n\t\t\t\t<div class=\"elementor-element elementor-element-065a0d6 elementor-widget elementor-widget-text-editor\" data-id=\"065a0d6\" data-element_type=\"widget\" data-e-type=\"widget\" data-widget_type=\"text-editor.default\">\n\t\t\t\t\t\t\t\t\t<p style=\"text-align: center;\">CONTATO CENTRAL DE ATENDIMENTO<\/p><p style=\"text-align: center;\"><span style=\"color: #ff9900;\">Capitais e regi\u00f5es metropolitanas<\/span><br \/>3003-1467<br \/>Atendimento de segunda a sexta das 8h at\u00e9 22h<\/p><p style=\"text-align: center;\"><span style=\"color: #ff9900;\">Demais regi\u00f5es<\/span><br \/>0800-333-1467<br \/>Atendimento de segunda a sexta das 8h at\u00e9 22h<br \/>Domingos e feriados das 8h \u00e0s 20h<\/p><p style=\"text-align: center;\"><span style=\"color: #ff9900;\">SAC &#8211; Reclama\u00e7\u00f5es e Cancelamentos<\/span><br \/>0800-880-4051<br \/>Atendimento 24 horas por dia, 7 dias por semana<\/p><p style=\"text-align: center;\"><span style=\"color: #ff9900;\">Defici\u00eancia auditiva ou de fala<\/span><br \/>0800-880-8322<br \/>Atendimento de segunda a sexta das 8h at\u00e9 22h<\/p>\t\t\t\t\t\t\t\t<\/div>\n\t\t\t\t\t<\/div>\n\t\t\t\t<\/div>\n\t\t<div class=\"elementor-element elementor-element-87b518a e-flex e-con-boxed e-con e-parent\" data-id=\"87b518a\" data-element_type=\"container\" data-e-type=\"container\">\n\t\t\t\t\t<div class=\"e-con-inner\">\n\t\t<div class=\"elementor-element elementor-element-1e1e869 e-con-full e-flex e-con e-child\" data-id=\"1e1e869\" data-element_type=\"container\" data-e-type=\"container\">\n\t\t\t\t<div class=\"elementor-element elementor-element-53e9319 elementor-widget elementor-widget-heading\" data-id=\"53e9319\" data-element_type=\"widget\" data-e-type=\"widget\" data-widget_type=\"heading.default\">\n\t\t\t\t\t<h2 class=\"elementor-heading-title elementor-size-default\">COMO DESBLOQUEAR MEU CART\u00c3O ATRAV\u00c9S DA CENTRAL<\/h2>\t\t\t\t<\/div>\n\t\t\t\t<\/div>\n\t\t\t\t<div class=\"elementor-element elementor-element-b055f1f elementor-widget elementor-widget-text-editor\" data-id=\"b055f1f\" data-element_type=\"widget\" data-e-type=\"widget\" data-widget_type=\"text-editor.default\">\n\t\t\t\t\t\t\t\t\t<p style=\"text-align: center;\">1) Ter em m\u00e3os os dados do estudantes para desbloquear o cart\u00e3o?<\/p><p style=\"text-align: center;\"><span style=\"color: #ff9900;\">&#8211; N\u00famero do cart\u00e3o (16 d\u00edgitos);<\/span><\/p><p style=\"text-align: center;\">&#8211; CPF do estudante e em alguns casos o do Respons\u00e1vel; se o CPF iniciar com zero, o mesmo deve ser informado.<\/p><p style=\"text-align: center;\">&#8211; Data de nascimento do estudante (sempre)<\/p><p style=\"text-align: center;\">\u00a0 \u00a0 \u00a0\u00a0dia: informar a data com dois d\u00edgitos (ex: 01, 02 &#8230;)<\/p><p style=\"text-align: center;\">\u00a0 \u00a0 \u00a0\u00a0m\u00eas: informar o m\u00eas com dois d\u00edgitos (ex: 01, 02 &#8230;)<\/p><p style=\"text-align: center;\">\u00a0 \u00a0 \u00a0\u00a0Ano: informar o ano com quatro d\u00edgitos ( 1996, 2002 &#8230;)<\/p><p style=\"text-align: center;\"><span style=\"color: #ff9900;\">&#8211; C\u00f3digo de Seguran\u00e7a CVV<\/span>\u00a0(atr\u00e1s do cart\u00e3o, com tr\u00eas d\u00edgitos)<\/p><p style=\"text-align: center;\">2) Como saber qual o CPF que est\u00e1 cadastrado?<\/p><p style=\"text-align: center;\">Quando a Unidade Escolar realiza a entrega do cart\u00e3o, o aluno tem que assinar o termo de entrega, e nele consta todos os dados de cadastro do estudante.<\/p>\t\t\t\t\t\t\t\t<\/div>\n\t\t\t\t\t<\/div>\n\t\t\t\t<\/div>\n\t\t\t\t<\/div>\n\t\t","protected":false},"excerpt":{"rendered":"<p>CENTRAL DE ATENDIMENTO ALELO CONTATO CENTRAL DE ATENDIMENTO Capitais e regi\u00f5es metropolitanas3003-1467Atendimento de segunda a sexta das 8h at\u00e9 22h Demais regi\u00f5es0800-333-1467Atendimento de segunda a sexta das 8h at\u00e9 22hDomingos e feriados das 8h \u00e0s 20h SAC &#8211; Reclama\u00e7\u00f5es e Cancelamentos0800-880-4051Atendimento 24 horas por dia, 7 dias por semana Defici\u00eancia auditiva ou de fala0800-880-8322Atendimento de [&hellip;]<\/p>\n","protected":false},"author":222,"featured_media":0,"parent":0,"menu_order":0,"comment_status":"closed","ping_status":"closed","template":"wppb_theme_template","meta":{"footnotes":""},"class_list":["post-27048","page","type-page","status-publish","hentry"],"rttpg_featured_image_url":null,"rttpg_author":{"display_name":"diegomsilva","author_link":"https:\/\/goias.gov.br\/educacao\/author\/diegomsilva\/"},"rttpg_comment":0,"rttpg_category":null,"rttpg_excerpt":"CENTRAL DE ATENDIMENTO ALELO CONTATO CENTRAL DE ATENDIMENTO Capitais e regi\u00f5es metropolitanas3003-1467Atendimento de segunda a sexta das 8h at\u00e9 22h Demais regi\u00f5es0800-333-1467Atendimento de segunda a sexta das 8h at\u00e9 22hDomingos e feriados das 8h \u00e0s 20h SAC &#8211; Reclama\u00e7\u00f5es e Cancelamentos0800-880-4051Atendimento 24 horas por dia, 7 dias por semana Defici\u00eancia auditiva ou de fala0800-880-8322Atendimento de&hellip;","_links":{"self":[{"href":"https:\/\/goias.gov.br\/educacao\/wp-json\/wp\/v2\/pages\/27048","targetHints":{"allow":["GET"]}}],"collection":[{"href":"https:\/\/goias.gov.br\/educacao\/wp-json\/wp\/v2\/pages"}],"about":[{"href":"https:\/\/goias.gov.br\/educacao\/wp-json\/wp\/v2\/types\/page"}],"author":[{"embeddable":true,"href":"https:\/\/goias.gov.br\/educacao\/wp-json\/wp\/v2\/users\/222"}],"replies":[{"embeddable":true,"href":"https:\/\/goias.gov.br\/educacao\/wp-json\/wp\/v2\/comments?post=27048"}],"version-history":[{"count":2,"href":"https:\/\/goias.gov.br\/educacao\/wp-json\/wp\/v2\/pages\/27048\/revisions"}],"predecessor-version":[{"id":669064,"href":"https:\/\/goias.gov.br\/educacao\/wp-json\/wp\/v2\/pages\/27048\/revisions\/669064"}],"wp:attachment":[{"href":"https:\/\/goias.gov.br\/educacao\/wp-json\/wp\/v2\/media?parent=27048"}],"curies":[{"name":"wp","href":"https:\/\/api.w.org\/{rel}","templated":true}]}}

<div data-elementor-type="wp-page" data-elementor-id="27048" class="elementor elementor-27048">
				<div class="elementor-element elementor-element-0e67e2d e-flex e-con-boxed e-con e-parent" data-id="0e67e2d" data-element_type="container" data-e-type="container">
					<div class="e-con-inner">
		<div class="elementor-element elementor-element-35a7744 e-con-full e-flex e-con e-child" data-id="35a7744" data-element_type="container" data-e-type="container">
				<div class="elementor-element elementor-element-840d037 elementor-widget elementor-widget-heading" data-id="840d037" data-element_type="widget" data-e-type="widget" data-widget_type="heading.default">
					<h2 class="elementor-heading-title elementor-size-default">CENTRAL DE ATENDIMENTO ALELO</h2>				</div>
				</div>
				<div class="elementor-element elementor-element-065a0d6 elementor-widget elementor-widget-text-editor" data-id="065a0d6" data-element_type="widget" data-e-type="widget" data-widget_type="text-editor.default">
									<p style="text-align: center;">CONTATO CENTRAL DE ATENDIMENTO</p><p style="text-align: center;"><span style="color: #ff9900;">Capitais e regiões metropolitanas</span><br />3003-1467<br />Atendimento de segunda a sexta das 8h até 22h</p><p style="text-align: center;"><span style="color: #ff9900;">Demais regiões</span><br />0800-333-1467<br />Atendimento de segunda a sexta das 8h até 22h<br />Domingos e feriados das 8h às 20h</p><p style="text-align: center;"><span style="color: #ff9900;">SAC &#8211; Reclamações e Cancelamentos</span><br />0800-880-4051<br />Atendimento 24 horas por dia, 7 dias por semana</p><p style="text-align: center;"><span style="color: #ff9900;">Deficiência auditiva ou de fala</span><br />0800-880-8322<br />Atendimento de segunda a sexta das 8h até 22h</p>								</div>
					</div>
				</div>
		<div class="elementor-element elementor-element-87b518a e-flex e-con-boxed e-con e-parent" data-id="87b518a" data-element_type="container" data-e-type="container">
					<div class="e-con-inner">
		<div class="elementor-element elementor-element-1e1e869 e-con-full e-flex e-con e-child" data-id="1e1e869" data-element_type="container" data-e-type="container">
				<div class="elementor-element elementor-element-53e9319 elementor-widget elementor-widget-heading" data-id="53e9319" data-element_type="widget" data-e-type="widget" data-widget_type="heading.default">
					<h2 class="elementor-heading-title elementor-size-default">COMO DESBLOQUEAR MEU CARTÃO ATRAVÉS DA CENTRAL</h2>				</div>
				</div>
				<div class="elementor-element elementor-element-b055f1f elementor-widget elementor-widget-text-editor" data-id="b055f1f" data-element_type="widget" data-e-type="widget" data-widget_type="text-editor.default">
									<p style="text-align: center;">1) Ter em mãos os dados do estudantes para desbloquear o cartão?</p><p style="text-align: center;"><span style="color: #ff9900;">&#8211; Número do cartão (16 dígitos);</span></p><p style="text-align: center;">&#8211; CPF do estudante e em alguns casos o do Responsável; se o CPF iniciar com zero, o mesmo deve ser informado.</p><p style="text-align: center;">&#8211; Data de nascimento do estudante (sempre)</p><p style="text-align: center;">      dia: informar a data com dois dígitos (ex: 01, 02 &#8230;)</p><p style="text-align: center;">      mês: informar o mês com dois dígitos (ex: 01, 02 &#8230;)</p><p style="text-align: center;">      Ano: informar o ano com quatro dígitos ( 1996, 2002 &#8230;)</p><p style="text-align: center;"><span style="color: #ff9900;">&#8211; Código de Segurança CVV</span> (atrás do cartão, com três dígitos)</p><p style="text-align: center;">2) Como saber qual o CPF que está cadastrado?</p><p style="text-align: center;">Quando a Unidade Escolar realiza a entrega do cartão, o aluno tem que assinar o termo de entrega, e nele consta todos os dados de cadastro do estudante.</p>								</div>
					</div>
				</div>
				</div>

<p>CENTRAL DE ATENDIMENTO ALELO CONTATO CENTRAL DE ATENDIMENTO Capitais e regiões metropolitanas3003-1467Atendimento de segunda a sexta das 8h até 22h Demais regiões0800-333-1467Atendimento de segunda a sexta das 8h até 22hDomingos e feriados das 8h às 20h SAC &#8211; Reclamações e Cancelamentos0800-880-4051Atendimento 24 horas por dia, 7 dias por semana Deficiência auditiva ou de fala0800-880-8322Atendimento de [&hellip;]</p>

CENTRAL DE ATENDIMENTO ALELO CONTATO CENTRAL DE ATENDIMENTO Capitais e regiões metropolitanas3003-1467Atendimento de segunda a sexta das 8h até 22h Demais regiões0800-333-1467Atendimento de segunda a sexta das 8h até 22hDomingos e feriados das 8h às 20h SAC &#8211; Reclamações e Cancelamentos0800-880-4051Atendimento 24 horas por dia, 7 dias por semana Deficiência auditiva ou de fala0800-880-8322Atendimento de&hellip;
