

{"id":247996,"date":"2025-02-17T15:53:27","date_gmt":"2025-02-17T18:53:27","guid":{"rendered":"https:\/\/goias.gov.br\/educacao\/?page_id=247996"},"modified":"2026-01-29T10:32:06","modified_gmt":"2026-01-29T13:32:06","slug":"nucleo-de-saude-do-servidor","status":"publish","type":"page","link":"https:\/\/goias.gov.br\/educacao\/nucleo-de-saude-do-servidor\/","title":{"rendered":"N\u00facleo de Sa\u00fade do Servidor"},"content":{"rendered":"\t\t<div data-elementor-type=\"wp-page\" data-elementor-id=\"247996\" class=\"elementor elementor-247996\">\n\t\t\t\t<div class=\"elementor-element elementor-element-a2e71ce e-flex e-con-boxed e-con e-parent\" data-id=\"a2e71ce\" data-element_type=\"container\" data-e-type=\"container\" data-settings=\"{&quot;background_background&quot;:&quot;gradient&quot;}\">\n\t\t\t\t\t<div class=\"e-con-inner\">\n\t\t<div class=\"elementor-element elementor-element-d7d4b04 e-con-full e-flex e-con e-child\" data-id=\"d7d4b04\" data-element_type=\"container\" data-e-type=\"container\">\n\t\t\t\t<div class=\"elementor-element elementor-element-c9c2877 elementor-widget elementor-widget-image\" data-id=\"c9c2877\" data-element_type=\"widget\" data-e-type=\"widget\" data-widget_type=\"image.default\">\n\t\t\t\t\t\t\t\t\t\t\t\t\t\t\t<img decoding=\"async\" src=\"https:\/\/goias.gov.br\/educacao\/wp-content\/uploads\/sites\/40\/2025\/02\/Design-sem-nome-73.png\" title=\"\" alt=\"\" loading=\"lazy\" \/>\t\t\t\t\t\t\t\t\t\t\t\t\t\t\t<\/div>\n\t\t\t\t<\/div>\n\t\t<div class=\"elementor-element elementor-element-f214b9d e-con-full e-flex e-con e-child\" data-id=\"f214b9d\" data-element_type=\"container\" data-e-type=\"container\">\n\t\t\t\t<div class=\"elementor-element elementor-element-811c797 elementor-widget elementor-widget-heading\" data-id=\"811c797\" data-element_type=\"widget\" data-e-type=\"widget\" data-widget_type=\"heading.default\">\n\t\t\t\t\t<h2 class=\"elementor-heading-title elementor-size-default\">N\u00daCLEO DE SEGURAN\u00c7A E SA\u00daDE DO SERVIDOR E DO ESTUDANTE<\/h2>\t\t\t\t<\/div>\n\t\t\t\t<\/div>\n\t\t<div class=\"elementor-element elementor-element-bce72f9 e-con-full e-flex e-con e-child\" data-id=\"bce72f9\" data-element_type=\"container\" data-e-type=\"container\">\n\t\t\t\t<div class=\"elementor-element elementor-element-061beb4 elementor-widget elementor-widget-image\" data-id=\"061beb4\" data-element_type=\"widget\" data-e-type=\"widget\" data-widget_type=\"image.default\">\n\t\t\t\t\t\t\t\t\t\t\t\t\t\t\t<img decoding=\"async\" src=\"https:\/\/goias.gov.br\/educacao\/wp-content\/uploads\/sites\/40\/2025\/02\/Logo-Abreviada-Seduc-colorida-4k.png\" title=\"\" alt=\"\" loading=\"lazy\" \/>\t\t\t\t\t\t\t\t\t\t\t\t\t\t\t<\/div>\n\t\t\t\t<\/div>\n\t\t\t\t\t<\/div>\n\t\t\t\t<\/div>\n\t\t<div class=\"elementor-element elementor-element-b075c35 e-flex e-con-boxed e-con e-parent\" data-id=\"b075c35\" data-element_type=\"container\" data-e-type=\"container\">\n\t\t\t\t\t<div class=\"e-con-inner\">\n\t\t\t\t<div class=\"elementor-element elementor-element-5e69a9e elementor-widget elementor-widget-text-editor\" data-id=\"5e69a9e\" data-element_type=\"widget\" data-e-type=\"widget\" data-widget_type=\"text-editor.default\">\n\t\t\t\t\t\t\t\t\t<p>O N\u00facleo de Seguran\u00e7a e Sa\u00fade do Servidor e do Estudante tem um papel fundamental na promo\u00e7\u00e3o do bem-estar e da qualidade de vida no ambiente educacional. Suas a\u00e7\u00f5es s\u00e3o voltadas tanto para a sa\u00fade f\u00edsica e mental dos servidores quanto para a seguran\u00e7a dos estudantes nas unidades escolares.<\/p>\n<p>Entre suas principais atribui\u00e7\u00f5es, o N\u00facleo desenvolve programas de promo\u00e7\u00e3o da sa\u00fade ocupacional, focando na preven\u00e7\u00e3o de doen\u00e7as relacionadas ao trabalho, como dist\u00farbios osteomusculares e transtornos mentais. Al\u00e9m disso, atua no acompanhamento e na reabilita\u00e7\u00e3o de servidores readaptados, garantindo sua reintegra\u00e7\u00e3o ao ambiente profissional de forma adequada e segura.<\/p>\n<p>O setor tamb\u00e9m \u00e9 respons\u00e1vel pelo monitoramento dos casos de afastamento por motivo de sa\u00fade, oferecendo suporte para a recupera\u00e7\u00e3o dos servidores e gerenciando solicita\u00e7\u00f5es de licen\u00e7a m\u00e9dica. Em parceria com outras institui\u00e7\u00f5es, promove a\u00e7\u00f5es preventivas e campanhas educativas para melhorar a qualidade de vida dos trabalhadores da educa\u00e7\u00e3o e dos estudantes.<\/p>\n<p>A conscientiza\u00e7\u00e3o sobre sa\u00fade mental \u00e9 outro ponto de aten\u00e7\u00e3o, com iniciativas voltadas para a preven\u00e7\u00e3o do estresse, ansiedade e depress\u00e3o, al\u00e9m de medidas para combater o uso de drogas e o bullying nas escolas. Essas a\u00e7\u00f5es educativas s\u00e3o fundamentais para criar um ambiente escolar mais seguro e acolhedor.<\/p>\n<p>Al\u00e9m das atividades preventivas e de acompanhamento, o N\u00facleo tamb\u00e9m supervisiona tecnicamente a Coordena\u00e7\u00e3o de Aten\u00e7\u00e3o ao Servidor, elaborando relat\u00f3rios e pareceres que orientam a gest\u00e3o da sa\u00fade e seguran\u00e7a no trabalho dentro da Secretaria de Educa\u00e7\u00e3o. Dessa forma, suas a\u00e7\u00f5es contribuem para a melhoria das condi\u00e7\u00f5es laborais dos profissionais da educa\u00e7\u00e3o e para a constru\u00e7\u00e3o de um ambiente escolar mais saud\u00e1vel e protegido para todos.<\/p>\t\t\t\t\t\t\t\t<\/div>\n\t\t\t\t\t<\/div>\n\t\t\t\t<\/div>\n\t\t<div class=\"elementor-element elementor-element-e5b62dd e-flex e-con-boxed e-con e-parent\" data-id=\"e5b62dd\" data-element_type=\"container\" data-e-type=\"container\">\n\t\t\t\t\t<div class=\"e-con-inner\">\n\t\t<div class=\"elementor-element elementor-element-73b4958 e-con-full e-flex e-con e-child\" data-id=\"73b4958\" data-element_type=\"container\" data-e-type=\"container\" data-settings=\"{&quot;background_background&quot;:&quot;gradient&quot;}\">\n\t\t\t\t<div class=\"elementor-element elementor-element-7fc911d elementor-widget elementor-widget-heading\" data-id=\"7fc911d\" data-element_type=\"widget\" data-e-type=\"widget\" data-widget_type=\"heading.default\">\n\t\t\t\t\t<h2 class=\"elementor-heading-title elementor-size-default\"><a href=\"https:\/\/goias.gov.br\/educacao\/wp-content\/uploads\/sites\/40\/2025\/SAUDESERVIDOR\/POLOS_DE_ATENDIMENTOS_EXAME_PERIODICO_2025%20(1).pdf\" target=\"_blank\">Polo de Atendimento Peri\u00f3dico<\/a><\/h2>\t\t\t\t<\/div>\n\t\t\t\t<\/div>\n\t\t<div class=\"elementor-element elementor-element-520de4b e-con-full e-flex e-con e-child\" data-id=\"520de4b\" data-element_type=\"container\" data-e-type=\"container\" data-settings=\"{&quot;background_background&quot;:&quot;gradient&quot;}\">\n\t\t\t\t<div class=\"elementor-element elementor-element-b2063d3 elementor-widget elementor-widget-heading\" data-id=\"b2063d3\" data-element_type=\"widget\" data-e-type=\"widget\" data-widget_type=\"heading.default\">\n\t\t\t\t\t<h2 class=\"elementor-heading-title elementor-size-default\"><a href=\"https:\/\/goias.gov.br\/educacao\/wp-content\/uploads\/sites\/40\/2025\/SAUDESERVIDOR\/MODELO_DO_POST_EXAMES_MEDICOS_PERIODICOS.docx\" target=\"_blank\">Modelo do Post - Exames M\u00e9dicos Peri\u00f3dicos<\/a><\/h2>\t\t\t\t<\/div>\n\t\t\t\t<\/div>\n\t\t<div class=\"elementor-element elementor-element-914bfce e-con-full e-flex e-con e-child\" data-id=\"914bfce\" data-element_type=\"container\" data-e-type=\"container\" data-settings=\"{&quot;background_background&quot;:&quot;gradient&quot;}\">\n\t\t\t\t<div class=\"elementor-element elementor-element-c21ab3c elementor-widget elementor-widget-heading\" data-id=\"c21ab3c\" data-element_type=\"widget\" data-e-type=\"widget\" data-widget_type=\"heading.default\">\n\t\t\t\t\t<h2 class=\"elementor-heading-title elementor-size-default\"><a href=\"https:\/\/goias.gov.br\/educacao\/wp-content\/uploads\/sites\/40\/2025\/SAUDESERVIDOR\/SEDUC_Exames_Periodico_Liberados_31_01_2025.xlsx\" target=\"_blank\">Exames Peri\u00f3dicos Liberados - 31\/01\/2025<\/a><\/h2>\t\t\t\t<\/div>\n\t\t\t\t<\/div>\n\t\t\t\t\t<\/div>\n\t\t\t\t<\/div>\n\t\t\t\t<\/div>\n\t\t","protected":false},"excerpt":{"rendered":"<p>N\u00daCLEO DE SEGURAN\u00c7A E SA\u00daDE DO SERVIDOR E DO ESTUDANTE O N\u00facleo de Seguran\u00e7a e Sa\u00fade do Servidor e do Estudante tem um papel fundamental na promo\u00e7\u00e3o do bem-estar e da qualidade de vida no ambiente educacional. Suas a\u00e7\u00f5es s\u00e3o voltadas tanto para a sa\u00fade f\u00edsica e mental dos servidores quanto para a seguran\u00e7a dos [&hellip;]<\/p>\n","protected":false},"author":465,"featured_media":0,"parent":0,"menu_order":0,"comment_status":"closed","ping_status":"closed","template":"","meta":{"footnotes":""},"class_list":["post-247996","page","type-page","status-publish","hentry"],"rttpg_featured_image_url":null,"rttpg_author":{"display_name":"laysmendes","author_link":"https:\/\/goias.gov.br\/educacao\/author\/laysmendes\/"},"rttpg_comment":0,"rttpg_category":null,"rttpg_excerpt":"N\u00daCLEO DE SEGURAN\u00c7A E SA\u00daDE DO SERVIDOR E DO ESTUDANTE O N\u00facleo de Seguran\u00e7a e Sa\u00fade do Servidor e do Estudante tem um papel fundamental na promo\u00e7\u00e3o do bem-estar e da qualidade de vida no ambiente educacional. Suas a\u00e7\u00f5es s\u00e3o voltadas tanto para a sa\u00fade f\u00edsica e mental dos servidores quanto para a seguran\u00e7a dos&hellip;","_links":{"self":[{"href":"https:\/\/goias.gov.br\/educacao\/wp-json\/wp\/v2\/pages\/247996","targetHints":{"allow":["GET"]}}],"collection":[{"href":"https:\/\/goias.gov.br\/educacao\/wp-json\/wp\/v2\/pages"}],"about":[{"href":"https:\/\/goias.gov.br\/educacao\/wp-json\/wp\/v2\/types\/page"}],"author":[{"embeddable":true,"href":"https:\/\/goias.gov.br\/educacao\/wp-json\/wp\/v2\/users\/465"}],"replies":[{"embeddable":true,"href":"https:\/\/goias.gov.br\/educacao\/wp-json\/wp\/v2\/comments?post=247996"}],"version-history":[{"count":3,"href":"https:\/\/goias.gov.br\/educacao\/wp-json\/wp\/v2\/pages\/247996\/revisions"}],"predecessor-version":[{"id":671097,"href":"https:\/\/goias.gov.br\/educacao\/wp-json\/wp\/v2\/pages\/247996\/revisions\/671097"}],"wp:attachment":[{"href":"https:\/\/goias.gov.br\/educacao\/wp-json\/wp\/v2\/media?parent=247996"}],"curies":[{"name":"wp","href":"https:\/\/api.w.org\/{rel}","templated":true}]}}