

{"id":171682,"date":"2024-11-07T16:17:45","date_gmt":"2024-11-07T19:17:45","guid":{"rendered":"https:\/\/goias.gov.br\/educacao\/?page_id=171682"},"modified":"2026-01-29T09:16:27","modified_gmt":"2026-01-29T12:16:27","slug":"processo-seletivo-cepfor","status":"publish","type":"page","link":"https:\/\/goias.gov.br\/educacao\/processo-seletivo-cepfor\/","title":{"rendered":"Processo Seletivo CEPFOR"},"content":{"rendered":"\t\t<div data-elementor-type=\"wp-page\" data-elementor-id=\"171682\" class=\"elementor elementor-171682\">\n\t\t\t\t<div class=\"elementor-element elementor-element-91d5b71 e-con-full e-flex e-con e-parent\" data-id=\"91d5b71\" data-element_type=\"container\" data-e-type=\"container\">\n\t\t\t\t<div class=\"elementor-element elementor-element-9c3254e elementor-widget elementor-widget-image\" data-id=\"9c3254e\" data-element_type=\"widget\" data-e-type=\"widget\" data-widget_type=\"image.default\">\n\t\t\t\t\t\t\t\t\t\t\t\t\t\t\t<img decoding=\"async\" src=\"https:\/\/goias.gov.br\/educacao\/wp-content\/uploads\/sites\/40\/2024\/11\/Prancheta-8-copia-13-3.png\" title=\"\" alt=\"\" loading=\"lazy\" \/>\t\t\t\t\t\t\t\t\t\t\t\t\t\t\t<\/div>\n\t\t\t\t<\/div>\n\t\t<div class=\"elementor-element elementor-element-f7a866c e-con-full e-flex e-con e-parent\" data-id=\"f7a866c\" data-element_type=\"container\" data-e-type=\"container\">\n\t\t\t\t<div class=\"elementor-element elementor-element-39ee538 elementor-widget elementor-widget-text-editor\" data-id=\"39ee538\" data-element_type=\"widget\" data-e-type=\"widget\" data-widget_type=\"text-editor.default\">\n\t\t\t\t\t\t\t\t\t<p><strong><a href=\"https:\/\/goias.gov.br\/educacao\/wp-content\/uploads\/sites\/40\/2025\/01\/EDITAL-No-01.2025-\u2013-CEPFORSEDUC.pdf\">EDITAL N\u00ba 01.2025 \u2013 CEPFORSEDUC<\/a><\/strong><\/p><p><a href=\"https:\/\/goias.gov.br\/educacao\/wp-content\/uploads\/sites\/40\/2025\/01\/Inscricoes-Homologadas.pdf\">Inscri\u00e7\u00f5es Homologadas<\/a><\/p><p><a href=\"https:\/\/goias.gov.br\/educacao\/wp-content\/uploads\/sites\/40\/2025\/01\/Resultado-Analise-de-Curriculo.pdf\">Resultado An\u00e1lise de Curr\u00edculo<\/a><\/p><p><a href=\"https:\/\/goias.gov.br\/educacao\/wp-content\/uploads\/sites\/40\/2025\/02\/Resultado-Final-Edital-01.2025.pdf\">Resultado Final Edital 01.2025<\/a><\/p>\t\t\t\t\t\t\t\t<\/div>\n\t\t\t\t<\/div>\n\t\t<div class=\"elementor-element elementor-element-4f6cfc4 e-con-full e-flex e-con e-parent\" data-id=\"4f6cfc4\" data-element_type=\"container\" data-e-type=\"container\">\n\t\t\t\t<div class=\"elementor-element elementor-element-15a8221 elementor-widget elementor-widget-text-editor\" data-id=\"15a8221\" data-element_type=\"widget\" data-e-type=\"widget\" data-widget_type=\"text-editor.default\">\n\t\t\t\t\t\t\t\t\t<p><a href=\"https:\/\/goias.gov.br\/educacao\/wp-content\/uploads\/sites\/40\/2024\/ProcessoSeletivoCEPFOR\/Edital_01_2024___Formadores_final__4___1_.docx_REVIS__1___1_%20(3).pdf\"><strong>EDITAL N\u00ba 01\/2024 \u2013 CEPFOR\/SEDUC<\/strong><\/a><\/p><p><a href=\"https:\/\/goias.gov.br\/educacao\/wp-content\/uploads\/sites\/40\/2024\/11\/SEI_GOVERNADORIA-67468909-Retificacao.pdf\">Retifica\u00e7\u00e3o Edital N\u00ba 01\/2024<\/a><\/p><p><a href=\"https:\/\/goias.gov.br\/educacao\/wp-content\/uploads\/sites\/40\/2024\/11\/INSCRICOES_deferidas_processo_seletivo_2.pdf\">Resultados das inscri\u00e7\u00f5es deferidas<\/a><\/p><p><a href=\"https:\/\/goias.gov.br\/educacao\/wp-content\/uploads\/sites\/40\/2024\/12\/Resultado-da-analise-dos-curriculos.pdf\">Resultado da an\u00e1lise dos curr\u00edculos<\/a><\/p><p><a href=\"https:\/\/goias.gov.br\/educacao\/wp-content\/uploads\/sites\/40\/2025\/01\/Resultado-final-do-edital.pdf\">Resultado final do edital<\/a><\/p>\t\t\t\t\t\t\t\t<\/div>\n\t\t\t\t<\/div>\n\t\t\t\t<\/div>\n\t\t","protected":false},"excerpt":{"rendered":"<p>EDITAL N\u00ba 01.2025 \u2013 CEPFORSEDUC Inscri\u00e7\u00f5es Homologadas Resultado An\u00e1lise de Curr\u00edculo Resultado Final Edital 01.2025 EDITAL N\u00ba 01\/2024 \u2013 CEPFOR\/SEDUC Retifica\u00e7\u00e3o Edital N\u00ba 01\/2024 Resultados das inscri\u00e7\u00f5es deferidas Resultado da an\u00e1lise dos curr\u00edculos Resultado final do edital<\/p>\n","protected":false},"author":465,"featured_media":0,"parent":0,"menu_order":0,"comment_status":"closed","ping_status":"closed","template":"","meta":{"footnotes":""},"class_list":["post-171682","page","type-page","status-publish","hentry"],"rttpg_featured_image_url":null,"rttpg_author":{"display_name":"laysmendes","author_link":"https:\/\/goias.gov.br\/educacao\/author\/laysmendes\/"},"rttpg_comment":0,"rttpg_category":null,"rttpg_excerpt":"EDITAL N\u00ba 01.2025 \u2013 CEPFORSEDUC Inscri\u00e7\u00f5es Homologadas Resultado An\u00e1lise de Curr\u00edculo Resultado Final Edital 01.2025 EDITAL N\u00ba 01\/2024 \u2013 CEPFOR\/SEDUC Retifica\u00e7\u00e3o Edital N\u00ba 01\/2024 Resultados das inscri\u00e7\u00f5es deferidas Resultado da an\u00e1lise dos curr\u00edculos Resultado final do edital","_links":{"self":[{"href":"https:\/\/goias.gov.br\/educacao\/wp-json\/wp\/v2\/pages\/171682","targetHints":{"allow":["GET"]}}],"collection":[{"href":"https:\/\/goias.gov.br\/educacao\/wp-json\/wp\/v2\/pages"}],"about":[{"href":"https:\/\/goias.gov.br\/educacao\/wp-json\/wp\/v2\/types\/page"}],"author":[{"embeddable":true,"href":"https:\/\/goias.gov.br\/educacao\/wp-json\/wp\/v2\/users\/465"}],"replies":[{"embeddable":true,"href":"https:\/\/goias.gov.br\/educacao\/wp-json\/wp\/v2\/comments?post=171682"}],"version-history":[{"count":2,"href":"https:\/\/goias.gov.br\/educacao\/wp-json\/wp\/v2\/pages\/171682\/revisions"}],"predecessor-version":[{"id":669817,"href":"https:\/\/goias.gov.br\/educacao\/wp-json\/wp\/v2\/pages\/171682\/revisions\/669817"}],"wp:attachment":[{"href":"https:\/\/goias.gov.br\/educacao\/wp-json\/wp\/v2\/media?parent=171682"}],"curies":[{"name":"wp","href":"https:\/\/api.w.org\/{rel}","templated":true}]}}