

{"id":150190,"date":"2024-10-02T16:12:08","date_gmt":"2024-10-02T19:12:08","guid":{"rendered":"https:\/\/goias.gov.br\/educacao\/?page_id=150190"},"modified":"2026-01-30T08:32:34","modified_gmt":"2026-01-30T11:32:34","slug":"enem-2024","status":"publish","type":"page","link":"https:\/\/goias.gov.br\/educacao\/enem-2024\/","title":{"rendered":"ENEM 2024"},"content":{"rendered":"\t\t<div data-elementor-type=\"wp-page\" data-elementor-id=\"150190\" class=\"elementor elementor-150190\">\n\t\t\t\t<div class=\"elementor-element elementor-element-bcc2134 e-flex e-con-boxed e-con e-parent\" data-id=\"bcc2134\" data-element_type=\"container\" data-e-type=\"container\">\n\t\t\t\t\t<div class=\"e-con-inner\">\n\t\t\t\t<div class=\"elementor-element elementor-element-42f5a59 elementor-widget elementor-widget-image\" data-id=\"42f5a59\" data-element_type=\"widget\" data-e-type=\"widget\" data-widget_type=\"image.default\">\n\t\t\t\t\t\t\t\t\t\t\t\t\t\t\t<img decoding=\"async\" src=\"https:\/\/goias.gov.br\/educacao\/wp-content\/uploads\/sites\/40\/2024\/10\/Prancheta-1-1.png\" title=\"\" alt=\"\" loading=\"lazy\" \/>\t\t\t\t\t\t\t\t\t\t\t\t\t\t\t<\/div>\n\t\t\t\t<div class=\"elementor-element elementor-element-05ea150 elementor-widget elementor-widget-text-editor\" data-id=\"05ea150\" data-element_type=\"widget\" data-e-type=\"widget\" data-widget_type=\"text-editor.default\">\n\t\t\t\t\t\t\t\t\t<p>As informa\u00e7\u00f5es sobre o Exame Nacional do Ensino M\u00e9dio (Enem) 2024 foram divulgadas pelo Instituto Nacional de Estudos e Pesquisas Educacionais An\u00edsio Teixeira (Inep) e os interessados em participar da avalia\u00e7\u00e3o do MEC j\u00e1 podem se programar.<\/p><p>As inscri\u00e7\u00f5es para o Exame ter\u00e3o in\u00edcio no m\u00eas de maio e as provas ser\u00e3o aplicadas no m\u00eas de novembro. Confira, abaixo, as informa\u00e7\u00f5es sobre cada etapa do exame!<\/p>\t\t\t\t\t\t\t\t<\/div>\n\t\t\t\t<div class=\"elementor-element elementor-element-cd0771c elementor-widget elementor-widget-image\" data-id=\"cd0771c\" data-element_type=\"widget\" data-e-type=\"widget\" data-widget_type=\"image.default\">\n\t\t\t\t\t\t\t\t\t\t\t\t\t\t\t<img decoding=\"async\" src=\"https:\/\/goias.gov.br\/educacao\/wp-content\/uploads\/sites\/40\/2024\/10\/Programa-Reformar-1150-%C3%97-200-px-1150-x-80-px-600-x-60-px-15.png\" title=\"\" alt=\"\" loading=\"lazy\" \/>\t\t\t\t\t\t\t\t\t\t\t\t\t\t\t<\/div>\n\t\t\t\t<div class=\"elementor-element elementor-element-8646267 elementor-widget elementor-widget-text-editor\" data-id=\"8646267\" data-element_type=\"widget\" data-e-type=\"widget\" data-widget_type=\"text-editor.default\">\n\t\t\t\t\t\t\t\t\t<p>O Enem \u00e9 uma prova do Governo Federal que avalia o desempenho individual dos estudantes de Ensino M\u00e9dio. Por meio do exame, concluintes desta etapa de ensino ou participantes que j\u00e1 t\u00eam diploma de n\u00edvel m\u00e9dio podem chegar \u00e0s universidades por meio do Sisu e do ProUni ou solicitar financiamento estudantil por meio do Fies.<\/p><p>Acesse aqui o edital do exame <a href=\"https:\/\/www.gov.br\/inep\/pt-br\/centrais-de-conteudo\/legislacao\/enem\">(https:\/\/www.gov.br\/inep\/pt-br\/centrais-de-conteudo\/legislacao\/enem)<\/a><\/p>\t\t\t\t\t\t\t\t<\/div>\n\t\t\t\t<div class=\"elementor-element elementor-element-eaa2a67 elementor-widget elementor-widget-image\" data-id=\"eaa2a67\" data-element_type=\"widget\" data-e-type=\"widget\" data-widget_type=\"image.default\">\n\t\t\t\t\t\t\t\t\t\t\t\t\t\t\t<img decoding=\"async\" src=\"https:\/\/goias.gov.br\/educacao\/wp-content\/uploads\/sites\/40\/2024\/10\/Programa-Reformar-1150-%C3%97-200-px-1150-x-80-px-600-x-60-px-16.png\" title=\"\" alt=\"\" loading=\"lazy\" \/>\t\t\t\t\t\t\t\t\t\t\t\t\t\t\t<\/div>\n\t\t\t\t<div class=\"elementor-element elementor-element-85c29bc elementor-widget elementor-widget-text-editor\" data-id=\"85c29bc\" data-element_type=\"widget\" data-e-type=\"widget\" data-widget_type=\"text-editor.default\">\n\t\t\t\t\t\t\t\t\t<p>No in\u00edcio do m\u00eas de mar\u00e7o, o Inep anunciou o per\u00edodo de inscri\u00e7\u00e3o no Enem 2023. As inscri\u00e7\u00f5es, poder\u00e3o ser feitas a partir do dia 27 de maio, no portal <a href=\"https:\/\/enem.inep.gov.br\/participante\/#!\/\">&lt;enem.inep.gov.br\/participante&gt;<\/a>.<\/p><p>O prazo para que os interessados realizem a inscri\u00e7\u00e3o termina no dia 14 de junho e para o pagamento da taxa de inscri\u00e7\u00e3o \u00e9 at\u00e9 o dia 14 de junho.<\/p>\t\t\t\t\t\t\t\t<\/div>\n\t\t\t\t<div class=\"elementor-element elementor-element-ca28299 elementor-widget elementor-widget-image\" data-id=\"ca28299\" data-element_type=\"widget\" data-e-type=\"widget\" data-widget_type=\"image.default\">\n\t\t\t\t\t\t\t\t\t\t\t\t\t\t\t<img decoding=\"async\" src=\"https:\/\/goias.gov.br\/educacao\/wp-content\/uploads\/sites\/40\/2024\/10\/Programa-Reformar-1150-%C3%97-200-px-1150-x-80-px-600-x-60-px-17.png\" title=\"\" alt=\"\" loading=\"lazy\" \/>\t\t\t\t\t\t\t\t\t\t\t\t\t\t\t<\/div>\n\t\t\t\t<div class=\"elementor-element elementor-element-6852f9c elementor-widget elementor-widget-text-editor\" data-id=\"6852f9c\" data-element_type=\"widget\" data-e-type=\"widget\" data-widget_type=\"text-editor.default\">\n\t\t\t\t\t\t\t\t\t<p>Estudantes da rede p\u00fablica que est\u00e3o na \u00faltima s\u00e9rie do Ensino M\u00e9dio e pessoas que conclu\u00edram o Ensino M\u00e9dio em escola p\u00fablica ou que foram bolsistas em escola da rede privada podem solicitar a isen\u00e7\u00e3o da taxa de inscri\u00e7\u00e3o do exame.<\/p><p>Para solicitar a isen\u00e7\u00e3o, o participante deve acessar o site &lt;enem.inep.gov.br\/participante&gt; entre os dias 13 e 17 de maio, preencher as informa\u00e7\u00f5es solicitadas e criar uma senha de acesso para a P\u00e1gina do Participante. O resultado da solicita\u00e7\u00e3o poder\u00e1 ser consultado a partir do dia 24 de maio.<\/p><p>Neste mesmo prazo, participantes que obtiveram a isen\u00e7\u00e3o em 2023 e n\u00e3o compareceram nas provas dever\u00e3o justificar a aus\u00eancia. Para a justificativa de aus\u00eancia no Enem 2023 o participante dever\u00e1 enviar documentos que comprovem a situa\u00e7\u00e3o que motivou o n\u00e3o comparecimento, como, por exemplo, boletim de ocorr\u00eancia policial ou atestado m\u00e9dico.<\/p><p>A aprova\u00e7\u00e3o da isen\u00e7\u00e3o ou da justificativa de aus\u00eancia n\u00e3o garante a efetiva\u00e7\u00e3o da inscri\u00e7\u00e3o no Enem 2024. Assim sendo, os candidatos que tiverem a isen\u00e7\u00e3o ou justificativa aprovada tamb\u00e9m dever\u00e3o acessar o portal <a href=\"https:\/\/enem.inep.gov.br\/participante\/#!\/\">&lt;enem.inep.gov.br\/participante&gt;<\/a> a partir do dia 27 de maio e realizar a inscri\u00e7\u00e3o no Exame.<\/p>\t\t\t\t\t\t\t\t<\/div>\n\t\t\t\t<div class=\"elementor-element elementor-element-7463897 elementor-widget elementor-widget-image\" data-id=\"7463897\" data-element_type=\"widget\" data-e-type=\"widget\" data-widget_type=\"image.default\">\n\t\t\t\t\t\t\t\t\t\t\t\t\t\t\t<img decoding=\"async\" src=\"https:\/\/goias.gov.br\/educacao\/wp-content\/uploads\/sites\/40\/2024\/10\/Programa-Reformar-1150-%C3%97-200-px-1150-x-80-px-600-x-60-px-18.png\" title=\"\" alt=\"\" loading=\"lazy\" \/>\t\t\t\t\t\t\t\t\t\t\t\t\t\t\t<\/div>\n\t\t\t\t<div class=\"elementor-element elementor-element-e168eda elementor-widget elementor-widget-text-editor\" data-id=\"e168eda\" data-element_type=\"widget\" data-e-type=\"widget\" data-widget_type=\"text-editor.default\">\n\t\t\t\t\t\t\t\t\t<p>As provas do Enem ser\u00e3o aplicadas nos dias 03 e 10 de novembro. O gabarito oficial das provas ser\u00e1 divulgado no dia 20 de novembro. J\u00e1 os resultados est\u00e3o previstos para o dia 13 de janeiro de 2025.<\/p><h3>Anote as datas:<\/h3><table><tbody><tr><td>&#8211; Justificativa de aus\u00eancia e\/ou solicita\u00e7\u00e3o de isen\u00e7\u00e3o:<\/td><td>13 a 17 de maio<\/td><\/tr><tr><td>&#8211; Inscri\u00e7\u00f5es Enem 2024:<\/td><td>27 de maio a 14 de junho<\/td><\/tr><tr><td>&#8211; Pagamento da taxa de inscri\u00e7\u00e3o:<\/td><td>27 de maio a 19 de junho<\/td><\/tr><tr><td>&#8211; Aplica\u00e7\u00e3o das provas:<\/td><td>03 e 10 de novembro<\/td><\/tr><tr><td>&#8211; Divulga\u00e7\u00e3o do gabarito:<\/td><td>20 de novembro de 2024<\/td><\/tr><tr><td>&#8211; Divulga\u00e7\u00e3o do resultado:<\/td><td>13 de janeiro de 2025<\/td><\/tr><\/tbody><\/table>\t\t\t\t\t\t\t\t<\/div>\n\t\t\t\t\t<\/div>\n\t\t\t\t<\/div>\n\t\t\t\t<\/div>\n\t\t","protected":false},"excerpt":{"rendered":"<p>As informa\u00e7\u00f5es sobre o Exame Nacional do Ensino M\u00e9dio (Enem) 2024 foram divulgadas pelo Instituto Nacional de Estudos e Pesquisas Educacionais An\u00edsio Teixeira (Inep) e os interessados em participar da avalia\u00e7\u00e3o do MEC j\u00e1 podem se programar. As inscri\u00e7\u00f5es para o Exame ter\u00e3o in\u00edcio no m\u00eas de maio e as provas ser\u00e3o aplicadas no m\u00eas [&hellip;]<\/p>\n","protected":false},"author":465,"featured_media":0,"parent":0,"menu_order":0,"comment_status":"closed","ping_status":"closed","template":"","meta":{"footnotes":""},"class_list":["post-150190","page","type-page","status-publish","hentry"],"rttpg_featured_image_url":null,"rttpg_author":{"display_name":"laysmendes","author_link":"https:\/\/goias.gov.br\/educacao\/author\/laysmendes\/"},"rttpg_comment":0,"rttpg_category":null,"rttpg_excerpt":"As informa\u00e7\u00f5es sobre o Exame Nacional do Ensino M\u00e9dio (Enem) 2024 foram divulgadas pelo Instituto Nacional de Estudos e Pesquisas Educacionais An\u00edsio Teixeira (Inep) e os interessados em participar da avalia\u00e7\u00e3o do MEC j\u00e1 podem se programar. As inscri\u00e7\u00f5es para o Exame ter\u00e3o in\u00edcio no m\u00eas de maio e as provas ser\u00e3o aplicadas no m\u00eas&hellip;","_links":{"self":[{"href":"https:\/\/goias.gov.br\/educacao\/wp-json\/wp\/v2\/pages\/150190","targetHints":{"allow":["GET"]}}],"collection":[{"href":"https:\/\/goias.gov.br\/educacao\/wp-json\/wp\/v2\/pages"}],"about":[{"href":"https:\/\/goias.gov.br\/educacao\/wp-json\/wp\/v2\/types\/page"}],"author":[{"embeddable":true,"href":"https:\/\/goias.gov.br\/educacao\/wp-json\/wp\/v2\/users\/465"}],"replies":[{"embeddable":true,"href":"https:\/\/goias.gov.br\/educacao\/wp-json\/wp\/v2\/comments?post=150190"}],"version-history":[{"count":3,"href":"https:\/\/goias.gov.br\/educacao\/wp-json\/wp\/v2\/pages\/150190\/revisions"}],"predecessor-version":[{"id":675652,"href":"https:\/\/goias.gov.br\/educacao\/wp-json\/wp\/v2\/pages\/150190\/revisions\/675652"}],"wp:attachment":[{"href":"https:\/\/goias.gov.br\/educacao\/wp-json\/wp\/v2\/media?parent=150190"}],"curies":[{"name":"wp","href":"https:\/\/api.w.org\/{rel}","templated":true}]}}

<div data-elementor-type="wp-page" data-elementor-id="150190" class="elementor elementor-150190">
				<div class="elementor-element elementor-element-bcc2134 e-flex e-con-boxed e-con e-parent" data-id="bcc2134" data-element_type="container" data-e-type="container">
					<div class="e-con-inner">
				<div class="elementor-element elementor-element-42f5a59 elementor-widget elementor-widget-image" data-id="42f5a59" data-element_type="widget" data-e-type="widget" data-widget_type="image.default">
															<img decoding="async" src="https://goias.gov.br/educacao/wp-content/uploads/sites/40/2024/10/Prancheta-1-1.png" title="" alt="" loading="lazy" />															</div>
				<div class="elementor-element elementor-element-05ea150 elementor-widget elementor-widget-text-editor" data-id="05ea150" data-element_type="widget" data-e-type="widget" data-widget_type="text-editor.default">
									<p>As informações sobre o Exame Nacional do Ensino Médio (Enem) 2024 foram divulgadas pelo Instituto Nacional de Estudos e Pesquisas Educacionais Anísio Teixeira (Inep) e os interessados em participar da avaliação do MEC já podem se programar.</p><p>As inscrições para o Exame terão início no mês de maio e as provas serão aplicadas no mês de novembro. Confira, abaixo, as informações sobre cada etapa do exame!</p>								</div>
				<div class="elementor-element elementor-element-cd0771c elementor-widget elementor-widget-image" data-id="cd0771c" data-element_type="widget" data-e-type="widget" data-widget_type="image.default">
															<img decoding="async" src="https://goias.gov.br/educacao/wp-content/uploads/sites/40/2024/10/Programa-Reformar-1150-%C3%97-200-px-1150-x-80-px-600-x-60-px-15.png" title="" alt="" loading="lazy" />															</div>
				<div class="elementor-element elementor-element-8646267 elementor-widget elementor-widget-text-editor" data-id="8646267" data-element_type="widget" data-e-type="widget" data-widget_type="text-editor.default">
									<p>O Enem é uma prova do Governo Federal que avalia o desempenho individual dos estudantes de Ensino Médio. Por meio do exame, concluintes desta etapa de ensino ou participantes que já têm diploma de nível médio podem chegar às universidades por meio do Sisu e do ProUni ou solicitar financiamento estudantil por meio do Fies.</p><p>Acesse aqui o edital do exame <a href="https://www.gov.br/inep/pt-br/centrais-de-conteudo/legislacao/enem">(https://www.gov.br/inep/pt-br/centrais-de-conteudo/legislacao/enem)</a></p>								</div>
				<div class="elementor-element elementor-element-eaa2a67 elementor-widget elementor-widget-image" data-id="eaa2a67" data-element_type="widget" data-e-type="widget" data-widget_type="image.default">
															<img decoding="async" src="https://goias.gov.br/educacao/wp-content/uploads/sites/40/2024/10/Programa-Reformar-1150-%C3%97-200-px-1150-x-80-px-600-x-60-px-16.png" title="" alt="" loading="lazy" />															</div>
				<div class="elementor-element elementor-element-85c29bc elementor-widget elementor-widget-text-editor" data-id="85c29bc" data-element_type="widget" data-e-type="widget" data-widget_type="text-editor.default">
									<p>No início do mês de março, o Inep anunciou o período de inscrição no Enem 2023. As inscrições, poderão ser feitas a partir do dia 27 de maio, no portal <a href="https://enem.inep.gov.br/participante/#!/">&lt;enem.inep.gov.br/participante&gt;</a>.</p><p>O prazo para que os interessados realizem a inscrição termina no dia 14 de junho e para o pagamento da taxa de inscrição é até o dia 14 de junho.</p>								</div>
				<div class="elementor-element elementor-element-ca28299 elementor-widget elementor-widget-image" data-id="ca28299" data-element_type="widget" data-e-type="widget" data-widget_type="image.default">
															<img decoding="async" src="https://goias.gov.br/educacao/wp-content/uploads/sites/40/2024/10/Programa-Reformar-1150-%C3%97-200-px-1150-x-80-px-600-x-60-px-17.png" title="" alt="" loading="lazy" />															</div>
				<div class="elementor-element elementor-element-6852f9c elementor-widget elementor-widget-text-editor" data-id="6852f9c" data-element_type="widget" data-e-type="widget" data-widget_type="text-editor.default">
									<p>Estudantes da rede pública que estão na última série do Ensino Médio e pessoas que concluíram o Ensino Médio em escola pública ou que foram bolsistas em escola da rede privada podem solicitar a isenção da taxa de inscrição do exame.</p><p>Para solicitar a isenção, o participante deve acessar o site &lt;enem.inep.gov.br/participante&gt; entre os dias 13 e 17 de maio, preencher as informações solicitadas e criar uma senha de acesso para a Página do Participante. O resultado da solicitação poderá ser consultado a partir do dia 24 de maio.</p><p>Neste mesmo prazo, participantes que obtiveram a isenção em 2023 e não compareceram nas provas deverão justificar a ausência. Para a justificativa de ausência no Enem 2023 o participante deverá enviar documentos que comprovem a situação que motivou o não comparecimento, como, por exemplo, boletim de ocorrência policial ou atestado médico.</p><p>A aprovação da isenção ou da justificativa de ausência não garante a efetivação da inscrição no Enem 2024. Assim sendo, os candidatos que tiverem a isenção ou justificativa aprovada também deverão acessar o portal <a href="https://enem.inep.gov.br/participante/#!/">&lt;enem.inep.gov.br/participante&gt;</a> a partir do dia 27 de maio e realizar a inscrição no Exame.</p>								</div>
				<div class="elementor-element elementor-element-7463897 elementor-widget elementor-widget-image" data-id="7463897" data-element_type="widget" data-e-type="widget" data-widget_type="image.default">
															<img decoding="async" src="https://goias.gov.br/educacao/wp-content/uploads/sites/40/2024/10/Programa-Reformar-1150-%C3%97-200-px-1150-x-80-px-600-x-60-px-18.png" title="" alt="" loading="lazy" />															</div>
				<div class="elementor-element elementor-element-e168eda elementor-widget elementor-widget-text-editor" data-id="e168eda" data-element_type="widget" data-e-type="widget" data-widget_type="text-editor.default">
									<p>As provas do Enem serão aplicadas nos dias 03 e 10 de novembro. O gabarito oficial das provas será divulgado no dia 20 de novembro. Já os resultados estão previstos para o dia 13 de janeiro de 2025.</p><h3>Anote as datas:</h3><table><tbody><tr><td>&#8211; Justificativa de ausência e/ou solicitação de isenção:</td><td>13 a 17 de maio</td></tr><tr><td>&#8211; Inscrições Enem 2024:</td><td>27 de maio a 14 de junho</td></tr><tr><td>&#8211; Pagamento da taxa de inscrição:</td><td>27 de maio a 19 de junho</td></tr><tr><td>&#8211; Aplicação das provas:</td><td>03 e 10 de novembro</td></tr><tr><td>&#8211; Divulgação do gabarito:</td><td>20 de novembro de 2024</td></tr><tr><td>&#8211; Divulgação do resultado:</td><td>13 de janeiro de 2025</td></tr></tbody></table>								</div>
					</div>
				</div>
				</div>

<p>As informações sobre o Exame Nacional do Ensino Médio (Enem) 2024 foram divulgadas pelo Instituto Nacional de Estudos e Pesquisas Educacionais Anísio Teixeira (Inep) e os interessados em participar da avaliação do MEC já podem se programar. As inscrições para o Exame terão início no mês de maio e as provas serão aplicadas no mês [&hellip;]</p>

As informações sobre o Exame Nacional do Ensino Médio (Enem) 2024 foram divulgadas pelo Instituto Nacional de Estudos e Pesquisas Educacionais Anísio Teixeira (Inep) e os interessados em participar da avaliação do MEC já podem se programar. As inscrições para o Exame terão início no mês de maio e as provas serão aplicadas no mês&hellip;
