

{"id":149717,"date":"2024-10-02T14:41:39","date_gmt":"2024-10-02T17:41:39","guid":{"rendered":"https:\/\/goias.gov.br\/educacao\/?page_id=149717"},"modified":"2026-01-29T16:16:46","modified_gmt":"2026-01-29T19:16:46","slug":"goias-bem-no-enem-3","status":"publish","type":"page","link":"https:\/\/goias.gov.br\/educacao\/goias-bem-no-enem-3\/","title":{"rendered":"Goi\u00e1s Bem no Enem"},"content":{"rendered":"\t\t<div data-elementor-type=\"wp-page\" data-elementor-id=\"149717\" class=\"elementor elementor-149717\">\n\t\t\t\t<div class=\"elementor-element elementor-element-358115f e-flex e-con-boxed e-con e-parent\" data-id=\"358115f\" data-element_type=\"container\" data-e-type=\"container\" data-settings=\"{&quot;background_background&quot;:&quot;gradient&quot;}\">\n\t\t\t\t\t<div class=\"e-con-inner\">\n\t\t<div class=\"elementor-element elementor-element-acdc81b e-con-full e-flex e-con e-child\" data-id=\"acdc81b\" data-element_type=\"container\" data-e-type=\"container\">\n\t\t\t\t<div class=\"elementor-element elementor-element-b93ecc4 elementor-widget elementor-widget-image\" data-id=\"b93ecc4\" data-element_type=\"widget\" data-e-type=\"widget\" data-widget_type=\"image.default\">\n\t\t\t\t\t\t\t\t\t\t\t\t\t\t\t<img decoding=\"async\" src=\"https:\/\/goias.gov.br\/educacao\/wp-content\/uploads\/sites\/40\/2025\/02\/videos-2025-02-19T095712.355.png\" title=\"\" alt=\"\" loading=\"lazy\" \/>\t\t\t\t\t\t\t\t\t\t\t\t\t\t\t<\/div>\n\t\t\t\t<\/div>\n\t\t<div class=\"elementor-element elementor-element-4de39eb e-con-full e-flex e-con e-child\" data-id=\"4de39eb\" data-element_type=\"container\" data-e-type=\"container\">\n\t\t\t\t<div class=\"elementor-element elementor-element-7122750 elementor-widget elementor-widget-heading\" data-id=\"7122750\" data-element_type=\"widget\" data-e-type=\"widget\" data-widget_type=\"heading.default\">\n\t\t\t\t\t<h2 class=\"elementor-heading-title elementor-size-default\">ENEM<\/h2>\t\t\t\t<\/div>\n\t\t\t\t<div class=\"elementor-element elementor-element-68facea elementor-widget elementor-widget-heading\" data-id=\"68facea\" data-element_type=\"widget\" data-e-type=\"widget\" data-widget_type=\"heading.default\">\n\t\t\t\t\t<h2 class=\"elementor-heading-title elementor-size-default\">Exame Nacional do Ensino M\u00e9dio<\/h2>\t\t\t\t<\/div>\n\t\t\t\t<\/div>\n\t\t<div class=\"elementor-element elementor-element-90e4dd1 e-con-full e-flex e-con e-child\" data-id=\"90e4dd1\" data-element_type=\"container\" data-e-type=\"container\">\n\t\t\t\t<div class=\"elementor-element elementor-element-55e4415 elementor-widget elementor-widget-image\" data-id=\"55e4415\" data-element_type=\"widget\" data-e-type=\"widget\" data-widget_type=\"image.default\">\n\t\t\t\t\t\t\t\t\t\t\t\t\t\t\t<img decoding=\"async\" src=\"https:\/\/goias.gov.br\/educacao\/wp-content\/uploads\/sites\/40\/2025\/02\/Logo-Abreviada-Seduc-branco.png\" title=\"\" alt=\"\" loading=\"lazy\" \/>\t\t\t\t\t\t\t\t\t\t\t\t\t\t\t<\/div>\n\t\t\t\t<\/div>\n\t\t\t\t\t<\/div>\n\t\t\t\t<\/div>\n\t\t<div class=\"elementor-element elementor-element-c03447f e-flex e-con-boxed e-con e-parent\" data-id=\"c03447f\" data-element_type=\"container\" data-e-type=\"container\">\n\t\t\t\t\t<div class=\"e-con-inner\">\n\t\t\t\t<div class=\"elementor-element elementor-element-e4dfb89 elementor-widget elementor-widget-text-editor\" data-id=\"e4dfb89\" data-element_type=\"widget\" data-e-type=\"widget\" data-widget_type=\"text-editor.default\">\n\t\t\t\t\t\t\t\t\t<p>O Exame Nacional do Ensino M\u00e9dio (Enem) \u00e9 uma das principais portas de acesso ao ensino superior no Brasil, sendo utilizado como crit\u00e9rio de sele\u00e7\u00e3o no Sistema de Sele\u00e7\u00e3o Unificada (Sisu); no Programa Universidade para Todos (ProUni) e, ainda, no financiamento estudantil, via Fundo de Financiamento Estudantil (Fies). Tamb\u00e9m, a nota do Enem \u00e9 aceita por universidades internacionais, inclusive, em Portugal.<\/p>\t\t\t\t\t\t\t\t<\/div>\n\t\t\t\t<div class=\"elementor-element elementor-element-6dfee29 elementor-widget elementor-widget-text-editor\" data-id=\"6dfee29\" data-element_type=\"widget\" data-e-type=\"widget\" data-widget_type=\"text-editor.default\">\n\t\t\t\t\t\t\t\t\t<p>O Exame Nacional do Ensino M\u00e9dio (Enem) \u00e9 uma das principais portas de acesso ao ensino superior no Brasil, sendo utilizado como crit\u00e9rio de sele\u00e7\u00e3o no Sistema de Sele\u00e7\u00e3o Unificada (Sisu); no Programa Universidade para Todos (ProUni) e, ainda, no financiamento estudantil, via Fundo de Financiamento Estudantil (Fies). Tamb\u00e9m, a nota do Enem \u00e9 aceita por universidades internacionais, inclusive, em Portugal.<\/p>\t\t\t\t\t\t\t\t<\/div>\n\t\t\t\t\t<\/div>\n\t\t\t\t<\/div>\n\t\t<div class=\"elementor-element elementor-element-d005891 e-flex e-con-boxed e-con e-parent\" data-id=\"d005891\" data-element_type=\"container\" data-e-type=\"container\" data-settings=\"{&quot;background_background&quot;:&quot;gradient&quot;}\">\n\t\t\t\t\t<div class=\"e-con-inner\">\n\t\t\t\t<div class=\"elementor-element elementor-element-0f789fd elementor-widget elementor-widget-heading\" data-id=\"0f789fd\" data-element_type=\"widget\" data-e-type=\"widget\" data-widget_type=\"heading.default\">\n\t\t\t\t\t<h2 class=\"elementor-heading-title elementor-size-default\">Exame Nacional do Ensino M\u00e9dio<\/h2>\t\t\t\t<\/div>\n\t\t\t\t\t<\/div>\n\t\t\t\t<\/div>\n\t\t<div class=\"elementor-element elementor-element-96b0ef9 e-flex e-con-boxed e-con e-parent\" data-id=\"96b0ef9\" data-element_type=\"container\" data-e-type=\"container\">\n\t\t\t\t\t<div class=\"e-con-inner\">\n\t\t\t\t<div class=\"elementor-element elementor-element-62dabf4 elementor-widget elementor-widget-text-editor\" data-id=\"62dabf4\" data-element_type=\"widget\" data-e-type=\"widget\" data-widget_type=\"text-editor.default\">\n\t\t\t\t\t\t\t\t\t<p>O Gobem contempla todas as \u00e1reas do conhecimento avaliadas no Enem: Linguagens e suas Tecnologias, Matem\u00e1tica e suas Tecnologias, Ci\u00eancias da Natureza e suas Tecnologias, Ci\u00eancias Humanas e Sociais Aplicadas, al\u00e9m da Reda\u00e7\u00e3o e Atualidades. Conforme o plano de a\u00e7\u00e3o da Seduc\/GO, o foco \u00e9 refor\u00e7ar o desenvolvimento das compet\u00eancias relacionadas na Matriz de Refer\u00eancia do Enem. Dentre as a\u00e7\u00f5es do projeto se destacam:<\/p>\t\t\t\t\t\t\t\t<\/div>\n\t\t\t\t\t<\/div>\n\t\t\t\t<\/div>\n\t\t<div class=\"elementor-element elementor-element-a591c28 e-flex e-con-boxed e-con e-parent\" data-id=\"a591c28\" data-element_type=\"container\" data-e-type=\"container\">\n\t\t\t\t\t<div class=\"e-con-inner\">\n\t\t<div class=\"elementor-element elementor-element-8265af4 e-con-full e-flex e-con e-child\" data-id=\"8265af4\" data-element_type=\"container\" data-e-type=\"container\">\n\t\t\t\t<div class=\"elementor-element elementor-element-3da512b elementor-widget elementor-widget-image\" data-id=\"3da512b\" data-element_type=\"widget\" data-e-type=\"widget\" data-widget_type=\"image.default\">\n\t\t\t\t\t\t\t\t\t\t\t\t\t\t\t<img decoding=\"async\" src=\"https:\/\/goias.gov.br\/educacao\/wp-content\/uploads\/sites\/40\/2025\/02\/Black-White-Minimalist-Letter-MC-Logo.png\" title=\"\" alt=\"\" loading=\"lazy\" \/>\t\t\t\t\t\t\t\t\t\t\t\t\t\t\t<\/div>\n\t\t\t\t<\/div>\n\t\t<div class=\"elementor-element elementor-element-76bc072 e-con-full e-flex e-con e-child\" data-id=\"76bc072\" data-element_type=\"container\" data-e-type=\"container\">\n\t\t\t\t<div class=\"elementor-element elementor-element-bca3c1e elementor-widget elementor-widget-heading\" data-id=\"bca3c1e\" data-element_type=\"widget\" data-e-type=\"widget\" data-widget_type=\"heading.default\">\n\t\t\t\t\t<h2 class=\"elementor-heading-title elementor-size-default\">Maratona Gobem:<\/h2>\t\t\t\t<\/div>\n\t\t\t\t<div class=\"elementor-element elementor-element-390b9fe elementor-widget elementor-widget-text-editor\" data-id=\"390b9fe\" data-element_type=\"widget\" data-e-type=\"widget\" data-widget_type=\"text-editor.default\">\n\t\t\t\t\t\t\t\t\t<p>Transmiss\u00e3o semanal de videoaulas referentes aos conte\u00fados do exame diretamente para as unidades escolares. Essas aulas s\u00e3o ministradas por especialistas das diversas \u00e1reas e ficam dispon\u00edveis no canal do YouTube Gobem 2024, acess\u00edvel a todos os estudantes;<\/p>\t\t\t\t\t\t\t\t<\/div>\n\t\t\t\t<\/div>\n\t\t\t\t\t<\/div>\n\t\t\t\t<\/div>\n\t\t<div class=\"elementor-element elementor-element-1952814 e-flex e-con-boxed e-con e-parent\" data-id=\"1952814\" data-element_type=\"container\" data-e-type=\"container\">\n\t\t\t\t\t<div class=\"e-con-inner\">\n\t\t<div class=\"elementor-element elementor-element-8c659e2 e-con-full e-flex e-con e-child\" data-id=\"8c659e2\" data-element_type=\"container\" data-e-type=\"container\">\n\t\t\t\t<div class=\"elementor-element elementor-element-3389434 elementor-widget elementor-widget-image\" data-id=\"3389434\" data-element_type=\"widget\" data-e-type=\"widget\" data-widget_type=\"image.default\">\n\t\t\t\t\t\t\t\t\t\t\t\t\t\t\t<img decoding=\"async\" src=\"https:\/\/goias.gov.br\/educacao\/wp-content\/uploads\/sites\/40\/2025\/02\/Black-White-Minimalist-Letter-MC-Logo.png\" title=\"\" alt=\"\" loading=\"lazy\" \/>\t\t\t\t\t\t\t\t\t\t\t\t\t\t\t<\/div>\n\t\t\t\t<\/div>\n\t\t<div class=\"elementor-element elementor-element-db079ec e-con-full e-flex e-con e-child\" data-id=\"db079ec\" data-element_type=\"container\" data-e-type=\"container\">\n\t\t\t\t<div class=\"elementor-element elementor-element-3f476da elementor-widget elementor-widget-heading\" data-id=\"3f476da\" data-element_type=\"widget\" data-e-type=\"widget\" data-widget_type=\"heading.default\">\n\t\t\t\t\t<h2 class=\"elementor-heading-title elementor-size-default\">Reda\u00e7\u00e3o Nota Mil:<\/h2>\t\t\t\t<\/div>\n\t\t\t\t<div class=\"elementor-element elementor-element-a43fa68 elementor-widget elementor-widget-text-editor\" data-id=\"a43fa68\" data-element_type=\"widget\" data-e-type=\"widget\" data-widget_type=\"text-editor.default\">\n\t\t\t\t\t\t\t\t\t<p>Com foco na produ\u00e7\u00e3o textual, s\u00e3o disponibilizadas videoaulas, semanais, espec\u00edficas para o desenvolvimento da Reda\u00e7\u00e3o, com dicas e estrat\u00e9gias para aprimorar a produ\u00e7\u00e3o textual. Essas aulas s\u00e3o exibidas durante as atividades de Estudo Orientado de L\u00edngua Portuguesa, permitindo que os estudantes tirem d\u00favidas e pratiquem suas habilidades de escrita;<\/p>\t\t\t\t\t\t\t\t<\/div>\n\t\t\t\t<\/div>\n\t\t\t\t\t<\/div>\n\t\t\t\t<\/div>\n\t\t<div class=\"elementor-element elementor-element-0ac65b1 e-flex e-con-boxed e-con e-parent\" data-id=\"0ac65b1\" data-element_type=\"container\" data-e-type=\"container\">\n\t\t\t\t\t<div class=\"e-con-inner\">\n\t\t<div class=\"elementor-element elementor-element-7f4c30a e-con-full e-flex e-con e-child\" data-id=\"7f4c30a\" data-element_type=\"container\" data-e-type=\"container\">\n\t\t\t\t<div class=\"elementor-element elementor-element-e7ff8d2 elementor-widget elementor-widget-image\" data-id=\"e7ff8d2\" data-element_type=\"widget\" data-e-type=\"widget\" data-widget_type=\"image.default\">\n\t\t\t\t\t\t\t\t\t\t\t\t\t\t\t<img decoding=\"async\" src=\"https:\/\/goias.gov.br\/educacao\/wp-content\/uploads\/sites\/40\/2025\/02\/Black-White-Minimalist-Letter-MC-Logo.png\" title=\"\" alt=\"\" loading=\"lazy\" \/>\t\t\t\t\t\t\t\t\t\t\t\t\t\t\t<\/div>\n\t\t\t\t<\/div>\n\t\t<div class=\"elementor-element elementor-element-b6b0e65 e-con-full e-flex e-con e-child\" data-id=\"b6b0e65\" data-element_type=\"container\" data-e-type=\"container\">\n\t\t\t\t<div class=\"elementor-element elementor-element-6ffba87 elementor-widget elementor-widget-heading\" data-id=\"6ffba87\" data-element_type=\"widget\" data-e-type=\"widget\" data-widget_type=\"heading.default\">\n\t\t\t\t\t<h2 class=\"elementor-heading-title elementor-size-default\">\u201cDias D\u201d - Mobiliza\u00e7\u00e3o nas Escolas:<\/h2>\t\t\t\t<\/div>\n\t\t\t\t<div class=\"elementor-element elementor-element-eca74c6 elementor-widget elementor-widget-text-editor\" data-id=\"eca74c6\" data-element_type=\"widget\" data-e-type=\"widget\" data-widget_type=\"text-editor.default\">\n\t\t\t\t\t\t\t\t\t<p>Outro destaque \u00e9 a realiza\u00e7\u00e3o dos chamados &#8220;Dias D&#8221;, eventos organizados pelas escolas para orientar os estudantes acerca do cronograma do Enem, incluindo prazos de inscri\u00e7\u00e3o, solicita\u00e7\u00e3o de isen\u00e7\u00e3o de taxa, confirma\u00e7\u00e3o de local de prova e acompanhamento nos dias de aplica\u00e7\u00e3o do exame;<\/p>\t\t\t\t\t\t\t\t<\/div>\n\t\t\t\t<\/div>\n\t\t\t\t\t<\/div>\n\t\t\t\t<\/div>\n\t\t<div class=\"elementor-element elementor-element-bbf2922 e-flex e-con-boxed e-con e-parent\" data-id=\"bbf2922\" data-element_type=\"container\" data-e-type=\"container\">\n\t\t\t\t\t<div class=\"e-con-inner\">\n\t\t<div class=\"elementor-element elementor-element-2df1fba e-con-full e-flex e-con e-child\" data-id=\"2df1fba\" data-element_type=\"container\" data-e-type=\"container\">\n\t\t\t\t<div class=\"elementor-element elementor-element-49e0e3b elementor-widget elementor-widget-image\" data-id=\"49e0e3b\" data-element_type=\"widget\" data-e-type=\"widget\" data-widget_type=\"image.default\">\n\t\t\t\t\t\t\t\t\t\t\t\t\t\t\t<img decoding=\"async\" src=\"https:\/\/goias.gov.br\/educacao\/wp-content\/uploads\/sites\/40\/2025\/02\/Black-White-Minimalist-Letter-MC-Logo.png\" title=\"\" alt=\"\" loading=\"lazy\" \/>\t\t\t\t\t\t\t\t\t\t\t\t\t\t\t<\/div>\n\t\t\t\t<\/div>\n\t\t<div class=\"elementor-element elementor-element-0ce588d e-con-full e-flex e-con e-child\" data-id=\"0ce588d\" data-element_type=\"container\" data-e-type=\"container\">\n\t\t\t\t<div class=\"elementor-element elementor-element-3ee6a0f elementor-widget elementor-widget-heading\" data-id=\"3ee6a0f\" data-element_type=\"widget\" data-e-type=\"widget\" data-widget_type=\"heading.default\">\n\t\t\t\t\t<h2 class=\"elementor-heading-title elementor-size-default\">Materiais e Simulados:<\/h2>\t\t\t\t<\/div>\n\t\t\t\t<div class=\"elementor-element elementor-element-483ae4f elementor-widget elementor-widget-text-editor\" data-id=\"483ae4f\" data-element_type=\"widget\" data-e-type=\"widget\" data-widget_type=\"text-editor.default\">\n\t\t\t\t\t\t\t\t\t<p>Complementares \u00e0 prepara\u00e7\u00e3o, al\u00e9m das videoaulas, o projeto oferece uma s\u00e9rie de materiais complementares elaborados pela Seduc\/GO, em anos anteriores, como listas de exerc\u00edcios, dicas e simulados, todos dispon\u00edveis no site da Secretaria, na aba Portal NetEscola.<\/p>\t\t\t\t\t\t\t\t<\/div>\n\t\t\t\t<\/div>\n\t\t\t\t\t<\/div>\n\t\t\t\t<\/div>\n\t\t<div class=\"elementor-element elementor-element-61397c7 e-flex e-con-boxed e-con e-parent\" data-id=\"61397c7\" data-element_type=\"container\" data-e-type=\"container\" data-settings=\"{&quot;background_background&quot;:&quot;gradient&quot;}\">\n\t\t\t\t\t<div class=\"e-con-inner\">\n\t\t\t\t<div class=\"elementor-element elementor-element-15a7b0c elementor-widget elementor-widget-heading\" data-id=\"15a7b0c\" data-element_type=\"widget\" data-e-type=\"widget\" data-widget_type=\"heading.default\">\n\t\t\t\t\t<h2 class=\"elementor-heading-title elementor-size-default\">Contribuindo para o sucesso do estudante<\/h2>\t\t\t\t<\/div>\n\t\t\t\t\t<\/div>\n\t\t\t\t<\/div>\n\t\t<div class=\"elementor-element elementor-element-f95cbd3 e-flex e-con-boxed e-con e-parent\" data-id=\"f95cbd3\" data-element_type=\"container\" data-e-type=\"container\">\n\t\t\t\t\t<div class=\"e-con-inner\">\n\t\t\t\t<div class=\"elementor-element elementor-element-da9552a elementor-widget elementor-widget-text-editor\" data-id=\"da9552a\" data-element_type=\"widget\" data-e-type=\"widget\" data-widget_type=\"text-editor.default\">\n\t\t\t\t\t\t\t\t\t<p>O Goi\u00e1s Bem no Enem \u00e9 uma das principais a\u00e7\u00f5es do Governo de Goi\u00e1s implementada com vistas a garantir que os estudantes da rede p\u00fablica estadual de ensino tenham o suporte necess\u00e1rio para realizar as provas do Enem, com confian\u00e7a.<\/p>\t\t\t\t\t\t\t\t<\/div>\n\t\t\t\t<div class=\"elementor-element elementor-element-b51e932 elementor-widget elementor-widget-text-editor\" data-id=\"b51e932\" data-element_type=\"widget\" data-e-type=\"widget\" data-widget_type=\"text-editor.default\">\n\t\t\t\t\t\t\t\t\t<p>Com a amplia\u00e7\u00e3o das atividades voltadas \u00e0 prepara\u00e7\u00e3o para o exame, a Seduc\/GO refor\u00e7a o compromisso do governo estadual com a oferta da Educa\u00e7\u00e3o de qualidade, abrindo portas para o futuro acad\u00eamico e profissional dos jovens goianos.<\/p>\t\t\t\t\t\t\t\t<\/div>\n\t\t\t\t<div class=\"elementor-element elementor-element-0f43c6c elementor-widget elementor-widget-heading\" data-id=\"0f43c6c\" data-element_type=\"widget\" data-e-type=\"widget\" data-widget_type=\"heading.default\">\n\t\t\t\t\t<h2 class=\"elementor-heading-title elementor-size-default\"><a href=\"https:\/\/www.youtube.com\/c\/Goi%C3%A1sBemnoEnem\" target=\"_blank\">Clique aqui para acessar todas as aulas do \"Goi\u00e1s Bem no Enem\"<\/a><\/h2>\t\t\t\t<\/div>\n\t\t\t\t<div class=\"elementor-element elementor-element-7bfedd8 elementor-widget elementor-widget-heading\" data-id=\"7bfedd8\" data-element_type=\"widget\" data-e-type=\"widget\" data-widget_type=\"heading.default\">\n\t\t\t\t\t<h2 class=\"elementor-heading-title elementor-size-default\">*Para mais informa\u00e7\u00f5es, acompanhe as redes sociais da Seduc\/GO<\/h2>\t\t\t\t<\/div>\n\t\t\t\t\t<\/div>\n\t\t\t\t<\/div>\n\t\t<div class=\"elementor-element elementor-element-169a11c e-flex e-con-boxed e-con e-parent\" data-id=\"169a11c\" data-element_type=\"container\" data-e-type=\"container\">\n\t\t\t\t\t<div class=\"e-con-inner\">\n\t\t<div class=\"elementor-element elementor-element-f22122d e-con-full e-flex e-con e-child\" data-id=\"f22122d\" data-element_type=\"container\" data-e-type=\"container\">\n\t\t\t\t<div class=\"elementor-element elementor-element-c620b04 elementor-widget elementor-widget-image\" data-id=\"c620b04\" data-element_type=\"widget\" data-e-type=\"widget\" data-widget_type=\"image.default\">\n\t\t\t\t\t\t\t\t\t\t\t\t\t\t\t\t<a href=\"https:\/\/goias.gov.br\/educacao\/enem\/\" target=\"_blank\">\n\t\t\t\t\t\t\t<img decoding=\"async\" src=\"https:\/\/goias.gov.br\/educacao\/wp-content\/uploads\/sites\/40\/2024\/10\/videos-1280-x-600-px-2.png\" title=\"\" alt=\"\" loading=\"lazy\" \/>\t\t\t\t\t\t\t\t<\/a>\n\t\t\t\t\t\t\t\t\t\t\t\t\t\t\t<\/div>\n\t\t\t\t<\/div>\n\t\t<div class=\"elementor-element elementor-element-8d8e677 e-con-full e-flex e-con e-child\" data-id=\"8d8e677\" data-element_type=\"container\" data-e-type=\"container\">\n\t\t\t\t<div class=\"elementor-element elementor-element-6c59d04 elementor-widget elementor-widget-image\" data-id=\"6c59d04\" data-element_type=\"widget\" data-e-type=\"widget\" data-widget_type=\"image.default\">\n\t\t\t\t\t\t\t\t\t\t\t\t\t\t\t\t<a href=\"https:\/\/goias.gov.br\/educacao\/enem-2024\/\" rel=\"nofollow\">\n\t\t\t\t\t\t\t<img decoding=\"async\" src=\"https:\/\/goias.gov.br\/educacao\/wp-content\/uploads\/sites\/40\/2024\/10\/videos-1280-x-600-px-3.png\" title=\"\" alt=\"\" loading=\"lazy\" \/>\t\t\t\t\t\t\t\t<\/a>\n\t\t\t\t\t\t\t\t\t\t\t\t\t\t\t<\/div>\n\t\t\t\t<\/div>\n\t\t\t\t\t<\/div>\n\t\t\t\t<\/div>\n\t\t<div class=\"elementor-element elementor-element-87a1ab8 e-flex e-con-boxed e-con e-parent\" data-id=\"87a1ab8\" data-element_type=\"container\" data-e-type=\"container\">\n\t\t\t\t\t<div class=\"e-con-inner\">\n\t\t\t\t<div class=\"elementor-element elementor-element-6d178f8 elementor-widget elementor-widget-video\" data-id=\"6d178f8\" data-element_type=\"widget\" data-e-type=\"widget\" data-settings=\"{&quot;youtube_url&quot;:&quot;https:\\\/\\\/www.youtube.com\\\/watch?v=wZiUQx4wapw&quot;,&quot;video_type&quot;:&quot;youtube&quot;,&quot;controls&quot;:&quot;yes&quot;}\" data-widget_type=\"video.default\">\n\t\t\t\t\t\t\t<div class=\"elementor-wrapper elementor-open-inline\">\n\t\t\t<div class=\"elementor-video\"><\/div>\t\t<\/div>\n\t\t\t\t\t\t<\/div>\n\t\t\t\t<div class=\"elementor-element elementor-element-e21f1a1 elementor-widget elementor-widget-video\" data-id=\"e21f1a1\" data-element_type=\"widget\" data-e-type=\"widget\" data-settings=\"{&quot;youtube_url&quot;:&quot;https:\\\/\\\/www.youtube.com\\\/watch?v=GZYmJ_KfqGs&quot;,&quot;video_type&quot;:&quot;youtube&quot;,&quot;controls&quot;:&quot;yes&quot;}\" data-widget_type=\"video.default\">\n\t\t\t\t\t\t\t<div class=\"elementor-wrapper elementor-open-inline\">\n\t\t\t<div class=\"elementor-video\"><\/div>\t\t<\/div>\n\t\t\t\t\t\t<\/div>\n\t\t\t\t<div class=\"elementor-element elementor-element-b9a2c06 elementor-widget elementor-widget-video\" data-id=\"b9a2c06\" data-element_type=\"widget\" data-e-type=\"widget\" data-settings=\"{&quot;youtube_url&quot;:&quot;https:\\\/\\\/www.youtube.com\\\/watch?v=L3dG-MC6mF8&quot;,&quot;video_type&quot;:&quot;youtube&quot;,&quot;controls&quot;:&quot;yes&quot;}\" data-widget_type=\"video.default\">\n\t\t\t\t\t\t\t<div class=\"elementor-wrapper elementor-open-inline\">\n\t\t\t<div class=\"elementor-video\"><\/div>\t\t<\/div>\n\t\t\t\t\t\t<\/div>\n\t\t\t\t<div class=\"elementor-element elementor-element-839a55b elementor-widget elementor-widget-video\" data-id=\"839a55b\" data-element_type=\"widget\" data-e-type=\"widget\" data-settings=\"{&quot;youtube_url&quot;:&quot;https:\\\/\\\/www.youtube.com\\\/watch?v=GJCLql_lkjg&quot;,&quot;video_type&quot;:&quot;youtube&quot;,&quot;controls&quot;:&quot;yes&quot;}\" data-widget_type=\"video.default\">\n\t\t\t\t\t\t\t<div class=\"elementor-wrapper elementor-open-inline\">\n\t\t\t<div class=\"elementor-video\"><\/div>\t\t<\/div>\n\t\t\t\t\t\t<\/div>\n\t\t\t\t\t<\/div>\n\t\t\t\t<\/div>\n\t\t\t\t<\/div>\n\t\t","protected":false},"excerpt":{"rendered":"<p>ENEM Exame Nacional do Ensino M\u00e9dio O Exame Nacional do Ensino M\u00e9dio (Enem) \u00e9 uma das principais portas de acesso ao ensino superior no Brasil, sendo utilizado como crit\u00e9rio de sele\u00e7\u00e3o no Sistema de Sele\u00e7\u00e3o Unificada (Sisu); no Programa Universidade para Todos (ProUni) e, ainda, no financiamento estudantil, via Fundo de Financiamento Estudantil (Fies). Tamb\u00e9m, [&hellip;]<\/p>\n","protected":false},"author":465,"featured_media":0,"parent":0,"menu_order":0,"comment_status":"closed","ping_status":"closed","template":"","meta":{"footnotes":""},"class_list":["post-149717","page","type-page","status-publish","hentry"],"rttpg_featured_image_url":null,"rttpg_author":{"display_name":"laysmendes","author_link":"https:\/\/goias.gov.br\/educacao\/author\/laysmendes\/"},"rttpg_comment":0,"rttpg_category":null,"rttpg_excerpt":"ENEM Exame Nacional do Ensino M\u00e9dio O Exame Nacional do Ensino M\u00e9dio (Enem) \u00e9 uma das principais portas de acesso ao ensino superior no Brasil, sendo utilizado como crit\u00e9rio de sele\u00e7\u00e3o no Sistema de Sele\u00e7\u00e3o Unificada (Sisu); no Programa Universidade para Todos (ProUni) e, ainda, no financiamento estudantil, via Fundo de Financiamento Estudantil (Fies). Tamb\u00e9m,&hellip;","_links":{"self":[{"href":"https:\/\/goias.gov.br\/educacao\/wp-json\/wp\/v2\/pages\/149717","targetHints":{"allow":["GET"]}}],"collection":[{"href":"https:\/\/goias.gov.br\/educacao\/wp-json\/wp\/v2\/pages"}],"about":[{"href":"https:\/\/goias.gov.br\/educacao\/wp-json\/wp\/v2\/types\/page"}],"author":[{"embeddable":true,"href":"https:\/\/goias.gov.br\/educacao\/wp-json\/wp\/v2\/users\/465"}],"replies":[{"embeddable":true,"href":"https:\/\/goias.gov.br\/educacao\/wp-json\/wp\/v2\/comments?post=149717"}],"version-history":[{"count":2,"href":"https:\/\/goias.gov.br\/educacao\/wp-json\/wp\/v2\/pages\/149717\/revisions"}],"predecessor-version":[{"id":674335,"href":"https:\/\/goias.gov.br\/educacao\/wp-json\/wp\/v2\/pages\/149717\/revisions\/674335"}],"wp:attachment":[{"href":"https:\/\/goias.gov.br\/educacao\/wp-json\/wp\/v2\/media?parent=149717"}],"curies":[{"name":"wp","href":"https:\/\/api.w.org\/{rel}","templated":true}]}}