

{"id":126917,"date":"2024-08-26T10:39:33","date_gmt":"2024-08-26T13:39:33","guid":{"rendered":"https:\/\/goias.gov.br\/educacao\/?page_id=126917"},"modified":"2026-01-30T14:07:20","modified_gmt":"2026-01-30T17:07:20","slug":"colegios-estaduais-da-policia-militar-de-goias","status":"publish","type":"page","link":"https:\/\/goias.gov.br\/educacao\/colegios-estaduais-da-policia-militar-de-goias\/","title":{"rendered":"Col\u00e9gios Estaduais da Pol\u00edcia Militar de Goi\u00e1s"},"content":{"rendered":"\t\t<div data-elementor-type=\"wp-page\" data-elementor-id=\"126917\" class=\"elementor elementor-126917\">\n\t\t\t\t<div class=\"elementor-element elementor-element-e4a8eea e-flex e-con-boxed e-con e-parent\" data-id=\"e4a8eea\" data-element_type=\"container\" data-e-type=\"container\">\n\t\t\t\t\t<div class=\"e-con-inner\">\n\t\t\t\t<div class=\"elementor-element elementor-element-bfb140f elementor-widget elementor-widget-image\" data-id=\"bfb140f\" data-element_type=\"widget\" data-e-type=\"widget\" data-widget_type=\"image.default\">\n\t\t\t\t\t\t\t\t\t\t\t\t\t\t\t<img decoding=\"async\" src=\"https:\/\/goias.gov.br\/educacao\/wp-content\/uploads\/sites\/40\/2024\/09\/banner-CEPMG-07-1-scaled.jpg\" title=\"\" alt=\"\" loading=\"lazy\" \/>\t\t\t\t\t\t\t\t\t\t\t\t\t\t\t<\/div>\n\t\t\t\t\t<\/div>\n\t\t\t\t<\/div>\n\t\t<div class=\"elementor-element elementor-element-89da969 e-flex e-con-boxed e-con e-parent\" data-id=\"89da969\" data-element_type=\"container\" data-e-type=\"container\">\n\t\t\t\t\t<div class=\"e-con-inner\">\n\t\t<div class=\"elementor-element elementor-element-ff761b0 e-con-full e-flex e-con e-child\" data-id=\"ff761b0\" data-element_type=\"container\" data-e-type=\"container\">\n\t\t\t\t<div class=\"elementor-element elementor-element-400a0a6 elementor-widget elementor-widget-image\" data-id=\"400a0a6\" data-element_type=\"widget\" data-e-type=\"widget\" data-widget_type=\"image.default\">\n\t\t\t\t\t\t\t\t\t\t\t\t\t\t\t<img decoding=\"async\" src=\"https:\/\/goias.gov.br\/educacao\/wp-content\/uploads\/sites\/40\/2025\/02\/Convenios-6.png\" title=\"\" alt=\"\" loading=\"lazy\" \/>\t\t\t\t\t\t\t\t\t\t\t\t\t\t\t<\/div>\n\t\t\t\t<\/div>\n\t\t<div class=\"elementor-element elementor-element-23ae143 e-con-full e-flex e-con e-child\" data-id=\"23ae143\" data-element_type=\"container\" data-e-type=\"container\">\n\t\t\t\t<div class=\"elementor-element elementor-element-0f60061 elementor-widget elementor-widget-heading\" data-id=\"0f60061\" data-element_type=\"widget\" data-e-type=\"widget\" data-widget_type=\"heading.default\">\n\t\t\t\t\t<h3 class=\"elementor-heading-title elementor-size-default\">BREVE HIST\u00d3RIA<\/h3>\t\t\t\t<\/div>\n\t\t\t\t<div class=\"elementor-element elementor-element-89d2328 elementor-widget elementor-widget-text-editor\" data-id=\"89d2328\" data-element_type=\"widget\" data-e-type=\"widget\" data-widget_type=\"text-editor.default\">\n\t\t\t\t\t\t\t\t\t<p>O modelo do Col\u00e9gio da Pol\u00edcia Militar do Estado de Goi\u00e1s (CEPMG) foi implantado em novembro de 1998, iniciando seu funcionamento com 440 alunos nas instala\u00e7\u00f5es da Academia de Pol\u00edcia Militar com apenas 6 salas de aula, nominado Col\u00e9gio Militar Coronel C\u00edcero Bueno Brand\u00e3o.<\/p>\t\t\t\t\t\t\t\t<\/div>\n\t\t\t\t<div class=\"elementor-element elementor-element-b28ae56 elementor-widget elementor-widget-text-editor\" data-id=\"b28ae56\" data-element_type=\"widget\" data-e-type=\"widget\" data-widget_type=\"text-editor.default\">\n\t\t\t\t\t\t\t\t\t<p>No ano de 2000, a unidade foi transferida para uma sede definitiva, no Col\u00e9gio Estadual Hugo de Carvalho Ramos (CEPMG Hugo de Carvalho Ramos). Atualmente, a PMGO e a Seduc Goi\u00e1s administram 82 CEPMGs instaladas em todo o Estado de Goi\u00e1s, atendendo um corpo discente com mais de 75 mil alunos.<\/p>\t\t\t\t\t\t\t\t<\/div>\n\t\t\t\t<\/div>\n\t\t\t\t\t<\/div>\n\t\t\t\t<\/div>\n\t\t<div class=\"elementor-element elementor-element-7f8f05f e-flex e-con-boxed e-con e-parent\" data-id=\"7f8f05f\" data-element_type=\"container\" data-e-type=\"container\">\n\t\t\t\t\t<div class=\"e-con-inner\">\n\t\t\t\t<div class=\"elementor-element elementor-element-2dc035f elementor-widget elementor-widget-text-editor\" data-id=\"2dc035f\" data-element_type=\"widget\" data-e-type=\"widget\" data-widget_type=\"text-editor.default\">\n\t\t\t\t\t\t\t\t\t<p>A cria\u00e7\u00e3o dos CEPMGs diversificou o atendimento aos alunos na rede p\u00fablica estadual, dando \u00e0s fam\u00edlias goianas uma nova op\u00e7\u00e3o na educa\u00e7\u00e3o de seus filhos<\/p>\t\t\t\t\t\t\t\t<\/div>\n\t\t\t\t\t<\/div>\n\t\t\t\t<\/div>\n\t\t<div class=\"elementor-element elementor-element-ab2fa40 e-flex e-con-boxed e-con e-parent\" data-id=\"ab2fa40\" data-element_type=\"container\" data-e-type=\"container\">\n\t\t\t\t\t<div class=\"e-con-inner\">\n\t\t<div class=\"elementor-element elementor-element-57fd235 e-con-full e-flex e-con e-child\" data-id=\"57fd235\" data-element_type=\"container\" data-e-type=\"container\">\n\t\t\t\t<div class=\"elementor-element elementor-element-f61ee48 elementor-widget elementor-widget-heading\" data-id=\"f61ee48\" data-element_type=\"widget\" data-e-type=\"widget\" data-widget_type=\"heading.default\">\n\t\t\t\t\t<h3 class=\"elementor-heading-title elementor-size-default\">COMO INGRESSAR<\/h3>\t\t\t\t<\/div>\n\t\t\t\t<div class=\"elementor-element elementor-element-ca5829d elementor-widget elementor-widget-text-editor\" data-id=\"ca5829d\" data-element_type=\"widget\" data-e-type=\"widget\" data-widget_type=\"text-editor.default\">\n\t\t\t\t\t\t\t\t\t<p>Para ser aluno do Col\u00e9gio Estadual da Pol\u00edcia Militar Goi\u00e1s (CEPMG) \u00e9 necess\u00e1rio passar por um sorteio, que \u00e9 aberto mediante Edital P\u00fablico com portaria emitida pelo Comandante Geral da PMGO, de acordo com o n\u00famero de vagas existente em cada unidade do CEPMG. Esse processo seletivo \u00e9 dividido em tr\u00eas etapas: Inscri\u00e7\u00e3o, Sorteio e Matr\u00edcula.<\/p>\t\t\t\t\t\t\t\t<\/div>\n\t\t\t\t<\/div>\n\t\t<div class=\"elementor-element elementor-element-c326f22 e-con-full e-flex e-con e-child\" data-id=\"c326f22\" data-element_type=\"container\" data-e-type=\"container\">\n\t\t\t\t<div class=\"elementor-element elementor-element-bbf6af7 elementor-widget elementor-widget-image\" data-id=\"bbf6af7\" data-element_type=\"widget\" data-e-type=\"widget\" data-widget_type=\"image.default\">\n\t\t\t\t\t\t\t\t\t\t\t\t\t\t\t<img decoding=\"async\" src=\"https:\/\/goias.gov.br\/educacao\/wp-content\/uploads\/sites\/40\/2025\/02\/Convenios-7.png\" title=\"\" alt=\"\" loading=\"lazy\" \/>\t\t\t\t\t\t\t\t\t\t\t\t\t\t\t<\/div>\n\t\t\t\t<\/div>\n\t\t\t\t\t<\/div>\n\t\t\t\t<\/div>\n\t\t<div class=\"elementor-element elementor-element-b5125bd e-flex e-con-boxed e-con e-parent\" data-id=\"b5125bd\" data-element_type=\"container\" data-e-type=\"container\">\n\t\t\t\t\t<div class=\"e-con-inner\">\n\t\t<div class=\"elementor-element elementor-element-2879d2b e-con-full e-flex e-con e-child\" data-id=\"2879d2b\" data-element_type=\"container\" data-e-type=\"container\">\n\t\t\t\t<div class=\"elementor-element elementor-element-f276b0f elementor-widget elementor-widget-image\" data-id=\"f276b0f\" data-element_type=\"widget\" data-e-type=\"widget\" data-widget_type=\"image.default\">\n\t\t\t\t\t\t\t\t\t\t\t\t\t\t\t<img decoding=\"async\" src=\"https:\/\/goias.gov.br\/educacao\/wp-content\/uploads\/sites\/40\/2025\/02\/Convenios-8.png\" title=\"\" alt=\"\" loading=\"lazy\" \/>\t\t\t\t\t\t\t\t\t\t\t\t\t\t\t<\/div>\n\t\t\t\t<\/div>\n\t\t<div class=\"elementor-element elementor-element-b5e5a61 e-con-full e-flex e-con e-child\" data-id=\"b5e5a61\" data-element_type=\"container\" data-e-type=\"container\">\n\t\t\t\t<div class=\"elementor-element elementor-element-d85538b elementor-widget elementor-widget-heading\" data-id=\"d85538b\" data-element_type=\"widget\" data-e-type=\"widget\" data-widget_type=\"heading.default\">\n\t\t\t\t\t<h3 class=\"elementor-heading-title elementor-size-default\">INSCRI\u00c7\u00d5ES<\/h3>\t\t\t\t<\/div>\n\t\t\t\t<div class=\"elementor-element elementor-element-d2fd087 elementor-widget elementor-widget-text-editor\" data-id=\"d2fd087\" data-element_type=\"widget\" data-e-type=\"widget\" data-widget_type=\"text-editor.default\">\n\t\t\t\t\t\t\t\t\t<p>As inscri\u00e7\u00f5es s\u00e3o abertas entre os meses de setembro e outubro de cada ano letivo. Os requisitos exigidos para a inscri\u00e7\u00e3o s\u00e3o:<\/p>\t\t\t\t\t\t\t\t<\/div>\n\t\t\t\t<\/div>\n\t\t\t\t\t<\/div>\n\t\t\t\t<\/div>\n\t\t<div class=\"elementor-element elementor-element-491f6f0 e-flex e-con-boxed e-con e-parent\" data-id=\"491f6f0\" data-element_type=\"container\" data-e-type=\"container\">\n\t\t\t\t\t<div class=\"e-con-inner\">\n\t\t<div class=\"elementor-element elementor-element-f59e8a5 e-con-full e-flex e-con e-child\" data-id=\"f59e8a5\" data-element_type=\"container\" data-e-type=\"container\">\n\t\t\t\t<div class=\"elementor-element elementor-element-9c9b75e elementor-widget elementor-widget-text-editor\" data-id=\"9c9b75e\" data-element_type=\"widget\" data-e-type=\"widget\" data-widget_type=\"text-editor.default\">\n\t\t\t\t\t\t\t\t\t<p>I \u2013 Ser brasileiro ou se estrangeiro, estar com perman\u00eancia regular no Brasil;<\/p><p>II \u2013 Fornecer c\u00f3pia leg\u00edvel da Certid\u00e3o de Nascimento ou Carteira de Identidade;<\/p><p>III \u2013 Fornecer c\u00f3pia leg\u00edvel da Carteira de Identidade do respons\u00e1vel;<\/p><p>IV \u2013 Declara\u00e7\u00e3o Escolar que est\u00e1 cursando a s\u00e9rie anterior \u00e0 pretendida;<\/p><p>V \u2013 C\u00f3pia do comprovante de Endere\u00e7o atualizada.<\/p>\t\t\t\t\t\t\t\t<\/div>\n\t\t\t\t<\/div>\n\t\t\t\t\t<\/div>\n\t\t\t\t<\/div>\n\t\t<div class=\"elementor-element elementor-element-ca1d67b e-flex e-con-boxed e-con e-parent\" data-id=\"ca1d67b\" data-element_type=\"container\" data-e-type=\"container\">\n\t\t\t\t\t<div class=\"e-con-inner\">\n\t\t<div class=\"elementor-element elementor-element-2f97937 e-con-full e-flex e-con e-child\" data-id=\"2f97937\" data-element_type=\"container\" data-e-type=\"container\">\n\t\t\t\t<div class=\"elementor-element elementor-element-2c82337 elementor-widget elementor-widget-text-editor\" data-id=\"2c82337\" data-element_type=\"widget\" data-e-type=\"widget\" data-widget_type=\"text-editor.default\">\n\t\t\t\t\t\t\t\t\t<p>O sorteio acontece no m\u00eas de novembro no canal do Comando de Ensino no Youtube, dispon\u00edvel no link (<a href=\"https:\/\/www.youtube.com\/channel\/UCxMWqiMN7Grr7nrSQuY2cJg\">https:\/\/www.youtube.com\/channel\/UCxMWqiMN7Grr7nrSQuY2cJg<\/a>) , onde \u00e9 poss\u00edvel acompanhar todo o processo em tempo real.<\/p><p>\u00a0A data e hor\u00e1rio do sorteio s\u00e3o informados em edital espec\u00edfico divulgado no site do Comando de Ensino: <a href=\"https:\/\/www.portalcepmg.com.br\">https:\/\/www.portalcepmg.com.br<\/a> .<\/p>\t\t\t\t\t\t\t\t<\/div>\n\t\t\t\t<\/div>\n\t\t<div class=\"elementor-element elementor-element-3a0f828 e-con-full e-flex e-con e-child\" data-id=\"3a0f828\" data-element_type=\"container\" data-e-type=\"container\">\n\t\t\t\t<div class=\"elementor-element elementor-element-702ae64 elementor-widget elementor-widget-image\" data-id=\"702ae64\" data-element_type=\"widget\" data-e-type=\"widget\" data-widget_type=\"image.default\">\n\t\t\t\t\t\t\t\t\t\t\t\t\t\t\t<img decoding=\"async\" src=\"https:\/\/goias.gov.br\/educacao\/wp-content\/uploads\/sites\/40\/2025\/02\/Convenios-10.png\" title=\"\" alt=\"\" loading=\"lazy\" \/>\t\t\t\t\t\t\t\t\t\t\t\t\t\t\t<\/div>\n\t\t\t\t<\/div>\n\t\t\t\t\t<\/div>\n\t\t\t\t<\/div>\n\t\t<div class=\"elementor-element elementor-element-99d3c5f e-flex e-con-boxed e-con e-parent\" data-id=\"99d3c5f\" data-element_type=\"container\" data-e-type=\"container\">\n\t\t\t\t\t<div class=\"e-con-inner\">\n\t\t<div class=\"elementor-element elementor-element-0e521af e-con-full e-flex e-con e-child\" data-id=\"0e521af\" data-element_type=\"container\" data-e-type=\"container\">\n\t\t\t\t<div class=\"elementor-element elementor-element-33991d7 elementor-widget elementor-widget-image\" data-id=\"33991d7\" data-element_type=\"widget\" data-e-type=\"widget\" data-widget_type=\"image.default\">\n\t\t\t\t\t\t\t\t\t\t\t\t\t\t\t<img decoding=\"async\" src=\"https:\/\/goias.gov.br\/educacao\/wp-content\/uploads\/sites\/40\/2025\/02\/Convenios-11.png\" title=\"\" alt=\"\" loading=\"lazy\" \/>\t\t\t\t\t\t\t\t\t\t\t\t\t\t\t<\/div>\n\t\t\t\t<\/div>\n\t\t<div class=\"elementor-element elementor-element-f797344 e-con-full e-flex e-con e-child\" data-id=\"f797344\" data-element_type=\"container\" data-e-type=\"container\">\n\t\t\t\t<div class=\"elementor-element elementor-element-b376ec1 elementor-widget elementor-widget-heading\" data-id=\"b376ec1\" data-element_type=\"widget\" data-e-type=\"widget\" data-widget_type=\"heading.default\">\n\t\t\t\t\t<h3 class=\"elementor-heading-title elementor-size-default\">MATR\u00cdCULA<\/h3>\t\t\t\t<\/div>\n\t\t\t\t<div class=\"elementor-element elementor-element-9d20d54 elementor-widget elementor-widget-text-editor\" data-id=\"9d20d54\" data-element_type=\"widget\" data-e-type=\"widget\" data-widget_type=\"text-editor.default\">\n\t\t\t\t\t\t\t\t\t<p>Ap\u00f3s a divulga\u00e7\u00e3o do resultado do sorteio, a Secretaria de Estado da Educa\u00e7\u00e3o de Goi\u00e1s (Seduc\/GO) estipula o cronograma de matr\u00edculas, que devem ser feitas de forma presencial na unidade do CEPMG onde o aluno se inscreveu.<\/p><p>As matr\u00edculas dos alunos novatos s\u00e3o realizadas ap\u00f3s a matr\u00edcula dos alunos veteranos, sendo necess\u00e1rio apresentar a seguinte documenta\u00e7\u00e3o:<\/p>\t\t\t\t\t\t\t\t<\/div>\n\t\t\t\t<\/div>\n\t\t\t\t\t<\/div>\n\t\t\t\t<\/div>\n\t\t<div class=\"elementor-element elementor-element-ac14b6b e-flex e-con-boxed e-con e-parent\" data-id=\"ac14b6b\" data-element_type=\"container\" data-e-type=\"container\">\n\t\t\t\t\t<div class=\"e-con-inner\">\n\t\t<div class=\"elementor-element elementor-element-7fcad27 e-con-full e-flex e-con e-child\" data-id=\"7fcad27\" data-element_type=\"container\" data-e-type=\"container\">\n\t\t\t\t<div class=\"elementor-element elementor-element-720bdec elementor-widget elementor-widget-text-editor\" data-id=\"720bdec\" data-element_type=\"widget\" data-e-type=\"widget\" data-widget_type=\"text-editor.default\">\n\t\t\t\t\t\t\t\t\t<ul><li>Declara\u00e7\u00e3o de Solicita\u00e7\u00e3o de Transfer\u00eancia ou a pr\u00f3pria Transfer\u00eancia com o Hist\u00f3rico Escolar;<\/li><li>Documento de identidade do respons\u00e1vel e do aluno;<\/li><li>04 fotos 3X4 atualizadas;<\/li><li>Comprovante de Endere\u00e7o com telefone atualizado.<\/li><\/ul>\t\t\t\t\t\t\t\t<\/div>\n\t\t\t\t<\/div>\n\t\t\t\t\t<\/div>\n\t\t\t\t<\/div>\n\t\t<div class=\"elementor-element elementor-element-b0693eb e-flex e-con-boxed e-con e-parent\" data-id=\"b0693eb\" data-element_type=\"container\" data-e-type=\"container\">\n\t\t\t\t\t<div class=\"e-con-inner\">\n\t\t<div class=\"elementor-element elementor-element-e6c4bb8 e-con-full e-flex e-con e-child\" data-id=\"e6c4bb8\" data-element_type=\"container\" data-e-type=\"container\">\n\t\t\t\t<div class=\"elementor-element elementor-element-eaa8167 elementor-widget elementor-widget-heading\" data-id=\"eaa8167\" data-element_type=\"widget\" data-e-type=\"widget\" data-widget_type=\"heading.default\">\n\t\t\t\t\t<h3 class=\"elementor-heading-title elementor-size-default\">PROGRAMAS E PROJETOS<\/h3>\t\t\t\t<\/div>\n\t\t\t\t<div class=\"elementor-element elementor-element-e3239bb elementor-widget elementor-widget-text-editor\" data-id=\"e3239bb\" data-element_type=\"widget\" data-e-type=\"widget\" data-widget_type=\"text-editor.default\">\n\t\t\t\t\t\t\t\t\t<p>Em 2023, O Governo de Goi\u00e1s, por meio da Secretaria de Estado da Educa\u00e7\u00e3o, anunciou o lan\u00e7amento do Projeto de Rob\u00f3tica Educacional para o Ensino Fundamental II, dos Col\u00e9gios Estaduais da Pol\u00edcia Militar (CEPMGs).<\/p><p>A implanta\u00e7\u00e3o foi realizada inicialmente nos 6\u00ba anos e encontra-se em fase de expans\u00e3o at\u00e9 o ano de 2026 para as demais s\u00e9ries e anos. Os investimentos para a aquisi\u00e7\u00e3o dos equipamentos de Rob\u00f3tica s\u00e3o de R$ 10 milh\u00f5es.<\/p><p>O projeto inclui a capacita\u00e7\u00e3o de professores e assessoramento pedag\u00f3gico especializado, al\u00e9m dos kits tecnol\u00f3gicos, que s\u00e3o compostos por pe\u00e7as de Rob\u00f3tica, materiais paradid\u00e1ticos e tablets.<\/p>\t\t\t\t\t\t\t\t<\/div>\n\t\t\t\t<\/div>\n\t\t<div class=\"elementor-element elementor-element-04cecfe e-con-full e-flex e-con e-child\" data-id=\"04cecfe\" data-element_type=\"container\" data-e-type=\"container\">\n\t\t\t\t<div class=\"elementor-element elementor-element-22b2ec0 elementor-widget elementor-widget-image\" data-id=\"22b2ec0\" data-element_type=\"widget\" data-e-type=\"widget\" data-widget_type=\"image.default\">\n\t\t\t\t\t\t\t\t\t\t\t\t\t\t\t<img decoding=\"async\" src=\"https:\/\/goias.gov.br\/educacao\/wp-content\/uploads\/sites\/40\/2025\/02\/Convenios-12.png\" title=\"\" alt=\"\" loading=\"lazy\" \/>\t\t\t\t\t\t\t\t\t\t\t\t\t\t\t<\/div>\n\t\t\t\t<\/div>\n\t\t\t\t\t<\/div>\n\t\t\t\t<\/div>\n\t\t<div class=\"elementor-element elementor-element-2320c19 e-flex e-con-boxed e-con e-parent\" data-id=\"2320c19\" data-element_type=\"container\" data-e-type=\"container\">\n\t\t\t\t\t<div class=\"e-con-inner\">\n\t\t\t\t<div class=\"elementor-element elementor-element-eab3077 elementor-widget elementor-widget-text-editor\" data-id=\"eab3077\" data-element_type=\"widget\" data-e-type=\"widget\" data-widget_type=\"text-editor.default\">\n\t\t\t\t\t\t\t\t\t<p><strong>Unidades ( <a href=\"https:\/\/www.portalcepmg.com.br\/nossas-unidades\/\">https:\/\/www.portalcepmg.com.br\/nossas-unidades\/<\/a> )<\/strong><\/p><p><strong>Comandantes<\/strong><strong> (<\/strong><a href=\"https:\/\/www.portalcepmg.com.br\/galeria-dos-comandantes\/\"><strong>https:\/\/www.portalcepmg.com.br\/galeria-dos-comandantes\/<\/strong><\/a><strong>) <\/strong><\/p>\t\t\t\t\t\t\t\t<\/div>\n\t\t\t\t\t<\/div>\n\t\t\t\t<\/div>\n\t\t\t\t<\/div>\n\t\t","protected":false},"excerpt":{"rendered":"<p>BREVE HIST\u00d3RIA O modelo do Col\u00e9gio da Pol\u00edcia Militar do Estado de Goi\u00e1s (CEPMG) foi implantado em novembro de 1998, iniciando seu funcionamento com 440 alunos nas instala\u00e7\u00f5es da Academia de Pol\u00edcia Militar com apenas 6 salas de aula, nominado Col\u00e9gio Militar Coronel C\u00edcero Bueno Brand\u00e3o. No ano de 2000, a unidade foi transferida para [&hellip;]<\/p>\n","protected":false},"author":465,"featured_media":0,"parent":0,"menu_order":0,"comment_status":"closed","ping_status":"closed","template":"","meta":{"footnotes":""},"class_list":["post-126917","page","type-page","status-publish","hentry"],"rttpg_featured_image_url":null,"rttpg_author":{"display_name":"laysmendes","author_link":"https:\/\/goias.gov.br\/educacao\/author\/laysmendes\/"},"rttpg_comment":0,"rttpg_category":null,"rttpg_excerpt":"BREVE HIST\u00d3RIA O modelo do Col\u00e9gio da Pol\u00edcia Militar do Estado de Goi\u00e1s (CEPMG) foi implantado em novembro de 1998, iniciando seu funcionamento com 440 alunos nas instala\u00e7\u00f5es da Academia de Pol\u00edcia Militar com apenas 6 salas de aula, nominado Col\u00e9gio Militar Coronel C\u00edcero Bueno Brand\u00e3o. No ano de 2000, a unidade foi transferida para&hellip;","_links":{"self":[{"href":"https:\/\/goias.gov.br\/educacao\/wp-json\/wp\/v2\/pages\/126917","targetHints":{"allow":["GET"]}}],"collection":[{"href":"https:\/\/goias.gov.br\/educacao\/wp-json\/wp\/v2\/pages"}],"about":[{"href":"https:\/\/goias.gov.br\/educacao\/wp-json\/wp\/v2\/types\/page"}],"author":[{"embeddable":true,"href":"https:\/\/goias.gov.br\/educacao\/wp-json\/wp\/v2\/users\/465"}],"replies":[{"embeddable":true,"href":"https:\/\/goias.gov.br\/educacao\/wp-json\/wp\/v2\/comments?post=126917"}],"version-history":[{"count":3,"href":"https:\/\/goias.gov.br\/educacao\/wp-json\/wp\/v2\/pages\/126917\/revisions"}],"predecessor-version":[{"id":678926,"href":"https:\/\/goias.gov.br\/educacao\/wp-json\/wp\/v2\/pages\/126917\/revisions\/678926"}],"wp:attachment":[{"href":"https:\/\/goias.gov.br\/educacao\/wp-json\/wp\/v2\/media?parent=126917"}],"curies":[{"name":"wp","href":"https:\/\/api.w.org\/{rel}","templated":true}]}}