

{"id":100757,"date":"2024-07-02T09:48:37","date_gmt":"2024-07-02T12:48:37","guid":{"rendered":"https:\/\/goias.gov.br\/educacao\/?page_id=100757"},"modified":"2026-01-30T10:32:04","modified_gmt":"2026-01-30T13:32:04","slug":"desporto-educa-2024","status":"publish","type":"page","link":"https:\/\/goias.gov.br\/educacao\/desporto-educa-2024\/","title":{"rendered":"Desporto Educa 2024"},"content":{"rendered":"\t\t<div data-elementor-type=\"wp-page\" data-elementor-id=\"100757\" class=\"elementor elementor-100757\">\n\t\t\t\t<div class=\"elementor-element elementor-element-0b6b2a6 e-flex e-con-boxed e-con e-parent\" data-id=\"0b6b2a6\" data-element_type=\"container\" data-e-type=\"container\">\n\t\t\t\t\t<div class=\"e-con-inner\">\n\t\t\t\t<div class=\"elementor-element elementor-element-66ce682 elementor-widget elementor-widget-image\" data-id=\"66ce682\" data-element_type=\"widget\" data-e-type=\"widget\" data-widget_type=\"image.default\">\n\t\t\t\t\t\t\t\t\t\t\t\t\t\t\t<img decoding=\"async\" src=\"https:\/\/goias.gov.br\/educacao\/wp-content\/uploads\/sites\/40\/2024\/07\/banner-processo-seletivo-interno-desporto-educa-2024.png\" title=\"\" alt=\"\" loading=\"lazy\" \/>\t\t\t\t\t\t\t\t\t\t\t\t\t\t\t<\/div>\n\t\t\t\t<div class=\"elementor-element elementor-element-14f1206 elementor-widget elementor-widget-text-editor\" data-id=\"14f1206\" data-element_type=\"widget\" data-e-type=\"widget\" data-widget_type=\"text-editor.default\">\n\t\t\t\t\t\t\t\t\t<p><a href=\"https:\/\/goias.gov.br\/educacao\/wp-content\/uploads\/sites\/40\/files\/docs\/desporto-educa-2024\/01-02-2024-01-SEI_56143822_Edital.pdf\" target=\"_blank\" rel=\"noopener noreferrer\">01\/02\/2024 &#8211; 01 &#8211; SEI 56143822 Edital<\/a><\/p><p><a href=\"https:\/\/goias.gov.br\/educacao\/wp-content\/uploads\/sites\/40\/files\/docs\/desporto-educa-2024\/01-02-2024-ANEXO_I___Modelo_do_Projeto.docx\" target=\"_blank\" rel=\"noopener noreferrer\">01\/02\/2024 &#8211; ANEXO I &#8211; Modelo do Projeto<\/a><\/p><p><a href=\"https:\/\/goias.gov.br\/educacao\/wp-content\/uploads\/sites\/40\/files\/docs\/desporto-educa-2024\/01-02-2024-ANEXO_II___Parecer_do_Conselho_Escolar.docx\" target=\"_blank\" rel=\"noopener noreferrer\">01\/02\/2024 &#8211; ANEXO II &#8211; Parecer do Conselho Escolar<\/a><\/p><p><a href=\"https:\/\/goias.gov.br\/educacao\/wp-content\/uploads\/sites\/40\/files\/docs\/desporto-educa-2024\/01-02-2024-ANEXO_IX___Recurso.docx\" target=\"_blank\" rel=\"noopener noreferrer\">01\/02\/2024 &#8211; ANEXO IX &#8211; Recurso<\/a><\/p><p><a href=\"https:\/\/goias.gov.br\/educacao\/wp-content\/uploads\/sites\/40\/files\/docs\/desporto-educa-2024\/01-02-2024-ANEXO_VII___Modelo_de_Cronograma.docx\" target=\"_blank\" rel=\"noopener noreferrer\">01\/02\/2024 &#8211; ANEXO VII &#8211; Modelo de Cronograma<\/a><\/p><p><a href=\"https:\/\/goias.gov.br\/educacao\/wp-content\/uploads\/sites\/40\/files\/docs\/desporto-educa-2024\/01-02-2024-ANEXO_VIII___Quadro_de_Horarios_2024.docx\" target=\"_blank\" rel=\"noopener noreferrer\">01\/02\/2024 &#8211; ANEXO VIII &#8211; Quadro de Horarios 2024<\/a><\/p><p><a href=\"https:\/\/goias.gov.br\/educacao\/wp-content\/uploads\/sites\/40\/files\/docs\/desporto-educa-2024\/01-02-2024-ANEXO_X___Termo_de_Compromisso_e_Responsabilidade_do_gestor.docx\" target=\"_blank\" rel=\"noopener\">01\/02\/2024 &#8211; ANEXO X &#8211; Termo de Compromisso e Responsabilidade do gestor<\/a><\/p><p><a href=\"https:\/\/goias.gov.br\/educacao\/wp-content\/uploads\/sites\/40\/files\/docs\/desporto-educa-2024\/01-02-2024-ANEXO_XI___Declaracao_da_CRE.docx\" target=\"_blank\" rel=\"noopener noreferrer\">01\/02\/2024 &#8211; ANEXO XI &#8211; Declara\u00e7\u00e3o da CRE<\/a><\/p><p><a href=\"https:\/\/goias.gov.br\/educacao\/wp-content\/uploads\/sites\/40\/files\/docs\/desporto-educa-2024\/01-02-2024-ANEXO_XIII___Termo_de_Parceria_e_Cooperacao.docx\" target=\"_blank\" rel=\"noopener noreferrer\">01\/02\/2024 &#8211; ANEXO XIII &#8211; Termo de Parceria e Coopera\u00e7\u00e3o<\/a><\/p><p><a href=\"https:\/\/goias.gov.br\/educacao\/wp-content\/uploads\/sites\/40\/files\/ProcessoSeletivoInterno\/Educacaofisica\/AtadedecisaodosRecursoscontraoResultadoPreliminardaAvaliacaoporequipemultiprofissional.pdf\">Ata de decisa\u0303o dos Recursos contra o Resultado Preliminar da Avaliac\u0327a\u0303o por equipe multiprofissional<\/a><\/p><p><a href=\"https:\/\/goias.gov.br\/educacao\/wp-content\/uploads\/sites\/40\/files\/ProcessoSeletivoInterno\/Educacaofisica\/2024\/AtadedecisaodeRecursoscontraoResultadopreliminardocertameCREGOIANIAeCREANAPOLIS.pdf\">Ata de decis\u00e3o de Recursos contra o Resultado preliminar do certame &#8211; CRE GOI\u00c2NIA e CRE AN\u00c1POLIS<\/a><\/p><p><a href=\"https:\/\/goias.gov.br\/educacao\/wp-content\/uploads\/sites\/40\/files\/ProcessoSeletivoInterno\/Educacaofisica\/2024\/ResultadoDefinitivodoCertameCREANAPOLISRETIFICADO200224.pdf\">Resultado Definitivo do Certame &#8211; CRE AN\u00c1POLIS &#8211; RETIFICADO 20 02 24<\/a><\/p><p><a href=\"https:\/\/goias.gov.br\/educacao\/wp-content\/uploads\/sites\/40\/files\/ProcessoSeletivoInterno\/Educacaofisica\/2024\/ResultadoDefinitivodoCertameCREGoiania20022024.pdf\">Resultado Definitivo do Certame &#8211; CRE Goi\u00e2nia 20 02 2024<\/a><\/p><p><a href=\"https:\/\/goias.gov.br\/educacao\/wp-content\/uploads\/sites\/40\/files\/ProcessoSeletivoInterno\/Educacaofisica\/2024\/ResultadoDefinitivodoCertameCREItapaciRETIFICADO200224.pdf\">Resultado Definitivo do Certame &#8211; CRE Itapaci &#8211; RETIFICADO 20 02 24<\/a><\/p><p><a href=\"https:\/\/goias.gov.br\/educacao\/wp-content\/uploads\/sites\/40\/2024\/ProcessoSeletivoSimplificado\/DesportoEduca\/EditaldeConvocacaon02paraContratacaoEdital0042023SDEAESEDUC.pdf\">Edital de Convoca\u00e7\u00e3o n\u00ba02 para Contrata\u00e7\u00e3o Edital 004\/2023 SDEAE SEDUC<\/a><\/p>\t\t\t\t\t\t\t\t<\/div>\n\t\t\t\t\t<\/div>\n\t\t\t\t<\/div>\n\t\t\t\t<\/div>\n\t\t","protected":false},"excerpt":{"rendered":"<p>01\/02\/2024 &#8211; 01 &#8211; SEI 56143822 Edital 01\/02\/2024 &#8211; ANEXO I &#8211; Modelo do Projeto 01\/02\/2024 &#8211; ANEXO II &#8211; Parecer do Conselho Escolar 01\/02\/2024 &#8211; ANEXO IX &#8211; Recurso 01\/02\/2024 &#8211; ANEXO VII &#8211; Modelo de Cronograma 01\/02\/2024 &#8211; ANEXO VIII &#8211; Quadro de Horarios 2024 01\/02\/2024 &#8211; ANEXO X &#8211; Termo de Compromisso [&hellip;]<\/p>\n","protected":false},"author":465,"featured_media":0,"parent":0,"menu_order":0,"comment_status":"closed","ping_status":"closed","template":"","meta":{"footnotes":""},"class_list":["post-100757","page","type-page","status-publish","hentry"],"rttpg_featured_image_url":null,"rttpg_author":{"display_name":"laysmendes","author_link":"https:\/\/goias.gov.br\/educacao\/author\/laysmendes\/"},"rttpg_comment":0,"rttpg_category":null,"rttpg_excerpt":"01\/02\/2024 &#8211; 01 &#8211; SEI 56143822 Edital 01\/02\/2024 &#8211; ANEXO I &#8211; Modelo do Projeto 01\/02\/2024 &#8211; ANEXO II &#8211; Parecer do Conselho Escolar 01\/02\/2024 &#8211; ANEXO IX &#8211; Recurso 01\/02\/2024 &#8211; ANEXO VII &#8211; Modelo de Cronograma 01\/02\/2024 &#8211; ANEXO VIII &#8211; Quadro de Horarios 2024 01\/02\/2024 &#8211; ANEXO X &#8211; Termo de Compromisso&hellip;","_links":{"self":[{"href":"https:\/\/goias.gov.br\/educacao\/wp-json\/wp\/v2\/pages\/100757","targetHints":{"allow":["GET"]}}],"collection":[{"href":"https:\/\/goias.gov.br\/educacao\/wp-json\/wp\/v2\/pages"}],"about":[{"href":"https:\/\/goias.gov.br\/educacao\/wp-json\/wp\/v2\/types\/page"}],"author":[{"embeddable":true,"href":"https:\/\/goias.gov.br\/educacao\/wp-json\/wp\/v2\/users\/465"}],"replies":[{"embeddable":true,"href":"https:\/\/goias.gov.br\/educacao\/wp-json\/wp\/v2\/comments?post=100757"}],"version-history":[{"count":3,"href":"https:\/\/goias.gov.br\/educacao\/wp-json\/wp\/v2\/pages\/100757\/revisions"}],"predecessor-version":[{"id":676959,"href":"https:\/\/goias.gov.br\/educacao\/wp-json\/wp\/v2\/pages\/100757\/revisions\/676959"}],"wp:attachment":[{"href":"https:\/\/goias.gov.br\/educacao\/wp-json\/wp\/v2\/media?parent=100757"}],"curies":[{"name":"wp","href":"https:\/\/api.w.org\/{rel}","templated":true}]}}