

{"id":56821,"date":"2024-07-31T17:38:33","date_gmt":"2024-07-31T20:38:33","guid":{"rendered":"https:\/\/goias.gov.br\/economia\/?page_id=56821"},"modified":"2026-02-24T14:18:22","modified_gmt":"2026-02-24T17:18:22","slug":"atualizacao-do-plano-de-recuperacao-fiscal","status":"publish","type":"page","link":"https:\/\/goias.gov.br\/economia\/atualizacao-do-plano-de-recuperacao-fiscal\/","title":{"rendered":"Atualiza\u00e7\u00e3o do Plano de Recupera\u00e7\u00e3o Fiscal"},"content":{"rendered":"\t\t<div data-elementor-type=\"wp-page\" data-elementor-id=\"56821\" class=\"elementor elementor-56821\">\n\t\t\t\t<div class=\"elementor-element elementor-element-b555ca6 e-flex e-con-boxed e-con e-parent\" data-id=\"b555ca6\" data-element_type=\"container\" data-e-type=\"container\">\n\t\t\t\t\t<div class=\"e-con-inner\">\n\t\t<div class=\"elementor-element elementor-element-c652134 e-con-full e-flex e-con e-child\" data-id=\"c652134\" data-element_type=\"container\" data-e-type=\"container\">\n\t\t\t\t<div class=\"elementor-element elementor-element-3e752c6 elementor-widget elementor-widget-shortcode\" data-id=\"3e752c6\" data-element_type=\"widget\" data-e-type=\"widget\" data-widget_type=\"shortcode.default\">\n\t\t\t\t\t\t\t<div class=\"elementor-shortcode\"><div data-post-id=\"51118\" class=\"insert-page insert-page-51118 \"><h1 class='insert-page-title'>Atualiza\u00e7\u00e3o do Plano de Recupera\u00e7\u00e3o Fiscal<\/h1><p>O Regime de Recupera\u00e7\u00e3o Fiscal &#8211; RRF, institu\u00eddo por meio da Lei Complementar Federal n\u00ba 159, de 19 de maio de 2017, objetiva fornecer instrumentos de ajuste fiscal a Estados que apresentem desequil\u00edbrio financeiro grave, cuja solu\u00e7\u00e3o n\u00e3o seja poss\u00edvel por meio do arcabou\u00e7o normativo vigente at\u00e9 ent\u00e3o. Assim, o Plano de Recupera\u00e7\u00e3o Fiscal &#8211; PRF, concebido no \u00e2mbito do Regime de Recupera\u00e7\u00e3o Fiscal, institu\u00eddo pela LC n\u00ba 159\/2017, constitui um conjunto de medidas que t\u00eam por objetivo reequilibrar as contas dos estados.<\/p>\n<p>Al\u00e9m da Lei Complementar Federal n\u00ba 159, de 2017, o RRF \u00e9 regido pela Lei Complementar Federal n\u00ba 178, de 2021, pelo Decreto n\u00ba 10.681, de 20 de abril de 2021, pela Portaria do Minist\u00e9rio da Economia n\u00b0 4.758, de 27 de abril de 2021, e pela Portaria da Secretaria do Tesouro Nacional n\u00ba 217, de 15 de fevereiro de 2024. Para aderir ao Regime, o Estado deve estar habilitado, nos termos do artigo 3\u00ba da Lei Complementar Federal n\u00ba 159, de 2017, e protocolar pedido de ades\u00e3o em conformidade com o artigo 4\u00ba da mesma Lei Complementar.<\/p>\n<p>O Estado de Goi\u00e1s encontra-se autorizado a aderir ao Regime de Recupera\u00e7\u00e3o Fiscal pela Lei Estadual n\u00ba 20.511, de 11 de julho de 2019. Nesse sentido, o Estado formalizou o pedido de ades\u00e3o ao RRF por meio do Of\u00edcio n\u00ba 8668\/2021-ECONOMIA, de 31 de agosto de 2021.<\/p>\n<p>Ap\u00f3s 24 meses da entrada no Regime, visando atender inciso II do art. 37 do Decreto n\u00ba 10.681\/2021, o ente subnacional submetido ao Regime deve encaminhar a atualiza\u00e7\u00e3o do seu Plano de Recupera\u00e7\u00e3o Fiscal. <em>In verbis<\/em>:<\/p>\n<blockquote><p><sup><em>\u201cArt. 37. O Plano de Recupera\u00e7\u00e3o Fiscal homologado:\u201d<\/em><\/sup><\/p>\n<p><sup><em>(&#8230;)<br \/>\n<\/em><\/sup><sup><em>II &#8211; dever\u00e1 ser atualizado a cada vinte e quatro meses da data de homologa\u00e7\u00e3o do Plano de Recupera\u00e7\u00e3o Fiscal pelo Presidente da Rep\u00fablica, conforme disposto no art. 5\u00ba da Lei Complementar n\u00ba 159, de 2017, ou do in\u00edcio da vig\u00eancia da atualiza\u00e7\u00e3o mais recente do Plano de Recupera\u00e7\u00e3o Fiscal.\u201d<\/em><\/sup><\/p><\/blockquote>\n<p>Deve-se mencionar, ainda, que o Decreto n\u00ba 10.681\/2021, define, em seu art. 37, \u00a71\u00ba, que atualiza\u00e7\u00e3o \u00e9 a revis\u00e3o conjunta das se\u00e7\u00f5es a que se referem os incisos II a V do caput do art. 5\u00ba do mesmo Decreto, que estabelece:<\/p>\n<blockquote><p><sup><em>\u201cArt. 5\u00ba O Plano de Recupera\u00e7\u00e3o Fiscal ser\u00e1 composto das seguintes se\u00e7\u00f5es:<\/em><\/sup><\/p>\n<p><sup><em>I &#8211; diagn\u00f3stico da situa\u00e7\u00e3o fiscal do Estado no exerc\u00edcio anterior;<br \/>\n<\/em><\/sup><sup><em>II &#8211; proje\u00e7\u00f5es financeiras para o exerc\u00edcio corrente e para os exerc\u00edcios subsequentes, considerados os efeitos da ades\u00e3o ao Regime sobre as finan\u00e7as do Estado;<br \/>\n<\/em><\/sup><sup><em>III &#8211; detalhamento das medidas de ajuste que ser\u00e3o adotadas durante a vig\u00eancia do Regime de Recupera\u00e7\u00e3o Fiscal, dos impactos esperados e dos prazos para a ado\u00e7\u00e3o das referidas medidas;<br \/>\n<\/em><\/sup><sup><em>IV &#8211; ressalvas \u00e0s veda\u00e7\u00f5es previstas no Art. 8\u00ba da Lei Complementar n\u00ba 159, de 2017, e defini\u00e7\u00e3o de impacto financeiro considerado irrelevante para fins de aplica\u00e7\u00e3o do disposto no \u00a7 6\u00ba do referido artigo;<br \/>\n<\/em><\/sup><sup><em>V &#8211; metas, compromissos e hip\u00f3teses de encerramento do Regime de Recupera\u00e7\u00e3o Fiscal; e<br \/>\n<\/em><\/sup><sup><em>VI &#8211; leis ou atos normativos dos quais decorram, nos termos do disposto neste Decreto, a implementa\u00e7\u00e3o das medidas previstas no \u00a7 1\u00ba do art. 2\u00ba da Lei Complementar n\u00ba 159, de 2017, ou demonstra\u00e7\u00e3o da desnecessidade de edi\u00e7\u00e3o de legisla\u00e7\u00e3o adicional, conforme o disposto no \u00a7 8\u00ba do referido artigo.<\/em><\/sup><\/p>\n<p><sup><em>(&#8230;)\u201d<\/em><\/sup><\/p><\/blockquote>\n<p>O Manual do Regime de Recupera\u00e7\u00e3o Fiscal, em sua p\u00e1gina 20, por sua vez organiza a elabora\u00e7\u00e3o dessas se\u00e7\u00f5es em Entregas:<\/p>\n<ul>\n<li><span style=\"text-decoration: underline;\">Entrega 1:<br \/>\n<\/span>Se\u00e7\u00e3o I &#8211; Diagn\u00f3stico da Situa\u00e7\u00e3o Fiscal do Estado no exerc\u00edcio anterior.<\/li>\n<li><span style=\"text-decoration: underline;\"><em>Entrega 2:<br \/>\n<\/em><\/span>Se\u00e7\u00e3o II &#8211; Proje\u00e7\u00f5es financeiras para os exerc\u00edcios subsequentes;<br \/>\nSe\u00e7\u00e3o IV &#8211; Ressalvas \u00e0s veda\u00e7\u00f5es do art. 8\u00ba da LC n\u00ba 159\/2017.<\/li>\n<li><span style=\"text-decoration: underline;\">Entrega 3:<br \/>\n<\/span>Se\u00e7\u00e3o III &#8211; Detalhamento das medidas de ajuste.<\/li>\n<li><span style=\"text-decoration: underline;\">Entrega 4:<br \/>\n<\/span>Se\u00e7\u00e3o V &#8211; Metas e compromissos.<\/li>\n<\/ul>\n<p>Nesse contexto, o Estado de Goi\u00e1s envidou esfor\u00e7os, j\u00e1 a partir do segundo semestre de 2023, no sentido de atualizar todas as informa\u00e7\u00f5es pertinentes no \u00e2mbito de seu Plano de Recupera\u00e7\u00e3o Fiscal. \u2013 PRF, uma vez que o mesmo teria vig\u00eancia j\u00e1 a partir de janeiro\/2024. Esse trabalho foi realizado sob coordena\u00e7\u00e3o da Secretaria da Economia e contou com a colabora\u00e7\u00e3o de todos Poderes, \u00f3rg\u00e3os e entidades aut\u00f4nomas do Estado. Ap\u00f3s diversas dilig\u00eancias junto \u00e0s equipes t\u00e9cnicas do Minist\u00e9rio da Fazenda, foi enviado o Of\u00edcio n\u00ba 22235\/2023\/ECONOMIA, de 28 de novembro de 2023. Em seguida, por meio do Of\u00edcio n\u00ba 23423\/2023\/ECONOMIA, de 18 de dezembro de 2023, a atualiza\u00e7\u00e3o do Plano foi complementada com as respectivas Fichas de Monitoramento das Medidas de Ajuste nele previstas. Realizada a an\u00e1lise em torno do material encaminhado, a Secretaria do Tesouro Nacional teceu diversos questionamentos, suscitando maiores detalhamentos dos pontos abordados, os quais foram sumarizados por meio da Nota T\u00e9cnica SEI n\u00ba 3509\/2023\/MF, de 28 de dezembro de 2023. Dessa feita, foram enviados o Of\u00edcio n\u00ba 23638\/2023\/ECONOMIA, de 21 de dezembro de 2023 e o Of\u00edcio n\u00ba 23803\/2023\/ECONOMIA, de 29 de dezembro de 2023, contendo as informa\u00e7\u00f5es solicitadas.<\/p>\n<p>Em janeiro\/2024, a Secretaria do Tesouro Nacional \u2013 STN emitiu o Parecer SEI n\u00ba 77\/2024\/MF, aprovando o PRF do Estado de Goi\u00e1s. O parecer destacou a robustez fiscal do Plano, concluindo que apresentava capacidade suficiente para reequilibrar financeiramente o Estado. Ap\u00f3s a aprova\u00e7\u00e3o pela STN, o PRF recebeu manifesta\u00e7\u00f5es favor\u00e1veis do Conselho de Supervis\u00e3o do Regime de Recupera\u00e7\u00e3o Fiscal (CSRRF) do Estado de Goi\u00e1s e da Procuradoria-Geral da Fazenda Nacional (PGFN). Nenhum \u00f3bice t\u00e9cnico ou jur\u00eddico foi apontado. Em seguida, a atualiza\u00e7\u00e3o do Plano de Recupera\u00e7\u00e3o Fiscal do Estado de Goi\u00e1s referente ao bi\u00eanio 2024-2025 foi encaminhada para homologa\u00e7\u00e3o por parte do Ministro da Fazenda.<\/p>\n<p>Ainda sob processo de homologa\u00e7\u00e3o junto ao Minist\u00e9rio, foi editada a Portaria n\u00ba 549 de 3 de abril de 2024, a qual estabeleceu novo regramento concernente \u00e0s opera\u00e7\u00f5es de cr\u00e9dito pass\u00edveis de serem pleiteadas por entes submetidos ao Regime de Recupera\u00e7\u00e3o Fiscal da LCP n\u00ba 159\/2017. Especificamente, previa a Portaria que &#8220;a concess\u00e3o de garantia da Uni\u00e3o em opera\u00e7\u00f5es de cr\u00e9dito pleiteadas por entes participantes do Regime de Recupera\u00e7\u00e3o Fiscal passou a restringir-se exclusivamente \u00e0quelas cujas finalidades estejam diretamente relacionadas \u00e0 recupera\u00e7\u00e3o fiscal, conforme elencadas nos incisos I a VI do art. 11 da Lei Complementar n\u00ba 159, de 19 de maio de 2017&#8221;.<\/p>\n<p>Tal mudan\u00e7a normativa afetou o Plano em fase de homologa\u00e7\u00e3o, uma vez que o Estado havia manifestado a inten\u00e7\u00e3o de contratar opera\u00e7\u00e3o de cr\u00e9dito com garantia da Uni\u00e3o junto ao Banco Internacional para Reconstru\u00e7\u00e3o e Desenvolvimento para financiar o Programa Goi\u00e1s em Movimento Reconstru\u00e7\u00e3o, listada nas ressalvas \u00e0s veda\u00e7\u00f5es do Regime, em conson\u00e2ncia aos requisitos legais vigentes, tal qual atestado, at\u00e9 aquele momento, atrav\u00e9s das mencionadas manifesta\u00e7\u00f5es da STN, do CSRRF e da PGFN.<\/p>\n<p>Entretanto, ap\u00f3s a edi\u00e7\u00e3o da Portaria 549, a opera\u00e7\u00e3o do &#8220;Programa Goi\u00e1s em Movimento Reconstru\u00e7\u00e3o&#8221; foi inviabilizada porque, sem garantias da Uni\u00e3o, teria custo elevado. Ap\u00f3s inviabilizar a opera\u00e7\u00e3o, o Ministro da Fazenda devolveu o Plano \u00e0 STN para rean\u00e1lise. Esta, em 7 de maio de 2024, enviou o Of\u00edcio SEI n\u00ba 27822\/2024\/MF, questionando se o Estado de Goi\u00e1s desejava enviar uma atualiza\u00e7\u00e3o do PRF em fun\u00e7\u00e3o das novas disposi\u00e7\u00f5es da Portaria MF n\u00ba 549\/2024.<\/p>\n<p>Nesse contexto, nova vers\u00e3o do Plano foi enviada por meio do Of\u00edcio n\u00ba 10167\/2024\/ECONOMIA, de 8 de maio de 2024. Nessa nova vers\u00e3o da atualiza\u00e7\u00e3o do Plano, foi exclu\u00edda a referida opera\u00e7\u00e3o de cr\u00e9dito. Adicionalmente, tamb\u00e9m foi exclu\u00edda a medida de ajuste relacionada ao Termo Aditivo art. 4\u00ba-A, inciso I, Al\u00ednea &#8220;a&#8221; da LC n\u00ba 156\/2016. A segunda exclus\u00e3o foi efetuada \u00e0 luz da decis\u00e3o favor\u00e1vel obtida pelo estado no \u00e2mbito da A\u00e7\u00e3o C\u00edvel Origin\u00e1ria n\u00ba 3651.<\/p>\n<p>Posteriormente, no dia 27 de maio de 2024, a STN encaminhou \u00e0 Secretaria de Economia do Estado de Goi\u00e1s um pedido de informa\u00e7\u00f5es acerca da atualiza\u00e7\u00e3o do Plano de Recupera\u00e7\u00e3o Fiscal, enviada em 08\/05\/2024, o qual consistiu em uma solicita\u00e7\u00e3o de justificativa acerca da exclus\u00e3o da medida de ajuste relacionada ao Termo Aditivo do art. 4\u00ba-A, inciso I, Al\u00ednea &#8220;a&#8221;, da LC n\u00ba 156\/2016 (Substitui\u00e7\u00e3o de penalidades pelo descumprimento do Teto da LC156).<\/p>\n<p>Em 07 de junho de 2024, por meio do Of\u00edcio n\u00ba 12595\/2024\/ECONOMIA, a Secretaria de Economia do Estado de Goi\u00e1s envia ao Minist\u00e9rio da Fazenda a \u00faltima vers\u00e3o da atualiza\u00e7\u00e3o bianual de seu Plano de Recupera\u00e7\u00e3o Fiscal, tendo como \u00fanica mudan\u00e7a em rela\u00e7\u00e3o \u00e0 vers\u00e3o anterior a reinser\u00e7\u00e3o da mencionada medida de ajuste relacionada ao Termo Aditivo art. 4\u00ba-A, inciso I, Al\u00ednea &#8220;a&#8221; da LC n\u00ba 156\/2016. Em sua justificativa, a Secretaria da Economia de Goi\u00e1s argumentou que o Estado havia obtido decis\u00e3o favor\u00e1vel do Excelent\u00edssimo Sr. Ministro Gilmar Mendes, no \u00e2mbito da A\u00e7\u00e3o C\u00edvel<\/p>\n<p>Origin\u00e1ria n\u00ba 3651 e que, embora a Advocacia-Geral da Uni\u00e3o (AGU) tivesse interposto recurso \u00e0 referida decis\u00e3o, o Estado de Goi\u00e1s estava confiante de que a decis\u00e3o permaneceria favor\u00e1vel. Assim, a reinser\u00e7\u00e3o da Medida de Ajuste constituir-se-ia mera salvaguarda.<\/p>\n<p>Por fim, em 22 de julho de 2024, foi publicado o Despacho de 19 de julho de 2024, da lavra do senhor Ministro da Fazenda, contendo a homologa\u00e7\u00e3o da atualiza\u00e7\u00e3o bianual do Plano de Recupera\u00e7\u00e3o Fiscal do Estado de Goi\u00e1s, amparada pela manifesta\u00e7\u00e3o favor\u00e1vel da Secretaria do Tesouro Nacional por meio do Parecer SEI n\u00ba 2218\/2024\/MF e do Conselho de Supervis\u00e3o do Regime de Recupera\u00e7\u00e3o Fiscal do Estado de Goi\u00e1s por meio do Parecer SEI n\u00ba 2391\/2024\/MF.<\/p>\n<h2>Principais mudan\u00e7as constantes na atualiza\u00e7\u00e3o do PRF de Goi\u00e1s<\/h2>\n<p>O novo PRF trouxe relevantes altera\u00e7\u00f5es em seu bojo. A principal delas se refere \u00e0 atualiza\u00e7\u00e3o da trajet\u00f3ria de despesas e receitas previstas nas estimativas financeiras do Plano, a qual, ao incorporar o hist\u00f3rico recente observado nos \u00faltimos dois anos, foi afetada pelos impactos da Lei Complementar 194\/2022.<\/p>\n<p>N\u00e3o menos relevante, houve mudan\u00e7as relevantes nas Medidas de Ajuste previstas. Houve a exclus\u00e3o da venda de 49% das a\u00e7\u00f5es da Saneago, a inclus\u00e3o de opera\u00e7\u00e3o de cr\u00e9dito junto ao Banco Interamericano de Desenvolvimento (BID) e a aliena\u00e7\u00e3o da CELGPar.<\/p>\n<p>O novo PRF prev\u00ea a possibilidade de o estado captar at\u00e9 US$ 99,9 milh\u00f5es (cerca de R$ 556 milh\u00f5es) em empr\u00e9stimos junto ao Banco Interamericano de Desenvolvimento (BID) para o Projeto de Moderniza\u00e7\u00e3o da Gest\u00e3o do Fisco (Profisco 3).<\/p>\n<p>Adicionalmente, conforme exposto, foi inclu\u00edda como Medida de Ajuste a celebra\u00e7\u00e3o de Termo Aditivo previsto no art. 4\u00ba-A, inciso I, Al\u00ednea &#8220;a&#8221; da LC n\u00ba 156\/2016.<\/p>\n<h2>Arquivos do novo PRF de Goi\u00e1s<\/h2>\n<p>O novo Plano de Recupera\u00e7\u00e3o Fiscal do Estado de Goi\u00e1s inclui n\u00e3o apenas a Nota T\u00e9cnica de sua atualiza\u00e7\u00e3o, mas tamb\u00e9m diversos anexos. Abaixo est\u00e3o listados os documentos utilizados na atualiza\u00e7\u00e3o do PRF:<\/p>\n<ul>\n<li>Of\u00edcios de encaminhamento<a href=\"https:\/\/goias.gov.br\/economia\/wp-content\/uploads\/sites\/45\/2024\/07\/01-Oficio-22235_2023_ECONOMIA.pdf\" target=\"_blank\" rel=\"noopener\"> 22235\/2023\/ECONOMIA<\/a>, <a href=\"https:\/\/goias.gov.br\/economia\/wp-content\/uploads\/sites\/45\/2024\/07\/02-Oficio_23423_2023_ECONOMIA.pdf\" target=\"_blank\" rel=\"noopener\">23423\/2023\/ECONOMIA<\/a>, <a href=\"https:\/\/goias.gov.br\/economia\/wp-content\/uploads\/sites\/45\/2024\/07\/03-Oficio-23638_2023_ECONOMIA.pdf\" target=\"_blank\" rel=\"noopener\">23638\/2023\/ECONOMIA<\/a>, <a href=\"https:\/\/goias.gov.br\/economia\/wp-content\/uploads\/sites\/45\/2024\/07\/04-Oficio_23803_2023_ECONOMIA.pdf\" target=\"_blank\" rel=\"noopener\">23803\/2023\/ECONOMIA<\/a>, <a href=\"https:\/\/goias.gov.br\/economia\/wp-content\/uploads\/sites\/45\/2024\/07\/05-Oficio-10167_2024_ECONOMIA.pdf\" target=\"_blank\" rel=\"noopener\">10167\/2024\/ECONOMIA<\/a> e <a href=\"https:\/\/goias.gov.br\/economia\/wp-content\/uploads\/sites\/45\/2024\/07\/06-Oficio_12595_2024_ECONOMIA.pdf\" target=\"_blank\" rel=\"noopener\">12595\/2024\/ECONOMIA<\/a>;<\/li>\n<li><a href=\"https:\/\/goias.gov.br\/economia\/wp-content\/uploads\/sites\/45\/2024\/07\/Plano-de-Recuperacao-Fiscal.pdf\" target=\"_blank\" rel=\"noopener\">Plano de Recupera\u00e7\u00e3o Fiscal<\/a>;<\/li>\n<li><a href=\"https:\/\/goias.gov.br\/wp-content\/uploads\/sites\/45\/files\/Anexo I - Planilha de Proje\u00e7\u00f5es Financeiras.xlsm\" target=\"_blank\" rel=\"noopener\" data-wplink-url-error=\"true\">Anexo I &#8211; Planilha de proje\u00e7\u00f5es financeiras<\/a>;<\/li>\n<li><a href=\"https:\/\/goias.gov.br\/wp-content\/uploads\/sites\/45\/files\/Anexo II - Material utilizado para a elabora\u00e7\u00e3o do Cen\u00e1rio Base.zip\" target=\"_blank\" rel=\"noopener\" data-wplink-url-error=\"true\">Anexo II &#8211; Material para elabora\u00e7\u00e3o do Cen\u00e1rio Base<\/a>;<\/li>\n<li><a href=\"https:\/\/goias.gov.br\/wp-content\/uploads\/sites\/45\/files\/Anexo III - Material relativo \u00e0s medidas de ajustes.zip\" data-wplink-url-error=\"true\">Anexo III &#8211; Material relativo \u00e0s medidas de ajuste<\/a>;<\/li>\n<li><a href=\"https:\/\/goias.gov.br\/economia\/wp-content\/uploads\/sites\/45\/2024\/07\/Anexo-IV-Ressalvas-as-vedacoes.xlsx\" target=\"_blank\" rel=\"noopener\">Anexo IV &#8211; Ressalvas \u00e0s veda\u00e7\u00f5es do art. 8\u00ba da LC n\u00ba159\/17<\/a><\/li>\n<li><a href=\"https:\/\/goias.gov.br\/wp-content\/uploads\/sites\/45\/files\/Anexo V - Demais documentos anexos ao Novo PRF.zip\" target=\"_blank\" rel=\"noopener\" data-wplink-url-error=\"true\">Anexo V &#8211; Demais documentos anexos ao Novo PRF<\/a>.<\/li>\n<\/ul>\n<ul class='post-meta'>\n<li><span class='post-meta-key'>rank_math_internal_links_processed:<\/span> 1<\/li>\n<li><span class='post-meta-key'>footnotes:<\/span> <\/li>\n<li><span class='post-meta-key'>tpg-post-view-count:<\/span> 300<\/li>\n<\/ul>\n<\/div><\/div>\n\t\t\t\t\t\t<\/div>\n\t\t\t\t<\/div>\n\t\t<div class=\"elementor-element elementor-element-36a6b57 e-con-full e-flex e-con e-child\" data-id=\"36a6b57\" data-element_type=\"container\" data-e-type=\"container\">\n\t\t\t\t<div class=\"elementor-element elementor-element-bb64ff9 elementor-widget elementor-widget-heading\" data-id=\"bb64ff9\" data-element_type=\"widget\" data-e-type=\"widget\" data-widget_type=\"heading.default\">\n\t\t\t\t\t<h3 class=\"elementor-heading-title elementor-size-default\">REGIME DE RECUPERA\u00c7\u00c3O FISCAL<\/h3>\t\t\t\t<\/div>\n\t\t\t\t<div class=\"elementor-element elementor-element-9bd75dd elementor-align-justify elementor-widget elementor-widget-button\" data-id=\"9bd75dd\" data-element_type=\"widget\" data-e-type=\"widget\" data-widget_type=\"button.default\">\n\t\t\t\t\t\t\t\t\t\t<a class=\"elementor-button elementor-button-link elementor-size-sm\" href=\"https:\/\/goias.gov.br\/economia\/legislacao-relacionada\/\" target=\"_blank\">\n\t\t\t\t\t\t<span class=\"elementor-button-content-wrapper\">\n\t\t\t\t\t\t\t\t\t<span class=\"elementor-button-text\">Legisla\u00e7\u00e3o Relacionada<\/span>\n\t\t\t\t\t<\/span>\n\t\t\t\t\t<\/a>\n\t\t\t\t\t\t\t\t<\/div>\n\t\t\t\t<div class=\"elementor-element elementor-element-8ac5769 elementor-align-justify elementor-widget elementor-widget-button\" data-id=\"8ac5769\" data-element_type=\"widget\" data-e-type=\"widget\" data-widget_type=\"button.default\">\n\t\t\t\t\t\t\t\t\t\t<a class=\"elementor-button elementor-button-link elementor-size-sm\" href=\"https:\/\/goias.gov.br\/economia\/instrumentos-de-recuperacao-fiscal\/\" target=\"_blank\">\n\t\t\t\t\t\t<span class=\"elementor-button-content-wrapper\">\n\t\t\t\t\t\t\t\t\t<span class=\"elementor-button-text\">Instrumentos de Recupera\u00e7\u00e3o Fiscal<\/span>\n\t\t\t\t\t<\/span>\n\t\t\t\t\t<\/a>\n\t\t\t\t\t\t\t\t<\/div>\n\t\t\t\t<div class=\"elementor-element elementor-element-5b1041d elementor-align-justify elementor-widget elementor-widget-button\" data-id=\"5b1041d\" data-element_type=\"widget\" data-e-type=\"widget\" data-widget_type=\"button.default\">\n\t\t\t\t\t\t\t\t\t\t<a class=\"elementor-button elementor-button-link elementor-size-sm\" href=\"https:\/\/goias.gov.br\/economia\/deveres-do-estado\/\" target=\"_blank\">\n\t\t\t\t\t\t<span class=\"elementor-button-content-wrapper\">\n\t\t\t\t\t\t\t\t\t<span class=\"elementor-button-text\">Deveres do Estado<\/span>\n\t\t\t\t\t<\/span>\n\t\t\t\t\t<\/a>\n\t\t\t\t\t\t\t\t<\/div>\n\t\t\t\t<div class=\"elementor-element elementor-element-efc2e44 elementor-align-justify elementor-widget elementor-widget-button\" data-id=\"efc2e44\" data-element_type=\"widget\" data-e-type=\"widget\" data-widget_type=\"button.default\">\n\t\t\t\t\t\t\t\t\t\t<a class=\"elementor-button elementor-button-link elementor-size-sm\" href=\"https:\/\/goias.gov.br\/economia\/contexto-judicial-e-administrativo-percorrido\/\" target=\"_blank\">\n\t\t\t\t\t\t<span class=\"elementor-button-content-wrapper\">\n\t\t\t\t\t\t\t\t\t<span class=\"elementor-button-text\">Contexto Judicial e Administrativo Percorrido<\/span>\n\t\t\t\t\t<\/span>\n\t\t\t\t\t<\/a>\n\t\t\t\t\t\t\t\t<\/div>\n\t\t\t\t<div class=\"elementor-element elementor-element-316da45 elementor-align-justify elementor-widget elementor-widget-button\" data-id=\"316da45\" data-element_type=\"widget\" data-e-type=\"widget\" data-widget_type=\"button.default\">\n\t\t\t\t\t\t\t\t\t\t<a class=\"elementor-button elementor-button-link elementor-size-sm\" href=\"https:\/\/goias.gov.br\/economia\/composicao-do-plano-de-recuperacao-fiscal\/\" target=\"_blank\">\n\t\t\t\t\t\t<span class=\"elementor-button-content-wrapper\">\n\t\t\t\t\t\t\t\t\t<span class=\"elementor-button-text\">Plano de Recupera\u00e7\u00e3o Fiscal<\/span>\n\t\t\t\t\t<\/span>\n\t\t\t\t\t<\/a>\n\t\t\t\t\t\t\t\t<\/div>\n\t\t\t\t<div class=\"elementor-element elementor-element-fd4c602 elementor-align-justify elementor-widget elementor-widget-button\" data-id=\"fd4c602\" data-element_type=\"widget\" data-e-type=\"widget\" data-widget_type=\"button.default\">\n\t\t\t\t\t\t\t\t\t\t<a class=\"elementor-button elementor-button-link elementor-size-sm\" href=\"https:\/\/goias.gov.br\/economia\/?page_id=56821\" target=\"_blank\">\n\t\t\t\t\t\t<span class=\"elementor-button-content-wrapper\">\n\t\t\t\t\t\t\t\t\t<span class=\"elementor-button-text\">Novo Plano de Recupera\u00e7\u00e3o Fiscal<\/span>\n\t\t\t\t\t<\/span>\n\t\t\t\t\t<\/a>\n\t\t\t\t\t\t\t\t<\/div>\n\t\t\t\t<div class=\"elementor-element elementor-element-322aecc elementor-align-justify elementor-widget elementor-widget-button\" data-id=\"322aecc\" data-element_type=\"widget\" data-e-type=\"widget\" data-widget_type=\"button.default\">\n\t\t\t\t\t\t\t\t\t\t<a class=\"elementor-button elementor-button-link elementor-size-sm\" href=\"https:\/\/goias.gov.br\/economia\/documentos-relacionados-ao-acompanhamento-do-prf-de-goias\/\" target=\"_blank\">\n\t\t\t\t\t\t<span class=\"elementor-button-content-wrapper\">\n\t\t\t\t\t\t\t\t\t<span class=\"elementor-button-text\">Acompanhamento do PRF<\/span>\n\t\t\t\t\t<\/span>\n\t\t\t\t\t<\/a>\n\t\t\t\t\t\t\t\t<\/div>\n\t\t\t\t<div class=\"elementor-element elementor-element-5f9e3e2 elementor-align-justify elementor-widget elementor-widget-button\" data-id=\"5f9e3e2\" data-element_type=\"widget\" data-e-type=\"widget\" data-widget_type=\"button.default\">\n\t\t\t\t\t\t\t\t\t\t<a class=\"elementor-button elementor-button-link elementor-size-sm\" href=\"https:\/\/goias.gov.br\/economia\/rrf-perguntas-frequentes\/\" target=\"_blank\">\n\t\t\t\t\t\t<span class=\"elementor-button-content-wrapper\">\n\t\t\t\t\t\t\t\t\t<span class=\"elementor-button-text\">Perguntas Frequentes<\/span>\n\t\t\t\t\t<\/span>\n\t\t\t\t\t<\/a>\n\t\t\t\t\t\t\t\t<\/div>\n\t\t\t\t<div class=\"elementor-element elementor-element-ceb35c3 elementor-align-justify elementor-widget elementor-widget-button\" data-id=\"ceb35c3\" data-element_type=\"widget\" data-e-type=\"widget\" data-widget_type=\"button.default\">\n\t\t\t\t\t\t\t\t\t\t<a class=\"elementor-button elementor-button-link elementor-size-sm\" href=\"https:\/\/goias.gov.br\/economia\/paineis-de-acompanhamento-rrf-2\/\" target=\"_blank\">\n\t\t\t\t\t\t<span class=\"elementor-button-content-wrapper\">\n\t\t\t\t\t\t\t\t\t<span class=\"elementor-button-text\">Pain\u00e9is de Acompanhamento<\/span>\n\t\t\t\t\t<\/span>\n\t\t\t\t\t<\/a>\n\t\t\t\t\t\t\t\t<\/div>\n\t\t\t\t<\/div>\n\t\t\t\t\t<\/div>\n\t\t\t\t<\/div>\n\t\t\t\t<\/div>\n\t\t","protected":false},"excerpt":{"rendered":"<p>REGIME DE RECUPERA\u00c7\u00c3O FISCAL Legisla\u00e7\u00e3o Relacionada Instrumentos de Recupera\u00e7\u00e3o Fiscal Deveres do Estado Contexto Judicial e Administrativo Percorrido Plano de Recupera\u00e7\u00e3o Fiscal Novo Plano de Recupera\u00e7\u00e3o Fiscal Acompanhamento do PRF Perguntas Frequentes Pain\u00e9is de Acompanhamento<\/p>\n","protected":false},"author":370,"featured_media":0,"parent":0,"menu_order":0,"comment_status":"closed","ping_status":"closed","template":"","meta":{"footnotes":""},"class_list":["post-56821","page","type-page","status-publish","hentry"],"rttpg_featured_image_url":null,"rttpg_author":{"display_name":"viniciuscalacio","author_link":"https:\/\/goias.gov.br\/economia\/author\/viniciuscalacio\/"},"rttpg_comment":0,"rttpg_category":"","rttpg_excerpt":"REGIME DE RECUPERA\u00c7\u00c3O FISCAL Legisla\u00e7\u00e3o Relacionada Instrumentos de Recupera\u00e7\u00e3o Fiscal Deveres do Estado Contexto Judicial e Administrativo Percorrido Plano de Recupera\u00e7\u00e3o Fiscal Novo Plano de Recupera\u00e7\u00e3o Fiscal Acompanhamento do PRF Perguntas Frequentes Pain\u00e9is de Acompanhamento","_links":{"self":[{"href":"https:\/\/goias.gov.br\/economia\/wp-json\/wp\/v2\/pages\/56821","targetHints":{"allow":["GET"]}}],"collection":[{"href":"https:\/\/goias.gov.br\/economia\/wp-json\/wp\/v2\/pages"}],"about":[{"href":"https:\/\/goias.gov.br\/economia\/wp-json\/wp\/v2\/types\/page"}],"author":[{"embeddable":true,"href":"https:\/\/goias.gov.br\/economia\/wp-json\/wp\/v2\/users\/370"}],"replies":[{"embeddable":true,"href":"https:\/\/goias.gov.br\/economia\/wp-json\/wp\/v2\/comments?post=56821"}],"version-history":[{"count":2,"href":"https:\/\/goias.gov.br\/economia\/wp-json\/wp\/v2\/pages\/56821\/revisions"}],"predecessor-version":[{"id":413438,"href":"https:\/\/goias.gov.br\/economia\/wp-json\/wp\/v2\/pages\/56821\/revisions\/413438"}],"wp:attachment":[{"href":"https:\/\/goias.gov.br\/economia\/wp-json\/wp\/v2\/media?parent=56821"}],"curies":[{"name":"wp","href":"https:\/\/api.w.org\/{rel}","templated":true}]}}