

{"id":39202,"date":"2024-03-14T15:11:32","date_gmt":"2024-03-14T18:11:32","guid":{"rendered":"https:\/\/siteshom.goias.gov.br\/economia\/?page_id=39202"},"modified":"2026-02-26T15:07:29","modified_gmt":"2026-02-26T18:07:29","slug":"paineis-de-acompanhamento-rrf-2","status":"publish","type":"page","link":"https:\/\/goias.gov.br\/economia\/paineis-de-acompanhamento-rrf-2\/","title":{"rendered":"Paineis de acompanhamento &#8211; RRF"},"content":{"rendered":"\t\t<div data-elementor-type=\"wp-page\" data-elementor-id=\"39202\" class=\"elementor elementor-39202\">\n\t\t\t\t<div class=\"elementor-element elementor-element-f6778f8 e-flex e-con-boxed e-con e-parent\" data-id=\"f6778f8\" data-element_type=\"container\" data-e-type=\"container\">\n\t\t\t\t\t<div class=\"e-con-inner\">\n\t\t<div class=\"elementor-element elementor-element-985b342 e-con-full e-flex e-con e-child\" data-id=\"985b342\" data-element_type=\"container\" data-e-type=\"container\">\n\t\t\t\t<div class=\"elementor-element elementor-element-a19a55f elementor-widget elementor-widget-heading\" data-id=\"a19a55f\" data-element_type=\"widget\" data-e-type=\"widget\" data-widget_type=\"heading.default\">\n\t\t\t\t\t<h3 class=\"elementor-heading-title elementor-size-default\">Painel Contrato N\u00ba 225<\/h3>\t\t\t\t<\/div>\n\t\t\t\t<div class=\"elementor-element elementor-element-bc8b4f6 elementor-widget elementor-widget-shortcode\" data-id=\"bc8b4f6\" data-element_type=\"widget\" data-e-type=\"widget\" data-widget_type=\"shortcode.default\">\n\t\t\t\t\t\t\t<div class=\"elementor-shortcode\"><div data-post-id=\"38617\" class=\"insert-page insert-page-38617 \">\n<p>Painel interativo com informa\u00e7\u00f5es do servi\u00e7o da d\u00edvida, referente ao contrato n\u00ba 255\/2021\/CAF nos termos do art. 9\u00ba-A da LC n\u00ba 159\/2017, a partir do segundo exerc\u00edcio de vig\u00eancia do RRF, no qual foi incorporado o valor das suspens\u00f5es decorrentes das ACO&#8217;s n\u00ba 3.262 e n\u00ba 3.286.<\/p>\n<\/div><\/div>\n\t\t\t\t\t\t<\/div>\n\t\t\t\t<div class=\"elementor-element elementor-element-e748a91 elementor-align-justify elementor-widget elementor-widget-button\" data-id=\"e748a91\" data-element_type=\"widget\" data-e-type=\"widget\" data-widget_type=\"button.default\">\n\t\t\t\t\t\t\t\t\t\t<a class=\"elementor-button elementor-button-link elementor-size-sm\" href=\"https:\/\/app.powerbi.com\/view?r=eyJrIjoiMmY0NGYxOGMtNTI2YS00OTdjLWExMDUtNjdmOWM4NzE0NjNjIiwidCI6ImIzZDE4N2Y0LWE2NzEtNDQ5Yy04MDYxLTM5ZjEzNTQxYzgxNyJ9\" target=\"_blank\">\n\t\t\t\t\t\t<span class=\"elementor-button-content-wrapper\">\n\t\t\t\t\t\t\t\t\t<span class=\"elementor-button-text\">Contrato n\u00ba 255\/2021\/CAF<\/span>\n\t\t\t\t\t<\/span>\n\t\t\t\t\t<\/a>\n\t\t\t\t\t\t\t\t<\/div>\n\t\t\t\t<\/div>\n\t\t<div class=\"elementor-element elementor-element-8cb768e e-con-full e-flex e-con e-child\" data-id=\"8cb768e\" data-element_type=\"container\" data-e-type=\"container\">\n\t\t\t\t<div class=\"elementor-element elementor-element-80bb7dc elementor-widget elementor-widget-heading\" data-id=\"80bb7dc\" data-element_type=\"widget\" data-e-type=\"widget\" data-widget_type=\"heading.default\">\n\t\t\t\t\t<h3 class=\"elementor-heading-title elementor-size-default\">Painel do Teto de Gastos da LC n\u00ba 159\/2017<\/h3>\t\t\t\t<\/div>\n\t\t\t\t<div class=\"elementor-element elementor-element-8fc7393 elementor-widget elementor-widget-shortcode\" data-id=\"8fc7393\" data-element_type=\"widget\" data-e-type=\"widget\" data-widget_type=\"shortcode.default\">\n\t\t\t\t\t\t\t<div class=\"elementor-shortcode\"><div data-post-id=\"38639\" class=\"insert-page insert-page-38639 \"><p>Painel interativo com informa\u00e7\u00f5es referentes ao acompanhamento do limite de gastos da LC n\u00ba 159\/2017 ao qual o Estado de Goi\u00e1s est\u00e1 submetido no \u00e2mbito do Regime de Recupera\u00e7\u00e3o Fiscal.\u00a0As informa\u00e7\u00f5es apresentadas correspondem somente ao \u00faltimo ano dispon\u00edvel em que os valores j\u00e1 est\u00e3o validados pela STN.<\/p>\n<p class=\"nomarginbottom\" style=\"text-align: left;\">\n<\/div><\/div>\n\t\t\t\t\t\t<\/div>\n\t\t\t\t<div class=\"elementor-element elementor-element-047e441 elementor-align-justify elementor-widget elementor-widget-button\" data-id=\"047e441\" data-element_type=\"widget\" data-e-type=\"widget\" data-widget_type=\"button.default\">\n\t\t\t\t\t\t\t\t\t\t<a class=\"elementor-button elementor-button-link elementor-size-sm\" href=\"https:\/\/app.powerbi.com\/view?r=eyJrIjoiNmRlNmU1NGYtMmM3OC00YzgwLWFmNjQtZWY5ZDY1YmZhYTU4IiwidCI6ImIzZDE4N2Y0LWE2NzEtNDQ5Yy04MDYxLTM5ZjEzNTQxYzgxNyJ9\" target=\"_blank\">\n\t\t\t\t\t\t<span class=\"elementor-button-content-wrapper\">\n\t\t\t\t\t\t\t\t\t<span class=\"elementor-button-text\">Teto de Gastos da LC N\u00b0 159\/2017<\/span>\n\t\t\t\t\t<\/span>\n\t\t\t\t\t<\/a>\n\t\t\t\t\t\t\t\t<\/div>\n\t\t\t\t<\/div>\n\t\t\t\t\t<\/div>\n\t\t\t\t<\/div>\n\t\t<div class=\"elementor-element elementor-element-2552f40 e-flex e-con-boxed e-con e-parent\" data-id=\"2552f40\" data-element_type=\"container\" data-e-type=\"container\">\n\t\t\t\t\t<div class=\"e-con-inner\">\n\t\t<div class=\"elementor-element elementor-element-1a055a5 e-con-full e-flex e-con e-child\" data-id=\"1a055a5\" data-element_type=\"container\" data-e-type=\"container\">\n\t\t\t\t<div class=\"elementor-element elementor-element-e5fb1c1 elementor-widget elementor-widget-heading\" data-id=\"e5fb1c1\" data-element_type=\"widget\" data-e-type=\"widget\" data-widget_type=\"heading.default\">\n\t\t\t\t\t<h3 class=\"elementor-heading-title elementor-size-default\">Aliena\u00e7\u00e3o de Im\u00f3veis<\/h3>\t\t\t\t<\/div>\n\t\t\t\t<div class=\"elementor-element elementor-element-ec563fb elementor-widget elementor-widget-shortcode\" data-id=\"ec563fb\" data-element_type=\"widget\" data-e-type=\"widget\" data-widget_type=\"shortcode.default\">\n\t\t\t\t\t\t\t<div class=\"elementor-shortcode\"><div data-post-id=\"38619\" class=\"insert-page insert-page-38619 \"><p>Planilha de detalhamento do status das aliena\u00e7\u00f5es previstas no Plano de Recupera\u00e7\u00e3o Fiscal, mediante o fornecimento das informa\u00e7\u00f5es pela Subsecretaria de Log\u00edstica e Patrim\u00f4nio &#8211; SEAD\/SUPAT &#8211; (Acesso restrito)<\/p>\n<\/div><\/div>\n\t\t\t\t\t\t<\/div>\n\t\t\t\t<div class=\"elementor-element elementor-element-26ae81c elementor-align-justify elementor-widget elementor-widget-button\" data-id=\"26ae81c\" data-element_type=\"widget\" data-e-type=\"widget\" data-widget_type=\"button.default\">\n\t\t\t\t\t\t\t\t\t\t<a class=\"elementor-button elementor-button-link elementor-size-sm\" href=\"https:\/\/goiasgovbr-my.sharepoint.com\/:x:\/g\/personal\/raphael_lima_goias_gov_br\/EdYh4G0hwM9Ekkbi8KxdD6sBp-28ruJZWeIB-r8QOXgYig\" target=\"_blank\">\n\t\t\t\t\t\t<span class=\"elementor-button-content-wrapper\">\n\t\t\t\t\t\t\t\t\t<span class=\"elementor-button-text\">Planilha de Aliena\u00e7\u00f5es<\/span>\n\t\t\t\t\t<\/span>\n\t\t\t\t\t<\/a>\n\t\t\t\t\t\t\t\t<\/div>\n\t\t\t\t<\/div>\n\t\t<div class=\"elementor-element elementor-element-3337c9f e-con-full e-flex e-con e-child\" data-id=\"3337c9f\" data-element_type=\"container\" data-e-type=\"container\">\n\t\t\t\t<div class=\"elementor-element elementor-element-61f9758 elementor-widget elementor-widget-heading\" data-id=\"61f9758\" data-element_type=\"widget\" data-e-type=\"widget\" data-widget_type=\"heading.default\">\n\t\t\t\t\t<h3 class=\"elementor-heading-title elementor-size-default\">CAPAG<\/h3>\t\t\t\t<\/div>\n\t\t\t\t<div class=\"elementor-element elementor-element-c165d8d elementor-widget elementor-widget-shortcode\" data-id=\"c165d8d\" data-element_type=\"widget\" data-e-type=\"widget\" data-widget_type=\"shortcode.default\">\n\t\t\t\t\t\t\t<div class=\"elementor-shortcode\"><div data-post-id=\"38618\" class=\"insert-page insert-page-38618 \"><p>Link para o site do Tesouro Nacional destinado ao acompanhamento dos indicadores da Capacidade de Pagamento (CAPAG) dos Estados e Munic\u00edpios. No referido reposit\u00f3rio \u00e9 poss\u00edvel acompanhar a situa\u00e7\u00e3o do indicador da CAPAG do Estado de Goi\u00e1s.<\/p>\n<\/div><\/div>\n\t\t\t\t\t\t<\/div>\n\t\t\t\t<div class=\"elementor-element elementor-element-3ad9954 elementor-align-justify elementor-widget elementor-widget-button\" data-id=\"3ad9954\" data-element_type=\"widget\" data-e-type=\"widget\" data-widget_type=\"button.default\">\n\t\t\t\t\t\t\t\t\t\t<a class=\"elementor-button elementor-button-link elementor-size-sm\" href=\"https:\/\/www.tesourotransparente.gov.br\/temas\/estados-e-municipios\/capacidade-de-pagamento-capag\" target=\"_blank\">\n\t\t\t\t\t\t<span class=\"elementor-button-content-wrapper\">\n\t\t\t\t\t\t\t\t\t<span class=\"elementor-button-text\">Painel da Capag<\/span>\n\t\t\t\t\t<\/span>\n\t\t\t\t\t<\/a>\n\t\t\t\t\t\t\t\t<\/div>\n\t\t\t\t<\/div>\n\t\t\t\t\t<\/div>\n\t\t\t\t<\/div>\n\t\t\t\t<\/div>\n\t\t","protected":false},"excerpt":{"rendered":"<p>Painel Contrato N\u00ba 225 Contrato n\u00ba 255\/2021\/CAF Painel do Teto de Gastos da LC n\u00ba 159\/2017 Teto de Gastos da LC N\u00b0 159\/2017 Aliena\u00e7\u00e3o de Im\u00f3veis Planilha de Aliena\u00e7\u00f5es CAPAG Painel da Capag<\/p>\n","protected":false},"author":1,"featured_media":0,"parent":0,"menu_order":0,"comment_status":"closed","ping_status":"closed","template":"","meta":{"footnotes":""},"class_list":["post-39202","page","type-page","status-publish","hentry"],"rttpg_featured_image_url":null,"rttpg_author":{"display_name":"wagner.viana","author_link":"https:\/\/goias.gov.br\/economia\/author\/wagner-viana\/"},"rttpg_comment":0,"rttpg_category":"","rttpg_excerpt":"Painel Contrato N\u00ba 225 Contrato n\u00ba 255\/2021\/CAF Painel do Teto de Gastos da LC n\u00ba 159\/2017 Teto de Gastos da LC N\u00b0 159\/2017 Aliena\u00e7\u00e3o de Im\u00f3veis Planilha de Aliena\u00e7\u00f5es CAPAG Painel da Capag","_links":{"self":[{"href":"https:\/\/goias.gov.br\/economia\/wp-json\/wp\/v2\/pages\/39202","targetHints":{"allow":["GET"]}}],"collection":[{"href":"https:\/\/goias.gov.br\/economia\/wp-json\/wp\/v2\/pages"}],"about":[{"href":"https:\/\/goias.gov.br\/economia\/wp-json\/wp\/v2\/types\/page"}],"author":[{"embeddable":true,"href":"https:\/\/goias.gov.br\/economia\/wp-json\/wp\/v2\/users\/1"}],"replies":[{"embeddable":true,"href":"https:\/\/goias.gov.br\/economia\/wp-json\/wp\/v2\/comments?post=39202"}],"version-history":[{"count":2,"href":"https:\/\/goias.gov.br\/economia\/wp-json\/wp\/v2\/pages\/39202\/revisions"}],"predecessor-version":[{"id":418325,"href":"https:\/\/goias.gov.br\/economia\/wp-json\/wp\/v2\/pages\/39202\/revisions\/418325"}],"wp:attachment":[{"href":"https:\/\/goias.gov.br\/economia\/wp-json\/wp\/v2\/media?parent=39202"}],"curies":[{"name":"wp","href":"https:\/\/api.w.org\/{rel}","templated":true}]}}