

{"id":19319,"date":"2023-08-01T10:43:10","date_gmt":"2023-08-01T13:43:10","guid":{"rendered":"https:\/\/wwwdesenv.joomlamultidesenv.go.gov.br\/economia\/?page_id=9924"},"modified":"2026-02-24T14:34:11","modified_gmt":"2026-02-24T17:34:11","slug":"solicitar-parcelamento","status":"publish","type":"page","link":"https:\/\/goias.gov.br\/economia\/solicitar-parcelamento\/","title":{"rendered":"Autorreg &#8211; Solicitar Parcelamento"},"content":{"rendered":"\t\t<div data-elementor-type=\"wp-page\" data-elementor-id=\"19319\" class=\"elementor elementor-19319\">\n\t\t\t\t<div class=\"elementor-element elementor-element-c8b96f9 e-flex e-con-boxed e-con e-parent\" data-id=\"c8b96f9\" data-element_type=\"container\" data-e-type=\"container\">\n\t\t\t\t\t<div class=\"e-con-inner\">\n\t\t\t\t<div class=\"elementor-element elementor-element-a43dffa elementor-widget elementor-widget-heading\" data-id=\"a43dffa\" data-element_type=\"widget\" data-e-type=\"widget\" data-widget_type=\"heading.default\">\n\t\t\t\t\t<h1 class=\"elementor-heading-title elementor-size-default\">Solicitar Parcelamento<\/h1>\t\t\t\t<\/div>\n\t\t\t\t<div class=\"elementor-element elementor-element-16adb97 elementor-widget elementor-widget-text-editor\" data-id=\"16adb97\" data-element_type=\"widget\" data-e-type=\"widget\" data-widget_type=\"text-editor.default\">\n\t\t\t\t\t\t\t\t\t<p>J\u00e1 sabe como socilitar o parcelamento? Ent\u00e3o <a href=\"\/economia\/plataforma-digital-de-processos\/\">clique aqui<\/a>.<\/p>\t\t\t\t\t\t\t\t<\/div>\n\t\t\t\t<div class=\"elementor-element elementor-element-aa33516 elementor-widget elementor-widget-n-accordion\" data-id=\"aa33516\" data-element_type=\"widget\" data-e-type=\"widget\" data-settings=\"{&quot;default_state&quot;:&quot;all_collapsed&quot;,&quot;max_items_expended&quot;:&quot;one&quot;,&quot;n_accordion_animation_duration&quot;:{&quot;unit&quot;:&quot;ms&quot;,&quot;size&quot;:400,&quot;sizes&quot;:[]}}\" data-widget_type=\"nested-accordion.default\">\n\t\t\t\t\t\t\t<div class=\"e-n-accordion\" aria-label=\"Accordion. Open links with Enter or Space, close with Escape, and navigate with Arrow Keys\">\n\t\t\t\t\t\t<details id=\"e-n-accordion-item-1780\" class=\"e-n-accordion-item\" >\n\t\t\t\t<summary class=\"e-n-accordion-item-title\" data-accordion-index=\"1\" tabindex=\"0\" aria-expanded=\"false\" aria-controls=\"e-n-accordion-item-1780\" >\n\t\t\t\t\t<span class='e-n-accordion-item-title-header'><div class=\"e-n-accordion-item-title-text\"> Descri\u00e7\u00e3o <\/div><\/span>\n\t\t\t\t\t\t\t<span class='e-n-accordion-item-title-icon'>\n\t\t\t<span class='e-opened' ><svg aria-hidden=\"true\" class=\"e-font-icon-svg e-fas-angle-down\" viewBox=\"0 0 320 512\" xmlns=\"http:\/\/www.w3.org\/2000\/svg\"><path d=\"M143 352.3L7 216.3c-9.4-9.4-9.4-24.6 0-33.9l22.6-22.6c9.4-9.4 24.6-9.4 33.9 0l96.4 96.4 96.4-96.4c9.4-9.4 24.6-9.4 33.9 0l22.6 22.6c9.4 9.4 9.4 24.6 0 33.9l-136 136c-9.2 9.4-24.4 9.4-33.8 0z\"><\/path><\/svg><\/span>\n\t\t\t<span class='e-closed'><svg aria-hidden=\"true\" class=\"e-font-icon-svg e-fas-angle-right\" viewBox=\"0 0 256 512\" xmlns=\"http:\/\/www.w3.org\/2000\/svg\"><path d=\"M224.3 273l-136 136c-9.4 9.4-24.6 9.4-33.9 0l-22.6-22.6c-9.4-9.4-9.4-24.6 0-33.9l96.4-96.4-96.4-96.4c-9.4-9.4-9.4-24.6 0-33.9L54.3 103c9.4-9.4 24.6-9.4 33.9 0l136 136c9.5 9.4 9.5 24.6.1 34z\"><\/path><\/svg><\/span>\n\t\t<\/span>\n\n\t\t\t\t\t\t<\/summary>\n\t\t\t\t<div role=\"region\" aria-labelledby=\"e-n-accordion-item-1780\" class=\"elementor-element elementor-element-837ef5e e-con-full e-flex e-con e-child\" data-id=\"837ef5e\" data-element_type=\"container\" data-e-type=\"container\">\n\t\t\t\t<div class=\"elementor-element elementor-element-bb4a0c4 elementor-widget elementor-widget-text-editor\" data-id=\"bb4a0c4\" data-element_type=\"widget\" data-e-type=\"widget\" data-widget_type=\"text-editor.default\">\n\t\t\t\t\t\t\t\t\t<p>Em caso de parcelamento dos valores da malha fiscal indicados no Comunicado, o contribuinte dever\u00e1 formalizar o pedido atrav\u00e9s da <a href=\"\/economia\/plataforma-digital-de-processos\/\">Plataforma Digital de Processos &#8211; PDP<\/a>, devendo acompanhar a tramita\u00e7\u00e3o da solicita\u00e7\u00e3o pela pr\u00f3pria plataforma e efetivar o parcelamento no <a href=\"\/economia\/e-parcelamento\/\">e-parcelamento<\/a> no site da Economia ou no aplicativo E-ON.<\/p>\t\t\t\t\t\t\t\t<\/div>\n\t\t\t\t<\/div>\n\t\t\t\t\t<\/details>\n\t\t\t\t\t\t<details id=\"e-n-accordion-item-1781\" class=\"e-n-accordion-item\" >\n\t\t\t\t<summary class=\"e-n-accordion-item-title\" data-accordion-index=\"2\" tabindex=\"-1\" aria-expanded=\"false\" aria-controls=\"e-n-accordion-item-1781\" >\n\t\t\t\t\t<span class='e-n-accordion-item-title-header'><div class=\"e-n-accordion-item-title-text\"> Documentos Necess\u00e1rios <\/div><\/span>\n\t\t\t\t\t\t\t<span class='e-n-accordion-item-title-icon'>\n\t\t\t<span class='e-opened' ><svg aria-hidden=\"true\" class=\"e-font-icon-svg e-fas-angle-down\" viewBox=\"0 0 320 512\" xmlns=\"http:\/\/www.w3.org\/2000\/svg\"><path d=\"M143 352.3L7 216.3c-9.4-9.4-9.4-24.6 0-33.9l22.6-22.6c9.4-9.4 24.6-9.4 33.9 0l96.4 96.4 96.4-96.4c9.4-9.4 24.6-9.4 33.9 0l22.6 22.6c9.4 9.4 9.4 24.6 0 33.9l-136 136c-9.2 9.4-24.4 9.4-33.8 0z\"><\/path><\/svg><\/span>\n\t\t\t<span class='e-closed'><svg aria-hidden=\"true\" class=\"e-font-icon-svg e-fas-angle-right\" viewBox=\"0 0 256 512\" xmlns=\"http:\/\/www.w3.org\/2000\/svg\"><path d=\"M224.3 273l-136 136c-9.4 9.4-24.6 9.4-33.9 0l-22.6-22.6c-9.4-9.4-9.4-24.6 0-33.9l96.4-96.4-96.4-96.4c-9.4-9.4-9.4-24.6 0-33.9L54.3 103c9.4-9.4 24.6-9.4 33.9 0l136 136c9.5 9.4 9.5 24.6.1 34z\"><\/path><\/svg><\/span>\n\t\t<\/span>\n\n\t\t\t\t\t\t<\/summary>\n\t\t\t\t<div role=\"region\" aria-labelledby=\"e-n-accordion-item-1781\" class=\"elementor-element elementor-element-ddb75da e-con-full e-flex e-con e-child\" data-id=\"ddb75da\" data-element_type=\"container\" data-e-type=\"container\">\n\t\t\t\t<div class=\"elementor-element elementor-element-09bf38b elementor-widget elementor-widget-text-editor\" data-id=\"09bf38b\" data-element_type=\"widget\" data-e-type=\"widget\" data-widget_type=\"text-editor.default\">\n\t\t\t\t\t\t\t\t\t<p><strong>Termo de Declara\u00e7\u00e3o de D\u00e9bito<\/strong> <strong>&#8211; <\/strong>preencher com os valores totais por ano, salvar em formato PDF e assinar digitalmente utilizando o certificado digital do CNPJ do contribuinte. <a href=\"https:\/\/goias.gov.br\/economia\/wp-content\/uploads\/sites\/45\/2025\/04\/TermodeDeclaracaododebito2-Modelo.docx\" target=\"_blank\" rel=\"noopener\">Baixe aqui<\/a>.<\/p><p><strong>Demonstrativo do D\u00e9bito Declarado \u2013 <\/strong>utilizar a planilha o \u201cDetalhamento do D\u00e9bito\u201d, enviada anexa ao comunicado, para selecionar os valores que deseja autorregularizar, salvar em formato PDF e assinar digitalmente utilizando o certificado digital do CNPJ do contribuinte.<\/p><p><strong>Espelho cadastral \u2013 <\/strong>necess\u00e1rio somente em caso de o processo ser formalizado pelo contador, como respons\u00e1vel t\u00e9cnico pelo contribuinte.<\/p>\t\t\t\t\t\t\t\t<\/div>\n\t\t\t\t<\/div>\n\t\t\t\t\t<\/details>\n\t\t\t\t\t\t<details id=\"e-n-accordion-item-1782\" class=\"e-n-accordion-item\" >\n\t\t\t\t<summary class=\"e-n-accordion-item-title\" data-accordion-index=\"3\" tabindex=\"-1\" aria-expanded=\"false\" aria-controls=\"e-n-accordion-item-1782\" >\n\t\t\t\t\t<span class='e-n-accordion-item-title-header'><div class=\"e-n-accordion-item-title-text\"> Como Proceder <\/div><\/span>\n\t\t\t\t\t\t\t<span class='e-n-accordion-item-title-icon'>\n\t\t\t<span class='e-opened' ><svg aria-hidden=\"true\" class=\"e-font-icon-svg e-fas-angle-down\" viewBox=\"0 0 320 512\" xmlns=\"http:\/\/www.w3.org\/2000\/svg\"><path d=\"M143 352.3L7 216.3c-9.4-9.4-9.4-24.6 0-33.9l22.6-22.6c9.4-9.4 24.6-9.4 33.9 0l96.4 96.4 96.4-96.4c9.4-9.4 24.6-9.4 33.9 0l22.6 22.6c9.4 9.4 9.4 24.6 0 33.9l-136 136c-9.2 9.4-24.4 9.4-33.8 0z\"><\/path><\/svg><\/span>\n\t\t\t<span class='e-closed'><svg aria-hidden=\"true\" class=\"e-font-icon-svg e-fas-angle-right\" viewBox=\"0 0 256 512\" xmlns=\"http:\/\/www.w3.org\/2000\/svg\"><path d=\"M224.3 273l-136 136c-9.4 9.4-24.6 9.4-33.9 0l-22.6-22.6c-9.4-9.4-9.4-24.6 0-33.9l96.4-96.4-96.4-96.4c-9.4-9.4-9.4-24.6 0-33.9L54.3 103c9.4-9.4 24.6-9.4 33.9 0l136 136c9.5 9.4 9.5 24.6.1 34z\"><\/path><\/svg><\/span>\n\t\t<\/span>\n\n\t\t\t\t\t\t<\/summary>\n\t\t\t\t<div role=\"region\" aria-labelledby=\"e-n-accordion-item-1782\" class=\"elementor-element elementor-element-883ed94 e-con-full e-flex e-con e-child\" data-id=\"883ed94\" data-element_type=\"container\" data-e-type=\"container\">\n\t\t\t\t<div class=\"elementor-element elementor-element-3c275d0 elementor-widget elementor-widget-text-editor\" data-id=\"3c275d0\" data-element_type=\"widget\" data-e-type=\"widget\" data-widget_type=\"text-editor.default\">\n\t\t\t\t\t\t\t\t\t<p>Acessar a <a href=\"\/economia\/plataforma-digital-de-processos\/\">Plataforma Digital de Processos \u2013 PDP<\/a> mediante uso de <strong>certificado digital<\/strong> do contribuinte pessoa jur\u00eddica (e-CNPJ), selecionar o servi\u00e7o de \u201cAutorregulariza\u00e7\u00e3o\u201d, selecionar o subservi\u00e7o \u201cAutorregulariza\u00e7\u00e3o com Parcelamento\u201d e anexar o <strong>Termo de Declara\u00e7\u00e3o de D\u00e9bito e o Demonstrativo do D\u00e9bito Declarado<\/strong>.<\/p><p>Em caso do processo ser formalizado pelo contador, acessar a PDP mediante uso de certificado digital de pessoa f\u00edsica (e-CPF), selecionar o \u00edcone \u201cSou procurador\u201d, preencher os dados do contribuinte, anexar o espelho cadastral comprovando ser o respons\u00e1vel t\u00e9cnico cadastrado pelo contribuinte junto ao Estado de Goi\u00e1s. O Termo de Declara\u00e7\u00e3o do D\u00e9bito e o Demonstrativo do D\u00e9bito Declarado dever\u00e3o obrigatoriamente ser assinados digitalmente com o <strong>certificado digital do pr\u00f3prio contribuinte pessoa jur\u00eddica (e-CNPJ)<\/strong>. N\u00e3o ser\u00e3o aceitos pedidos de parcelamentos de autorregulariza\u00e7\u00e3o em que os documentos estejam assinados pelo contador ou por procurador.<\/p><p>Ap\u00f3s a valida\u00e7\u00e3o dos documentos o contribuinte receber\u00e1 mensagens atrav\u00e9s da PDP e do email cadastrado na solicita\u00e7\u00e3o, contendo o n\u00famero de <strong>Processo de Autorregulariza\u00e7\u00e3o &#8211; PA AutoReg <\/strong>e o prazo para efetivar o pagamento da primeira parcela por meio eletr\u00f4nico no s\u00edtio www.economia.go.gov.br no servi\u00e7o de <a href=\"\/economia\/e-parcelamento\/\">e-parcelamento<\/a> ou no aplicativo da Secretaria de Estado da Economia \u2013 EON ou, ainda, nas unidades de atendimento da Secretaria de Estado da Economia.<\/p>\t\t\t\t\t\t\t\t<\/div>\n\t\t\t\t<\/div>\n\t\t\t\t\t<\/details>\n\t\t\t\t\t<\/div>\n\t\t\t\t\t\t<\/div>\n\t\t\t\t\t<\/div>\n\t\t\t\t<\/div>\n\t\t\t\t<\/div>\n\t\t","protected":false},"excerpt":{"rendered":"<p>Solicitar Parcelamento J\u00e1 sabe como socilitar o parcelamento? Ent\u00e3o clique aqui. Descri\u00e7\u00e3o Em caso de parcelamento dos valores da malha fiscal indicados no Comunicado, o contribuinte dever\u00e1 formalizar o pedido atrav\u00e9s da Plataforma Digital de Processos &#8211; PDP, devendo acompanhar a tramita\u00e7\u00e3o da solicita\u00e7\u00e3o pela pr\u00f3pria plataforma e efetivar o parcelamento no e-parcelamento no site [&hellip;]<\/p>\n","protected":false},"author":1,"featured_media":0,"parent":0,"menu_order":0,"comment_status":"closed","ping_status":"closed","template":"wppb_theme_template","meta":{"footnotes":""},"class_list":["post-19319","page","type-page","status-publish","hentry"],"rttpg_featured_image_url":null,"rttpg_author":{"display_name":"wagner.viana","author_link":"https:\/\/goias.gov.br\/economia\/author\/wagner-viana\/"},"rttpg_comment":0,"rttpg_category":null,"rttpg_excerpt":"Solicitar Parcelamento J\u00e1 sabe como socilitar o parcelamento? Ent\u00e3o clique aqui. Descri\u00e7\u00e3o Em caso de parcelamento dos valores da malha fiscal indicados no Comunicado, o contribuinte dever\u00e1 formalizar o pedido atrav\u00e9s da Plataforma Digital de Processos &#8211; PDP, devendo acompanhar a tramita\u00e7\u00e3o da solicita\u00e7\u00e3o pela pr\u00f3pria plataforma e efetivar o parcelamento no e-parcelamento no site&hellip;","_links":{"self":[{"href":"https:\/\/goias.gov.br\/economia\/wp-json\/wp\/v2\/pages\/19319","targetHints":{"allow":["GET"]}}],"collection":[{"href":"https:\/\/goias.gov.br\/economia\/wp-json\/wp\/v2\/pages"}],"about":[{"href":"https:\/\/goias.gov.br\/economia\/wp-json\/wp\/v2\/types\/page"}],"author":[{"embeddable":true,"href":"https:\/\/goias.gov.br\/economia\/wp-json\/wp\/v2\/users\/1"}],"replies":[{"embeddable":true,"href":"https:\/\/goias.gov.br\/economia\/wp-json\/wp\/v2\/comments?post=19319"}],"version-history":[{"count":2,"href":"https:\/\/goias.gov.br\/economia\/wp-json\/wp\/v2\/pages\/19319\/revisions"}],"predecessor-version":[{"id":413662,"href":"https:\/\/goias.gov.br\/economia\/wp-json\/wp\/v2\/pages\/19319\/revisions\/413662"}],"wp:attachment":[{"href":"https:\/\/goias.gov.br\/economia\/wp-json\/wp\/v2\/media?parent=19319"}],"curies":[{"name":"wp","href":"https:\/\/api.w.org\/{rel}","templated":true}]}}