

{"id":19316,"date":"2023-07-31T17:53:52","date_gmt":"2023-07-31T20:53:52","guid":{"rendered":"https:\/\/wwwdesenv.joomlamultidesenv.go.gov.br\/economia\/?page_id=9918"},"modified":"2026-02-27T08:52:03","modified_gmt":"2026-02-27T11:52:03","slug":"empresas","status":"publish","type":"page","link":"https:\/\/goias.gov.br\/economia\/empresas\/","title":{"rendered":"Empresas"},"content":{"rendered":"\t\t<div data-elementor-type=\"wp-page\" data-elementor-id=\"19316\" class=\"elementor elementor-19316\">\n\t\t\t\t<div class=\"elementor-element elementor-element-d42e441 e-flex e-con-boxed e-con e-parent\" data-id=\"d42e441\" data-element_type=\"container\" data-e-type=\"container\">\n\t\t\t\t\t<div class=\"e-con-inner\">\n\t\t\t\t<div class=\"elementor-element elementor-element-4d86644 elementor-widget elementor-widget-shortcode\" data-id=\"4d86644\" data-element_type=\"widget\" data-e-type=\"widget\" data-widget_type=\"shortcode.default\">\n\t\t\t\t\t\t\t<div class=\"elementor-shortcode\"><div data-post-id=\"30552\" class=\"insert-page insert-page-30552 \"><h1 class='insert-page-title'>Servi\u00e7os para Empresa<\/h1><style type=\"text\/css\">#g-main .thumbnail h3.h6 a:not(.btn){\n\tcolor: inherit;\n\tmargin-top: 15px; \n}\n#g-main .thumbnail h3.h6{\n\tpadding: 0 10px;\n}\ndiv.thumbnail{\n\tborder: none !important;\n\tborder-radius: 0 !important;\n\tbox-shadow: none !important;\n}\n#g-main .thumbnail i{\n\tfont-size: 30px;\n\tfont-weight: 900;\n\twidth: 100%;\n\ttext-align: center;\n\tcolor: #fff;\n\tbackground: #075C6E;\n\tpadding: 10px;\n\tborder-radius: 5px;\n}\n.thumbnails{\n\tmargin: 20px 0;\n}\n.thumbnails > li{\n\tmargin-left: 0;\n\tpadding-bottom: 40px;\n}\n<\/style>\n<ul class=\"thumbnails nomarginbottom\">\n<li class=\"col-12 col-md-6 col-lg-4\">\n<div class=\"thumbnail\">\n<div class=\"caption\">\n<div class=\"row\">\n<div class=\"col-3 nopaddingall\"><i class=\"fas fa-hand-holding-usd\"><\/i><\/div>\n<div class=\"col-9\">\n<h3 class=\"h6 nomarginbottom\"><a href=\"\/economia\/icms\/\">ICMS<\/a><\/h3>\n<\/div>\n<\/div>\n<\/div>\n<\/div>\n<\/li>\n<li class=\"col-12 col-md-6 col-lg-4\">\n<div class=\"thumbnail\">\n<div class=\"caption\">\n<div class=\"row\">\n<div class=\"col-3 nopaddingall\"><i class=\"fas fa-calendar-alt\"><\/i><\/div>\n<div class=\"col-9\">\n<h3 class=\"h6 nomarginbottom\"><a href=\"https:\/\/goias.gov.br\/economia\/calendario-fiscal-icms-e-protege\/\">Calend&aacute;rio Fiscal<\/a><\/h3>\n<\/div>\n<\/div>\n<\/div>\n<\/div>\n<\/li>\n<li class=\"col-12 col-md-6 col-lg-4\">\n<div class=\"thumbnail\">\n<div class=\"caption\">\n<div class=\"row\">\n<div class=\"col-3 nopaddingall\"><i class=\"fas fa-award\"><\/i><\/div>\n<div class=\"col-9\">\n<h3 class=\"h6 nomarginall\"><a href=\"https:\/\/goias.gov.br\/economia\/certidao-negativa-de-debito-2\/\">Certid&atilde;o Negativa de D&eacute;bito<\/a><\/h3>\n<\/div>\n<\/div>\n<\/div>\n<\/div>\n<\/li>\n<li class=\"col-12 col-md-6 col-lg-4\">\n<div class=\"thumbnail\">\n<div class=\"caption\">\n<div class=\"row\">\n<div class=\"col-3 nopaddingall\"><i class=\"fas fa-money-check-alt\"><\/i><\/div>\n<div class=\"col-9\">\n<h3 class=\"h6 nomarginall\"><a href=\"https:\/\/app.sefaz.go.gov.br\/pdw\/web\/ConsultaParcelamento.xhtml\">D&eacute;bitos Parcelado<\/a><\/h3>\n<\/div>\n<\/div>\n<\/div>\n<\/div>\n<\/li>\n<li class=\"col-12 col-md-6 col-lg-4\">\n<div class=\"thumbnail\">\n<div class=\"caption\">\n<div class=\"row\">\n<div class=\"col-3 nopaddingall\"><i class=\"fas fa-address-book\"><\/i><\/div>\n<div class=\"col-9\">\n<h3 class=\"h6 nomarginbottom\"><a href=\"https:\/\/goias.gov.br\/economia\/cadin\/\">CADIN<\/a><\/h3>\n<\/div>\n<\/div>\n<\/div>\n<\/div>\n<\/li>\n<li class=\"col-12 col-md-6 col-lg-4\">\n<div class=\"thumbnail\">\n<div class=\"caption\">\n<div class=\"row\">\n<div class=\"col-3 nopaddingall\"><i class=\"fas fa-copy\"><\/i><\/div>\n<div class=\"col-9\">\n<h3 class=\"h6 nomarginall\"><a href=\"\/economia\/requerimentos\/\">Requerimentos ICMS<\/a><\/h3>\n<\/div>\n<\/div>\n<\/div>\n<\/div>\n<\/li>\n<li class=\"col-12 col-md-6 col-lg-4\">\n<div class=\"thumbnail\">\n<div class=\"caption\">\n<div class=\"row\">\n<div class=\"col-3 nopaddingall\"><i class=\"fas fa-user-edit\"><\/i><\/div>\n<div class=\"col-9\">\n<h3 class=\"h6 nomarginall\"><a href=\"https:\/\/goias.gov.br\/economia\/cce\/\">Cadastro de Contribuintes<\/a><\/h3>\n<\/div>\n<\/div>\n<\/div>\n<\/div>\n<\/li>\n<li class=\"col-12 col-md-6 col-lg-4\">\n<div class=\"thumbnail\">\n<div class=\"caption\">\n<div class=\"row\">\n<div class=\"col-3 nopaddingall\"><i class=\"fas fa-folder-open\"><\/i><\/div>\n<div class=\"col-9\">\n<h3 class=\"h6 nomarginbottom\"><a href=\"http:\/\/www.sefaz.go.gov.br\/cat\/\">Processos CAT<\/a><\/h3>\n<\/div>\n<\/div>\n<\/div>\n<\/div>\n<\/li>\n<li class=\"col-12 col-md-6 col-lg-4\">\n<div class=\"thumbnail\">\n<div class=\"caption\">\n<div class=\"row\">\n<div class=\"col-3 nopaddingall\"><i class=\"fas fa-home\"><\/i><\/div>\n<div class=\"col-9\">\n<h3 class=\"h6 nomarginbottom\"><a href=\"https:\/\/goias.gov.br\/economia\/sobre-o-dte\/\">DT-e<\/a><\/h3>\n<\/div>\n<\/div>\n<\/div>\n<\/div>\n<\/li>\n<li class=\"col-12 col-md-6 col-lg-4\">\n<div class=\"thumbnail\">\n<div class=\"caption\">\n<div class=\"row\">\n<div class=\"col-3 nopaddingall\"><i class=\"fas fa-poll\"><\/i><\/div>\n<div class=\"col-9\">\n<h3 class=\"h6 nomarginbottom\"><a href=\"https:\/\/goias.gov.br\/economia\/simples-n\/\">Simples Nacional<\/a><\/h3>\n<\/div>\n<\/div>\n<\/div>\n<\/div>\n<\/li>\n<li class=\"col-12 col-md-6 col-lg-4\">\n<div class=\"thumbnail\">\n<div class=\"caption\">\n<div class=\"row\">\n<div class=\"col-3 nopaddingall\"><i class=\"fas fa-money-check\"><\/i><\/div>\n<div class=\"col-9\">\n<h3 class=\"h6 nomarginbottom\"><a href=\"https:\/\/goias.gov.br\/economia\/fundeinfra\/\">Fundeinfra<\/a><\/h3>\n<\/div>\n<\/div>\n<\/div>\n<\/div>\n<\/li>\n<\/ul>\n<p class=\"nomargintop\" style=\"text-align: right;\"><a href=\"https:\/\/goias.gov.br\/economia\/conteudos-relevantes\/\">Conhe&ccedil;a todos os Servi&ccedil;os da Economia <i class=\"fas fa-angle-right\"><\/i><\/a><\/p>\n<div id=\"gtx-trans\" style=\"position: absolute; left: 37px; top: 10px;\">\n<div class=\"gtx-trans-icon\">&nbsp;<\/div>\n<\/div>\n<ul class='post-meta'>\n<li><span class='post-meta-key'>tpg-post-view-count:<\/span> 1167<\/li>\n<li><span class='post-meta-key'>rank_math_analytic_object_id:<\/span> 2914<\/li>\n<li><span class='post-meta-key'>rank_math_seo_score:<\/span> 17<\/li>\n<li><span class='post-meta-key'>rank_math_internal_links_processed:<\/span> 1<\/li>\n<li><span class='post-meta-key'>rank_math_primary_category:<\/span> 120<\/li>\n<\/ul>\n<\/div><\/div>\n\t\t\t\t\t\t<\/div>\n\t\t\t\t<div class=\"elementor-element elementor-element-ec66126 elementor-widget elementor-widget-html\" data-id=\"ec66126\" data-element_type=\"widget\" data-e-type=\"widget\" data-widget_type=\"html.default\">\n\t\t\t\t\t<style>\r\n    #servicos-empresa {\r\n        ul.thumbnails {\r\n            display: flex;\r\n            flex-wrap: wrap;\r\n\r\n            .thumbnail .row .col-9 {\r\n                width: 100% !important;\r\n            }\r\n\r\n            li {\r\n                max-width: 33%;\r\n\r\n                .row {\r\n                    width: 100%;\r\n                    flex-wrap: nowrap !important;\r\n                }\r\n            }\r\n        }\r\n    }\r\n\r\n    @media screen and (max-width: 768px) {\r\n        #servicos-empresa {\r\n            ul.thumbnails {\r\n\r\n                li,\r\n                li .row,\r\n                li .row div {\r\n                    max-width: 100% !important;\r\n                }\r\n\r\n                .thumbnail .row .col-9 {\r\n                    width: 100% !important;\r\n                }\r\n            }\r\n        }\r\n    }\r\n<\/style>\t\t\t\t<\/div>\n\t\t\t\t\t<\/div>\n\t\t\t\t<\/div>\n\t\t<div class=\"elementor-element elementor-element-1f0c615 e-flex e-con-boxed e-con e-parent\" data-id=\"1f0c615\" data-element_type=\"container\" data-e-type=\"container\">\n\t\t\t\t\t<div class=\"e-con-inner\">\n\t\t\t\t<div class=\"elementor-element elementor-element-d963437 elementor-widget elementor-widget-shortcode\" data-id=\"d963437\" data-element_type=\"widget\" data-e-type=\"widget\" data-widget_type=\"shortcode.default\">\n\t\t\t\t\t\t\t<div class=\"elementor-shortcode\"><style type='text\/css' media='all'>#rt-tpg-container-3726168773 .rt-holder .rt-woo-info .price{color:#0367bf;}body .rt-tpg-container .rt-tpg-isotope-buttons .selected,\n\t\t\t\t\t#rt-tpg-container-3726168773 .layout12 .rt-holder:hover .rt-detail,\n\t\t\t\t\t#rt-tpg-container-3726168773 .isotope8 .rt-holder:hover .rt-detail,\n\t\t\t\t\t#rt-tpg-container-3726168773 .carousel8 .rt-holder:hover .rt-detail,\n\t\t\t\t\t#rt-tpg-container-3726168773 .layout13 .rt-holder .overlay .post-info,\n\t\t\t\t\t#rt-tpg-container-3726168773 .isotope9 .rt-holder .overlay .post-info,\n\t\t\t\t\t#rt-tpg-container-3726168773.rt-tpg-container .layout4 .rt-holder .rt-detail,\n\t\t\t\t\t.rt-modal-3726168773 .md-content,\n\t\t\t\t\t.rt-modal-3726168773 .md-content > .rt-md-content-holder .rt-md-content,\n\t\t\t\t\t.rt-popup-wrap-3726168773.rt-popup-wrap .rt-popup-navigation-wrap,\n\t\t\t\t\t#rt-tpg-container-3726168773 .carousel9 .rt-holder .overlay .post-info{background-color:#0367bf;}#rt-tpg-container-3726168773 .layout5 .rt-holder .overlay, #rt-tpg-container-3726168773 .isotope2 .rt-holder .overlay, #rt-tpg-container-3726168773 .carousel2 .rt-holder .overlay,#rt-tpg-container-3726168773 .layout15 .rt-holder h3, #rt-tpg-container-3726168773 .isotope11 .rt-holder h3, #rt-tpg-container-3726168773 .carousel11 .rt-holder h3, #rt-tpg-container-3726168773 .layout16 .rt-holder h3,\n\t\t\t\t\t#rt-tpg-container-3726168773 .isotope12 .rt-holder h3, #rt-tpg-container-3726168773 .carousel12 .rt-holder h3 {background-color:rgba(3,103,191,0.8);}#rt-tpg-container-3726168773 .read-more a{border-radius:px;}#rt-tpg-container-3726168773 .rt-img-holder img.rt-img-responsive,#rt-tpg-container-3726168773 .rt-img-holder,\n\t\t\t\t\t#rt-tpg-container-3726168773 .rt-post-overlay .post-img,\n\t\t\t\t\t#rt-tpg-container-3726168773 .post-sm .post-img,\n\t\t\t\t\t#rt-tpg-container-3726168773 .rt-post-grid .post-img,\n\t\t\t\t\t#rt-tpg-container-3726168773 .post-img img {border-radius:px;}<\/style><div class='rt-container-fluid rt-tpg-container tpg-shortcode-main-wrapper ' id='rt-tpg-container-3726168773'   data-layout='layout1' data-grid-style='even' data-desktop-col='3'  data-tab-col='2'  data-mobile-col='1' data-sc-id='39350'><div data-title='Loading ...' class='rt-row rt-content-loader   layout1 tpg-even '><div class=\"rt-col-md-4 rt-col-sm-6 rt-col-xs-12 even-grid-item rt-grid-item\" data-id=\"450742\"><div class=\"rt-holder\"><div class=\"rt-img-holder\"><a data-id=\"450742\" class=\"\" href=\"https:\/\/goias.gov.br\/economia\/parcelas-negociadas-de-icms-ipva-e-itcd-vencem-nesta-segunda-27-4\/\"><img fetchpriority=\"high\" decoding=\"async\" width=\"5472\" height=\"3648\" src=\"https:\/\/goias.gov.br\/economia\/wp-content\/uploads\/sites\/45\/2026\/04\/pexels-pixabay-209224-2.jpg\" class=\"rt-img-responsive \" alt=\"\" \/><\/a><\/div><div class='rt-detail'><h3 class=\"entry-title\"><a data-id=\"450742\" class=\"\" href=\"https:\/\/goias.gov.br\/economia\/parcelas-negociadas-de-icms-ipva-e-itcd-vencem-nesta-segunda-27-4\/\">Parcelas negociadas de ICMS, IPVA e ITCD vencem nesta segunda (27\/4)<\/a><\/h3><div class='tpg-excerpt'>Ao todo, 25,9 mil contribuintes t\u00eam d\u00e9bitos a pagar em abril; carteira negociada chega a...<\/div><\/div><\/div><\/div><div class=\"rt-col-md-4 rt-col-sm-6 rt-col-xs-12 even-grid-item rt-grid-item\" data-id=\"450638\"><div class=\"rt-holder\"><div class=\"rt-img-holder\"><a data-id=\"450638\" class=\"\" href=\"https:\/\/goias.gov.br\/economia\/e-nova-recebe-rede-goiana-de-laboratorios-de-inovacao-na-terca-feira-28\/\"><img decoding=\"async\" width=\"2356\" height=\"1571\" src=\"https:\/\/goias.gov.br\/economia\/wp-content\/uploads\/sites\/45\/2026\/04\/FotoDenisMarlon_Fachada_Economia-1.jpg\" class=\"rt-img-responsive \" alt=\"\" \/><\/a><\/div><div class='rt-detail'><h3 class=\"entry-title\"><a data-id=\"450638\" class=\"\" href=\"https:\/\/goias.gov.br\/economia\/e-nova-recebe-rede-goiana-de-laboratorios-de-inovacao-na-terca-feira-28\/\">E-NOVA recebe Rede Goiana de Laborat\u00f3rios de Inova\u00e7\u00e3o na ter\u00e7a-feira, 28<\/a><\/h3><div class='tpg-excerpt'>A Secretaria da Economia sedia na pr\u00f3xima ter\u00e7a-feira (28\/4), \u00e0s 14h, o Circuito da Rede...<\/div><\/div><\/div><\/div><div class=\"rt-col-md-4 rt-col-sm-6 rt-col-xs-12 even-grid-item rt-grid-item\" data-id=\"449230\"><div class=\"rt-holder\"><div class=\"rt-img-holder\"><a data-id=\"449230\" class=\"\" href=\"https:\/\/goias.gov.br\/economia\/goias-amplia-investimentos-em-90-e-atinge-recorde-de-r-72-bilhoes-em-2025\/\"><img decoding=\"async\" width=\"6000\" height=\"4000\" src=\"https:\/\/goias.gov.br\/economia\/wp-content\/uploads\/sites\/45\/2026\/04\/shopee12-5.jpg\" class=\"rt-img-responsive \" alt=\"\" \/><\/a><\/div><div class='rt-detail'><h3 class=\"entry-title\"><a data-id=\"449230\" class=\"\" href=\"https:\/\/goias.gov.br\/economia\/goias-amplia-investimentos-em-90-e-atinge-recorde-de-r-72-bilhoes-em-2025\/\">Goi\u00e1s amplia investimentos em 90% e atinge recorde de R$ 7,2 bilh\u00f5es em 2025<\/a><\/h3><div class='tpg-excerpt'>Resultados foram apresentados durante do relat\u00f3rio fiscal do \u00a03\u00ba Quadrimestre de 2025 na Alego A...<\/div><\/div><\/div><\/div><\/div><\/div><\/div>\n\t\t\t\t\t\t<\/div>\n\t\t\t\t<div class=\"elementor-element elementor-element-4827391 elementor-align-right elementor-widget elementor-widget-button\" data-id=\"4827391\" data-element_type=\"widget\" data-e-type=\"widget\" data-widget_type=\"button.default\">\n\t\t\t\t\t\t\t\t\t\t<a class=\"elementor-button elementor-button-link elementor-size-sm\" href=\"\/economia\/categoria\/noticias\/\">\n\t\t\t\t\t\t<span class=\"elementor-button-content-wrapper\">\n\t\t\t\t\t\t\t\t\t<span class=\"elementor-button-text\">Veja mais not\u00edcias <\/span>\n\t\t\t\t\t<\/span>\n\t\t\t\t\t<\/a>\n\t\t\t\t\t\t\t\t<\/div>\n\t\t\t\t\t<\/div>\n\t\t\t\t<\/div>\n\t\t<div class=\"elementor-element elementor-element-c30f98c e-flex e-con-boxed e-con e-parent\" data-id=\"c30f98c\" data-element_type=\"container\" data-e-type=\"container\">\n\t\t\t\t\t<div class=\"e-con-inner\">\n\t\t<div class=\"elementor-element elementor-element-cb34ef9 e-con-full e-flex e-con e-child\" data-id=\"cb34ef9\" data-element_type=\"container\" data-e-type=\"container\">\n\t\t\t\t<div class=\"elementor-element elementor-element-4e90746 elementor-align-justify elementor-widget elementor-widget-button\" data-id=\"4e90746\" data-element_type=\"widget\" data-e-type=\"widget\" data-widget_type=\"button.default\">\n\t\t\t\t\t\t\t\t\t\t<a class=\"elementor-button elementor-button-link elementor-size-sm\" href=\"https:\/\/goias.gov.br\/economia\/atendimento-especial-na-receita-confira-onde-buscar-seu-servico\/\" target=\"_blank\">\n\t\t\t\t\t\t<span class=\"elementor-button-content-wrapper\">\n\t\t\t\t\t\t\t\t\t<span class=\"elementor-button-text\">Atendimento da Receita<\/span>\n\t\t\t\t\t<\/span>\n\t\t\t\t\t<\/a>\n\t\t\t\t\t\t\t\t<\/div>\n\t\t\t\t<div class=\"elementor-element elementor-element-d1ceb49 elementor-widget elementor-widget-text-editor\" data-id=\"d1ceb49\" data-element_type=\"widget\" data-e-type=\"widget\" data-widget_type=\"text-editor.default\">\n\t\t\t\t\t\t\t\t\t<p style=\"text-align: center;\"><strong><span style=\"font-size: 24pt;\">62 3309 6950<\/span><\/strong><\/p>\t\t\t\t\t\t\t\t<\/div>\n\t\t\t\t<\/div>\n\t\t<div class=\"elementor-element elementor-element-94003c1 e-con-full e-flex e-con e-child\" data-id=\"94003c1\" data-element_type=\"container\" data-e-type=\"container\">\n\t\t\t\t<div class=\"elementor-element elementor-element-fb9d7fd elementor-align-justify elementor-widget elementor-widget-button\" data-id=\"fb9d7fd\" data-element_type=\"widget\" data-e-type=\"widget\" data-widget_type=\"button.default\">\n\t\t\t\t\t\t\t\t\t\t<a class=\"elementor-button elementor-button-link elementor-size-sm\" href=\"https:\/\/goias.gov.br\/economia\/disque-sonegacao\/\" target=\"_blank\">\n\t\t\t\t\t\t<span class=\"elementor-button-content-wrapper\">\n\t\t\t\t\t\t\t\t\t<span class=\"elementor-button-text\">Disque-Sonega\u00e7\u00e3o<\/span>\n\t\t\t\t\t<\/span>\n\t\t\t\t\t<\/a>\n\t\t\t\t\t\t\t\t<\/div>\n\t\t\t\t<div class=\"elementor-element elementor-element-e1a734f elementor-widget elementor-widget-text-editor\" data-id=\"e1a734f\" data-element_type=\"widget\" data-e-type=\"widget\" data-widget_type=\"text-editor.default\">\n\t\t\t\t\t\t\t\t\t<p style=\"text-align: center;\"><strong><span style=\"font-size: 24pt;\">0800 707 8081<\/span><\/strong><\/p>\t\t\t\t\t\t\t\t<\/div>\n\t\t\t\t<\/div>\n\t\t\t\t\t<\/div>\n\t\t\t\t<\/div>\n\t\t<div class=\"elementor-element elementor-element-39dfd20 e-flex e-con-boxed e-con e-parent\" data-id=\"39dfd20\" data-element_type=\"container\" data-e-type=\"container\">\n\t\t\t\t\t<div class=\"e-con-inner\">\n\t\t\t\t<div class=\"elementor-element elementor-element-acc058e elementor-widget elementor-widget-shortcode\" data-id=\"acc058e\" data-element_type=\"widget\" data-e-type=\"widget\" data-widget_type=\"shortcode.default\">\n\t\t\t\t\t\t\t<div class=\"elementor-shortcode\"><div data-post-id=\"19649\" class=\"insert-page insert-page-19649 \"><h1 class='insert-page-title'>Canais de Atendimento<\/h1><p><strong>Telefones<\/strong><\/p>\n<ul>\n<li>Telefone Geral: (62) 3269-2000 e (62) 3269-2233 das\u00a0<strong>08h \u00e0s 12h\u00a0e\u00a014h \u00e0s 18h<\/strong>\u00a0de segunda a sexta<\/li>\n<li>Telefones da Ouvidoria Setorial: <span data-olk-copy-source=\"MessageBody\">(62) 3309-6780<\/span> \/ (62) 3269-2555 &#8211; das <strong>08hs \u00e0s 12hs<\/strong>\u00a0e das\u00a0<strong>14hs \u00e0s 18hs<\/strong>, de segunda a sexta (exceto feriados)<\/li>\n<li>Telefone exclusivo para o atendimento de Den\u00fancias de Sonega\u00e7\u00e3o Fiscal: 0800 707 8081, das <strong>08h\u00a0\u00e0s\u00a012h\u00a0e\u00a014h\u00a0\u00e0s\u00a018h\u00a0<\/strong>de\u00a0segunda a sexta (exceto feriados)<\/li>\n<\/ul>\n<p><strong>Atendimento presencial<\/strong><\/p>\n<ul>\n<li>O atendimento presencial acontece das\u00a0<strong>08h \u00e0s 12h<\/strong>\u00a0e\u00a0<strong>14h \u00e0s 18h\u00a0<\/strong>(segunda-feira a sexta-feira).<\/li>\n<li>Av. Vereador Jos\u00e9 Monteiro, 2233 \u2013 Setor Nova Vila &#8211; CEP: 74.653-900 \u2013 Goi\u00e2nia\/Goi\u00e1s &#8211;\u00a0<em>CNPJ:\u00a0<\/em>01409655\/0001-80<\/li>\n<li>Atendimento da Ouvidoria Setorial: Complexo fazend\u00e1rio, Bloco A &#8211; Sala 1,<strong>\u00a0desde que agendado, previamente<\/strong>,<strong> pelos telefones: <\/strong><span data-olk-copy-source=\"MessageBody\">(62) 3309-6780<\/span> \/ (62) 3269-2555 ou<strong> e-mail: <\/strong><a href=\"mailto:faleconosco.economia@goias.gov.br\">faleconosco.economia@goias.gov.br<\/a><\/li>\n<li>Delegacias Fiscais e Ag\u00eancias Fazend\u00e1rias Especiais est\u00e3o atendendo presencialmente por agendamento. <a href=\"\/economia\/atendimento-especial-na-receita-confira-onde-buscar-seu-servico\/\">Acesse aqui os contatos<\/a>.<\/li>\n<\/ul>\n<ul class='post-meta'>\n<li><span class='post-meta-key'>tpg-post-view-count:<\/span> 1602<\/li>\n<li><span class='post-meta-key'>rank_math_analytic_object_id:<\/span> 3508<\/li>\n<li><span class='post-meta-key'>rank_math_internal_links_processed:<\/span> 1<\/li>\n<li><span class='post-meta-key'>footnotes:<\/span> <\/li>\n<\/ul>\n<\/div><\/div>\n\t\t\t\t\t\t<\/div>\n\t\t\t\t\t<\/div>\n\t\t\t\t<\/div>\n\t\t\t\t<\/div>\n\t\t","protected":false},"excerpt":{"rendered":"<p>Veja mais not\u00edcias Atendimento da Receita 62 3309 6950 Disque-Sonega\u00e7\u00e3o 0800 707 8081<\/p>\n","protected":false},"author":1,"featured_media":0,"parent":0,"menu_order":0,"comment_status":"closed","ping_status":"closed","template":"wppb_theme_template","meta":{"footnotes":""},"class_list":["post-19316","page","type-page","status-publish","hentry"],"rttpg_featured_image_url":null,"rttpg_author":{"display_name":"wagner.viana","author_link":"https:\/\/goias.gov.br\/economia\/author\/wagner-viana\/"},"rttpg_comment":0,"rttpg_category":"","rttpg_excerpt":"Veja mais not\u00edcias Atendimento da Receita 62 3309 6950 Disque-Sonega\u00e7\u00e3o 0800 707 8081","_links":{"self":[{"href":"https:\/\/goias.gov.br\/economia\/wp-json\/wp\/v2\/pages\/19316","targetHints":{"allow":["GET"]}}],"collection":[{"href":"https:\/\/goias.gov.br\/economia\/wp-json\/wp\/v2\/pages"}],"about":[{"href":"https:\/\/goias.gov.br\/economia\/wp-json\/wp\/v2\/types\/page"}],"author":[{"embeddable":true,"href":"https:\/\/goias.gov.br\/economia\/wp-json\/wp\/v2\/users\/1"}],"replies":[{"embeddable":true,"href":"https:\/\/goias.gov.br\/economia\/wp-json\/wp\/v2\/comments?post=19316"}],"version-history":[{"count":2,"href":"https:\/\/goias.gov.br\/economia\/wp-json\/wp\/v2\/pages\/19316\/revisions"}],"predecessor-version":[{"id":420648,"href":"https:\/\/goias.gov.br\/economia\/wp-json\/wp\/v2\/pages\/19316\/revisions\/420648"}],"wp:attachment":[{"href":"https:\/\/goias.gov.br\/economia\/wp-json\/wp\/v2\/media?parent=19316"}],"curies":[{"name":"wp","href":"https:\/\/api.w.org\/{rel}","templated":true}]}}