

{"id":19262,"date":"2023-06-29T15:09:58","date_gmt":"2023-06-29T18:09:58","guid":{"rendered":"https:\/\/wwwdesenv.joomlamultidesenv.go.gov.br\/economia\/?page_id=9662"},"modified":"2026-03-23T09:40:57","modified_gmt":"2026-03-23T12:40:57","slug":"ipva","status":"publish","type":"page","link":"https:\/\/goias.gov.br\/economia\/ipva\/","title":{"rendered":"IPVA"},"content":{"rendered":"\t\t<div data-elementor-type=\"wp-page\" data-elementor-id=\"19262\" class=\"elementor elementor-19262\">\n\t\t\t\t<div class=\"elementor-element elementor-element-c356fa9 e-flex e-con-boxed e-con e-parent\" data-id=\"c356fa9\" data-element_type=\"container\" data-e-type=\"container\">\n\t\t\t\t\t<div class=\"e-con-inner\">\n\t\t<div class=\"elementor-element elementor-element-4d4cb04 e-con-full e-flex e-con e-child\" data-id=\"4d4cb04\" data-element_type=\"container\" data-e-type=\"container\">\n\t\t\t\t<div class=\"elementor-element elementor-element-8f530bf elementor-widget elementor-widget-shortcode\" data-id=\"8f530bf\" data-element_type=\"widget\" data-e-type=\"widget\" data-widget_type=\"shortcode.default\">\n\t\t\t\t\t\t\t<div class=\"elementor-shortcode\"><div data-post-id=\"25660\" class=\"insert-page insert-page-25660 \"><h1 class='insert-page-title'>IPVA &#8211; Imposto sobre Ve\u00edculos Automotores<\/h1><p>Nesta p\u00e1gina o contribuinte tem acesso a informa\u00e7\u00f5es sobre o Imposto sobre a Propriedade de Ve\u00edculos Automotores (IPVA), que \u00e9 um imposto estadual lan\u00e7ado anualmente pela Receita Estadual.\u00a0Nos bot\u00f5es e menus\u00a0est\u00e3o dispon\u00edveis informa\u00e7\u00f5es e acessos a v\u00e1rios servi\u00e7os que podem ser feitos pela internet.<\/p>\n<p>Mas aten\u00e7\u00e3o! Se o seu IPVA <strong>ainda n\u00e3o venceu<\/strong>, <strong>o boleto deve ser acessado no site do DETRAN<\/strong>. Para isso, <a href=\"https:\/\/www.detran.go.gov.br\/\" target=\"_blank\" rel=\"noopener\">basta clicar AQUI<\/a> e informar dados solicitados.<\/p>\n<p>Fique atento ao calend\u00e1rio e pague sem acr\u00e9scimo.<\/p>\n<p>Na se\u00e7\u00e3o <a href=\"https:\/\/goias.gov.br\/economia\/perguntas-e-respostas-6\/\">Perguntas e Respostas <\/a> voc\u00ea\u00a0encontrar\u00e1 mais detalhes.<\/p>\n<div class=\"x_elementToProof\" data-olk-copy-source=\"MessageBody\">Coordena\u00e7\u00e3o de Atendimento ao Contribuinte: 62-3309-6950<\/div>\n<div class=\"x_elementToProof\">Email: atendimentogipva.economia@goias.gov.br<\/div>\n<ul class='post-meta'>\n<li><span class='post-meta-key'>tpg-post-view-count:<\/span> 2172<\/li>\n<li><span class='post-meta-key'>rank_math_seo_score:<\/span> 13<\/li>\n<li><span class='post-meta-key'>rank_math_analytic_object_id:<\/span> 5243<\/li>\n<li><span class='post-meta-key'>rank_math_internal_links_processed:<\/span> 1<\/li>\n<\/ul>\n<\/div><\/div>\n\t\t\t\t\t\t<\/div>\n\t\t\t\t<\/div>\n\t\t<div class=\"elementor-element elementor-element-62035c3 e-con-full e-flex e-con e-child\" data-id=\"62035c3\" data-element_type=\"container\" data-e-type=\"container\">\n\t\t\t\t<div class=\"elementor-element elementor-element-4d4d8f0 elementor-widget elementor-widget-heading\" data-id=\"4d4d8f0\" data-element_type=\"widget\" data-e-type=\"widget\" data-widget_type=\"heading.default\">\n\t\t\t\t\t<h3 class=\"elementor-heading-title elementor-size-default\">Servi\u00e7os \u2013 IPVA<\/h3>\t\t\t\t<\/div>\n\t\t\t\t<div class=\"elementor-element elementor-element-b465eb3 elementor-align-justify elementor-widget elementor-widget-button\" data-id=\"b465eb3\" data-element_type=\"widget\" data-e-type=\"widget\" data-widget_type=\"button.default\">\n\t\t\t\t\t\t\t\t\t\t<a class=\"elementor-button elementor-button-link elementor-size-sm\" href=\"\/economia\/calendario-de-vencimentos\/\" target=\"_blank\">\n\t\t\t\t\t\t<span class=\"elementor-button-content-wrapper\">\n\t\t\t\t\t\t\t\t\t<span class=\"elementor-button-text\">Calend\u00e1rio de Vencimentos e Tabela de Valores<\/span>\n\t\t\t\t\t<\/span>\n\t\t\t\t\t<\/a>\n\t\t\t\t\t\t\t\t<\/div>\n\t\t\t\t<div class=\"elementor-element elementor-element-3e21f56 elementor-align-justify elementor-widget elementor-widget-button\" data-id=\"3e21f56\" data-element_type=\"widget\" data-e-type=\"widget\" data-widget_type=\"button.default\">\n\t\t\t\t\t\t\t\t\t\t<a class=\"elementor-button elementor-button-link elementor-size-sm\" href=\"\/economia\/legislacao-3\/\" target=\"_blank\">\n\t\t\t\t\t\t<span class=\"elementor-button-content-wrapper\">\n\t\t\t\t\t\t\t\t\t<span class=\"elementor-button-text\">Consulta Legisla\u00e7\u00e3o<\/span>\n\t\t\t\t\t<\/span>\n\t\t\t\t\t<\/a>\n\t\t\t\t\t\t\t\t<\/div>\n\t\t\t\t<div class=\"elementor-element elementor-element-9f65b8c elementor-align-justify elementor-widget elementor-widget-button\" data-id=\"9f65b8c\" data-element_type=\"widget\" data-e-type=\"widget\" data-widget_type=\"button.default\">\n\t\t\t\t\t\t\t\t\t\t<a class=\"elementor-button elementor-button-link elementor-size-sm\" href=\"\/economia\/perguntas-e-respostas-6\/\" target=\"_blank\">\n\t\t\t\t\t\t<span class=\"elementor-button-content-wrapper\">\n\t\t\t\t\t\t\t\t\t<span class=\"elementor-button-text\">Perguntas e Respostas<\/span>\n\t\t\t\t\t<\/span>\n\t\t\t\t\t<\/a>\n\t\t\t\t\t\t\t\t<\/div>\n\t\t\t\t<div class=\"elementor-element elementor-element-21024b7 elementor-align-justify elementor-widget elementor-widget-button\" data-id=\"21024b7\" data-element_type=\"widget\" data-e-type=\"widget\" data-widget_type=\"button.default\">\n\t\t\t\t\t\t\t\t\t\t<a class=\"elementor-button elementor-button-link elementor-size-sm\" href=\"\/economia\/e-parcelamento\/\" target=\"_blank\">\n\t\t\t\t\t\t<span class=\"elementor-button-content-wrapper\">\n\t\t\t\t\t\t\t\t\t<span class=\"elementor-button-text\">e-Parcelamento: Parcelamento de Cr\u00e9ditos via WEB<\/span>\n\t\t\t\t\t<\/span>\n\t\t\t\t\t<\/a>\n\t\t\t\t\t\t\t\t<\/div>\n\t\t\t\t<\/div>\n\t\t\t\t\t<\/div>\n\t\t\t\t<\/div>\n\t\t<div class=\"elementor-element elementor-element-e371454 e-flex e-con-boxed e-con e-parent\" data-id=\"e371454\" data-element_type=\"container\" data-e-type=\"container\">\n\t\t\t\t\t<div class=\"e-con-inner\">\n\t\t<div class=\"elementor-element elementor-element-a0881c4 e-con-full e-flex e-con e-child\" data-id=\"a0881c4\" data-element_type=\"container\" data-e-type=\"container\">\n\t\t\t\t<div class=\"elementor-element elementor-element-ee6d669 elementor-widget elementor-widget-image\" data-id=\"ee6d669\" data-element_type=\"widget\" data-e-type=\"widget\" data-widget_type=\"image.default\">\n\t\t\t\t\t\t\t\t\t\t\t\t\t\t\t\t<a href=\"\/economia\/ipva-consultar-e-emitir-dare\/\" target=\"_blank\">\n\t\t\t\t\t\t\t<img decoding=\"async\" src=\"https:\/\/goias.gov.br\/economia\/wp-content\/uploads\/sites\/45\/2024\/03\/botao-debitos.png\" title=\"\" alt=\"\" loading=\"lazy\" \/>\t\t\t\t\t\t\t\t<\/a>\n\t\t\t\t\t\t\t\t\t\t\t\t\t\t\t<\/div>\n\t\t\t\t<\/div>\n\t\t<div class=\"elementor-element elementor-element-78dbe3a e-con-full e-flex e-con e-child\" data-id=\"78dbe3a\" data-element_type=\"container\" data-e-type=\"container\">\n\t\t\t\t<div class=\"elementor-element elementor-element-1ac1b69 elementor-widget elementor-widget-image\" data-id=\"1ac1b69\" data-element_type=\"widget\" data-e-type=\"widget\" data-widget_type=\"image.default\">\n\t\t\t\t\t\t\t\t\t\t\t\t\t\t\t\t<a href=\"\/economia\/ipva-restituicao-de-valores\/\" target=\"_blank\">\n\t\t\t\t\t\t\t<img decoding=\"async\" src=\"https:\/\/goias.gov.br\/economia\/wp-content\/uploads\/sites\/45\/2024\/03\/botao-restituicao.png\" title=\"\" alt=\"\" loading=\"lazy\" \/>\t\t\t\t\t\t\t\t<\/a>\n\t\t\t\t\t\t\t\t\t\t\t\t\t\t\t<\/div>\n\t\t\t\t<\/div>\n\t\t<div class=\"elementor-element elementor-element-20a07d0 e-con-full e-flex e-con e-child\" data-id=\"20a07d0\" data-element_type=\"container\" data-e-type=\"container\">\n\t\t\t\t<div class=\"elementor-element elementor-element-30eac02 elementor-widget elementor-widget-image\" data-id=\"30eac02\" data-element_type=\"widget\" data-e-type=\"widget\" data-widget_type=\"image.default\">\n\t\t\t\t\t\t\t\t\t\t\t\t\t\t\t\t<a href=\"https:\/\/api.whatsapp.com\/send?phone=556294279777\" target=\"_blank\">\n\t\t\t\t\t\t\t<img decoding=\"async\" src=\"https:\/\/goias.gov.br\/economia\/wp-content\/uploads\/sites\/45\/2024\/03\/banner-chat-boot-alice.png\" title=\"\" alt=\"\" loading=\"lazy\" \/>\t\t\t\t\t\t\t\t<\/a>\n\t\t\t\t\t\t\t\t\t\t\t\t\t\t\t<\/div>\n\t\t\t\t<\/div>\n\t\t\t\t\t<\/div>\n\t\t\t\t<\/div>\n\t\t<div class=\"elementor-element elementor-element-c053b3f e-flex e-con-boxed e-con e-parent\" data-id=\"c053b3f\" data-element_type=\"container\" data-e-type=\"container\">\n\t\t\t\t\t<div class=\"e-con-inner\">\n\t\t<div class=\"elementor-element elementor-element-6b5960c e-con-full e-flex e-con e-child\" data-id=\"6b5960c\" data-element_type=\"container\" data-e-type=\"container\">\n\t\t\t\t<div class=\"elementor-element elementor-element-4349c52 elementor-widget elementor-widget-image\" data-id=\"4349c52\" data-element_type=\"widget\" data-e-type=\"widget\" data-widget_type=\"image.default\">\n\t\t\t\t\t\t\t\t\t\t\t\t\t\t\t\t<a href=\"\/economia\/notificacao-fiscal-do-ipva\/\">\n\t\t\t\t\t\t\t<img decoding=\"async\" src=\"https:\/\/goias.gov.br\/economia\/wp-content\/uploads\/sites\/45\/2024\/03\/ipva.jpeg\" title=\"\" alt=\"\" loading=\"lazy\" \/>\t\t\t\t\t\t\t\t<\/a>\n\t\t\t\t\t\t\t\t\t\t\t\t\t\t\t<\/div>\n\t\t\t\t<\/div>\n\t\t<div class=\"elementor-element elementor-element-207a807 e-con-full e-flex e-con e-child\" data-id=\"207a807\" data-element_type=\"container\" data-e-type=\"container\">\n\t\t\t\t<\/div>\n\t\t\t\t\t<\/div>\n\t\t\t\t<\/div>\n\t\t<div class=\"elementor-element elementor-element-a3bbb29 e-flex e-con-boxed e-con e-parent\" data-id=\"a3bbb29\" data-element_type=\"container\" data-e-type=\"container\">\n\t\t\t\t\t<div class=\"e-con-inner\">\n\t\t<div class=\"elementor-element elementor-element-819f825 e-con-full e-flex e-con e-child\" data-id=\"819f825\" data-element_type=\"container\" data-e-type=\"container\">\n\t\t\t\t<div class=\"elementor-element elementor-element-3706ed4 elementor-widget elementor-widget-image\" data-id=\"3706ed4\" data-element_type=\"widget\" data-e-type=\"widget\" data-widget_type=\"image.default\">\n\t\t\t\t\t\t\t\t\t\t\t\t\t\t\t\t<a href=\"https:\/\/goias.gov.br\/economia\/notificacao-fiscal-do-ipva-auditoria-da-rbc-desconto-de-50\/\">\n\t\t\t\t\t\t\t<img decoding=\"async\" src=\"https:\/\/goias.gov.br\/economia\/wp-content\/uploads\/sites\/45\/2024\/06\/NOTIFICACAO-FISCAL-AUDITORIA-DA-RBC-DESCONTO-DE-50-1.png\" title=\"\" alt=\"\" loading=\"lazy\" \/>\t\t\t\t\t\t\t\t<\/a>\n\t\t\t\t\t\t\t\t\t\t\t\t\t\t\t<\/div>\n\t\t\t\t<\/div>\n\t\t<div class=\"elementor-element elementor-element-258e331 e-con-full e-flex e-con e-child\" data-id=\"258e331\" data-element_type=\"container\" data-e-type=\"container\">\n\t\t\t\t<\/div>\n\t\t\t\t\t<\/div>\n\t\t\t\t<\/div>\n\t\t<div class=\"elementor-element elementor-element-f0f1661 e-flex e-con-boxed e-con e-parent\" data-id=\"f0f1661\" data-element_type=\"container\" data-e-type=\"container\">\n\t\t\t\t\t<div class=\"e-con-inner\">\n\t\t<div class=\"elementor-element elementor-element-ac585d0 e-con-full e-flex e-con e-child\" data-id=\"ac585d0\" data-element_type=\"container\" data-e-type=\"container\">\n\t\t\t\t<div class=\"elementor-element elementor-element-6591795 elementor-widget elementor-widget-heading\" data-id=\"6591795\" data-element_type=\"widget\" data-e-type=\"widget\" data-widget_type=\"heading.default\">\n\t\t\t\t\t<h3 class=\"elementor-heading-title elementor-size-default\">D\u00favidas no parcelamento? A Economia preparou um v\u00eddeo explicativo para voc\u00ea:<\/h3>\t\t\t\t<\/div>\n\t\t\t\t<div class=\"elementor-element elementor-element-98cf121 elementor-widget elementor-widget-video\" data-id=\"98cf121\" data-element_type=\"widget\" data-e-type=\"widget\" data-settings=\"{&quot;youtube_url&quot;:&quot;https:\\\/\\\/www.youtube.com\\\/watch?v=spEUgrNBkEI&amp;t=13s&amp;ab_channel=SecretariadaEconomiadoEstadodeGoi%C3%A1s&quot;,&quot;video_type&quot;:&quot;youtube&quot;,&quot;controls&quot;:&quot;yes&quot;}\" data-widget_type=\"video.default\">\n\t\t\t\t\t\t\t<div class=\"elementor-wrapper elementor-open-inline\">\n\t\t\t<div class=\"elementor-video\"><\/div>\t\t<\/div>\n\t\t\t\t\t\t<\/div>\n\t\t\t\t<\/div>\n\t\t<div class=\"elementor-element elementor-element-b6825b0 e-con-full e-flex e-con e-child\" data-id=\"b6825b0\" data-element_type=\"container\" data-e-type=\"container\">\n\t\t\t\t<\/div>\n\t\t\t\t\t<\/div>\n\t\t\t\t<\/div>\n\t\t\t\t<\/div>\n\t\t","protected":false},"excerpt":{"rendered":"<p>Servi\u00e7os \u2013 IPVA Calend\u00e1rio de Vencimentos e Tabela de Valores Consulta Legisla\u00e7\u00e3o Perguntas e Respostas e-Parcelamento: Parcelamento de Cr\u00e9ditos via WEB D\u00favidas no parcelamento? A Economia preparou um v\u00eddeo explicativo para voc\u00ea: https:\/\/www.youtube.com\/watch?v=spEUgrNBkEI&#038;t=13s&#038;ab_channel=SecretariadaEconomiadoEstadodeGoi%C3%A1s<\/p>\n","protected":false},"author":1,"featured_media":0,"parent":0,"menu_order":0,"comment_status":"closed","ping_status":"closed","template":"","meta":{"footnotes":""},"class_list":["post-19262","page","type-page","status-publish","hentry"],"rttpg_featured_image_url":null,"rttpg_author":{"display_name":"wagner.viana","author_link":"https:\/\/goias.gov.br\/economia\/author\/wagner-viana\/"},"rttpg_comment":0,"rttpg_category":"","rttpg_excerpt":"Servi\u00e7os \u2013 IPVA Calend\u00e1rio de Vencimentos e Tabela de Valores Consulta Legisla\u00e7\u00e3o Perguntas e Respostas e-Parcelamento: Parcelamento de Cr\u00e9ditos via WEB D\u00favidas no parcelamento? A Economia preparou um v\u00eddeo explicativo para voc\u00ea: https:\/\/www.youtube.com\/watch?v=spEUgrNBkEI&#038;t=13s&#038;ab_channel=SecretariadaEconomiadoEstadodeGoi%C3%A1s","_links":{"self":[{"href":"https:\/\/goias.gov.br\/economia\/wp-json\/wp\/v2\/pages\/19262","targetHints":{"allow":["GET"]}}],"collection":[{"href":"https:\/\/goias.gov.br\/economia\/wp-json\/wp\/v2\/pages"}],"about":[{"href":"https:\/\/goias.gov.br\/economia\/wp-json\/wp\/v2\/types\/page"}],"author":[{"embeddable":true,"href":"https:\/\/goias.gov.br\/economia\/wp-json\/wp\/v2\/users\/1"}],"replies":[{"embeddable":true,"href":"https:\/\/goias.gov.br\/economia\/wp-json\/wp\/v2\/comments?post=19262"}],"version-history":[{"count":2,"href":"https:\/\/goias.gov.br\/economia\/wp-json\/wp\/v2\/pages\/19262\/revisions"}],"predecessor-version":[{"id":436381,"href":"https:\/\/goias.gov.br\/economia\/wp-json\/wp\/v2\/pages\/19262\/revisions\/436381"}],"wp:attachment":[{"href":"https:\/\/goias.gov.br\/economia\/wp-json\/wp\/v2\/media?parent=19262"}],"curies":[{"name":"wp","href":"https:\/\/api.w.org\/{rel}","templated":true}]}}