

{"id":19260,"date":"2023-06-28T09:55:03","date_gmt":"2023-06-28T12:55:03","guid":{"rendered":"https:\/\/wwwdesenv.joomlamultidesenv.go.gov.br\/economia\/?page_id=9645"},"modified":"2026-03-23T09:58:04","modified_gmt":"2026-03-23T12:58:04","slug":"itcd","status":"publish","type":"page","link":"https:\/\/goias.gov.br\/economia\/itcd\/","title":{"rendered":"ITCD"},"content":{"rendered":"\t\t<div data-elementor-type=\"wp-page\" data-elementor-id=\"19260\" class=\"elementor elementor-19260\">\n\t\t\t\t<div class=\"elementor-element elementor-element-ef34f90 e-flex e-con-boxed e-con e-parent\" data-id=\"ef34f90\" data-element_type=\"container\" data-e-type=\"container\">\n\t\t\t\t\t<div class=\"e-con-inner\">\n\t\t<div class=\"elementor-element elementor-element-44b0a38 e-con-full e-flex e-con e-child\" data-id=\"44b0a38\" data-element_type=\"container\" data-e-type=\"container\">\n\t\t\t\t<div class=\"elementor-element elementor-element-a778bca elementor-widget elementor-widget-shortcode\" data-id=\"a778bca\" data-element_type=\"widget\" data-e-type=\"widget\" data-widget_type=\"shortcode.default\">\n\t\t\t\t\t\t\t<div class=\"elementor-shortcode\"><div data-post-id=\"29464\" class=\"insert-page insert-page-29464 \"><h1 class='insert-page-title'>ITCD &#8211; Imposto sobre Heran\u00e7a e Doa\u00e7\u00f5es<\/h1><p>ITCD \u00e9 a sigla pela qual \u00e9 conhecido o Imposto sobre a Transmiss\u00e3o Causa Mortis e Doa\u00e7\u00e3o de Quaisquer Bens ou Direitos. Esse imposto tamb\u00e9m \u00e9 conhecido como \u201cImposto sobre Heran\u00e7a e Doa\u00e7\u00e3o\u201d. Est\u00e1 previsto na Constitui\u00e7\u00e3o Federal, no art. 155, I, e \u00e9 de compet\u00eancia dos Estados e do Distrito Federal. No Estado de Goi\u00e1s, a Secretaria da Economia \u00e9 o \u00f3rg\u00e3o respons\u00e1vel pelo processamento do ITCD.<\/p>\n<p>O Imposto deve ser pago quando:<\/p>\n<ul>\n<li>Bens ou direitos que pertenciam a uma pessoa falecida s\u00e3o transferidos para os seus herdeiros;<\/li>\n<li>Uma pessoa doa a outra um bem ou um direito.<\/li>\n<\/ul>\n<p>Ou seja, ap\u00f3s o \u00f3bito de algu\u00e9m que tinha patrim\u00f4nio e antes de fazer uma doa\u00e7\u00e3o, h\u00e1 a obriga\u00e7\u00e3o de entregar para a Secretaria de Estado da Economia de Goi\u00e1s uma Declara\u00e7\u00e3o do ITCD.<\/p>\n<p>A Declara\u00e7\u00e3o do ITCD deve conter as informa\u00e7\u00f5es e documentos do:<\/p>\n<ul>\n<li>Fato relacionado com a transmiss\u00e3o;<\/li>\n<li>Das pessoas envolvidas e<\/li>\n<li>Dos bens e direitos transmitidos.<\/li>\n<\/ul>\n<p>Ao enviar a Declara\u00e7\u00e3o, o valor do imposto ser\u00e1 calculado automaticamente pelo Sistema ITCD web em tr\u00e2mite simplificado, sendo gerados o Demonstrativo de C\u00e1lculo do ITCD e o Documento de Arrecada\u00e7\u00e3o da Receita Estadual \u2013 DARE, se houver imposto a pagar.<\/p>\n<h5><strong>Atendimento da Receita: <\/strong>(62) 3309-6750<\/h5>\n<ul class='post-meta'>\n<li><span class='post-meta-key'>tpg-post-view-count:<\/span> 1623<\/li>\n<li><span class='post-meta-key'>rank_math_analytic_object_id:<\/span> 3372<\/li>\n<li><span class='post-meta-key'>rank_math_internal_links_processed:<\/span> 1<\/li>\n<li><span class='post-meta-key'>footnotes:<\/span> <\/li>\n<\/ul>\n<\/div><\/div>\n\t\t\t\t\t\t<\/div>\n\t\t\t\t<\/div>\n\t\t<div class=\"elementor-element elementor-element-2adc579 e-con-full e-flex e-con e-child\" data-id=\"2adc579\" data-element_type=\"container\" data-e-type=\"container\">\n\t\t<div class=\"elementor-element elementor-element-4f77d58 e-con-full e-flex e-con e-child\" data-id=\"4f77d58\" data-element_type=\"container\" data-e-type=\"container\" data-settings=\"{&quot;background_background&quot;:&quot;classic&quot;}\">\n\t\t\t\t<div class=\"elementor-element elementor-element-211fb5f elementor-widget elementor-widget-heading\" data-id=\"211fb5f\" data-element_type=\"widget\" data-e-type=\"widget\" data-widget_type=\"heading.default\">\n\t\t\t\t\t<h5 class=\"elementor-heading-title elementor-size-default\">ITCD<\/h5>\t\t\t\t<\/div>\n\t\t\t\t<\/div>\n\t\t\t\t<div class=\"elementor-element elementor-element-1645197 elementor-align-justify elementor-widget elementor-widget-button\" data-id=\"1645197\" data-element_type=\"widget\" data-e-type=\"widget\" data-widget_type=\"button.default\">\n\t\t\t\t\t\t\t\t\t\t<a class=\"elementor-button elementor-button-link elementor-size-sm\" href=\"\/economia\/informacoes-complementares\/\" target=\"_blank\">\n\t\t\t\t\t\t<span class=\"elementor-button-content-wrapper\">\n\t\t\t\t\t\t\t\t\t<span class=\"elementor-button-text\">Informa\u00e7\u00f5es Complementares<\/span>\n\t\t\t\t\t<\/span>\n\t\t\t\t\t<\/a>\n\t\t\t\t\t\t\t\t<\/div>\n\t\t\t\t<div class=\"elementor-element elementor-element-1f75aa5 elementor-align-justify elementor-widget elementor-widget-button\" data-id=\"1f75aa5\" data-element_type=\"widget\" data-e-type=\"widget\" data-widget_type=\"button.default\">\n\t\t\t\t\t\t\t\t\t\t<a class=\"elementor-button elementor-button-link elementor-size-sm\" href=\"https:\/\/itcd-consulta-publico.sefaz.go.gov.br\/itcd-consulta-publico\/\" target=\"_blank\">\n\t\t\t\t\t\t<span class=\"elementor-button-content-wrapper\">\n\t\t\t\t\t\t\t\t\t<span class=\"elementor-button-text\">Consulte o Status da sua Declara\u00e7\u00e3o<\/span>\n\t\t\t\t\t<\/span>\n\t\t\t\t\t<\/a>\n\t\t\t\t\t\t\t\t<\/div>\n\t\t\t\t<div class=\"elementor-element elementor-element-02b70e0 elementor-align-justify elementor-widget elementor-widget-button\" data-id=\"02b70e0\" data-element_type=\"widget\" data-e-type=\"widget\" data-widget_type=\"button.default\">\n\t\t\t\t\t\t\t\t\t\t<a class=\"elementor-button elementor-button-link elementor-size-sm\" href=\"\/economia\/perguntas-e-respostas-11\/\" target=\"_blank\">\n\t\t\t\t\t\t<span class=\"elementor-button-content-wrapper\">\n\t\t\t\t\t\t\t\t\t<span class=\"elementor-button-text\">Perguntas e Respostas<\/span>\n\t\t\t\t\t<\/span>\n\t\t\t\t\t<\/a>\n\t\t\t\t\t\t\t\t<\/div>\n\t\t\t\t<div class=\"elementor-element elementor-element-e51c3c0 elementor-align-justify elementor-widget elementor-widget-button\" data-id=\"e51c3c0\" data-element_type=\"widget\" data-e-type=\"widget\" data-widget_type=\"button.default\">\n\t\t\t\t\t\t\t\t\t\t<a class=\"elementor-button elementor-button-link elementor-size-sm\" href=\"\/economia\/vocabulario-do-itcd\/\" target=\"_blank\">\n\t\t\t\t\t\t<span class=\"elementor-button-content-wrapper\">\n\t\t\t\t\t\t\t\t\t<span class=\"elementor-button-text\">Vocabul\u00e1rio do ITCD<\/span>\n\t\t\t\t\t<\/span>\n\t\t\t\t\t<\/a>\n\t\t\t\t\t\t\t\t<\/div>\n\t\t\t\t<div class=\"elementor-element elementor-element-97be467 elementor-align-justify elementor-widget elementor-widget-button\" data-id=\"97be467\" data-element_type=\"widget\" data-e-type=\"widget\" data-widget_type=\"button.default\">\n\t\t\t\t\t\t\t\t\t\t<a class=\"elementor-button elementor-button-link elementor-size-sm\" href=\"\/economia\/legislacao-2\/\" target=\"_blank\">\n\t\t\t\t\t\t<span class=\"elementor-button-content-wrapper\">\n\t\t\t\t\t\t\t\t\t<span class=\"elementor-button-text\">Legisla\u00e7\u00e3o<\/span>\n\t\t\t\t\t<\/span>\n\t\t\t\t\t<\/a>\n\t\t\t\t\t\t\t\t<\/div>\n\t\t\t\t<div class=\"elementor-element elementor-element-81b0cf5 elementor-align-justify elementor-widget elementor-widget-button\" data-id=\"81b0cf5\" data-element_type=\"widget\" data-e-type=\"widget\" data-widget_type=\"button.default\">\n\t\t\t\t\t\t\t\t\t\t<a class=\"elementor-button elementor-button-link elementor-size-sm\" href=\"https:\/\/manuais.economia.go.gov.br\/SitePages\/Manuais%20ITCD.aspx\" target=\"_blank\">\n\t\t\t\t\t\t<span class=\"elementor-button-content-wrapper\">\n\t\t\t\t\t\t\t\t\t<span class=\"elementor-button-text\">Manuais<\/span>\n\t\t\t\t\t<\/span>\n\t\t\t\t\t<\/a>\n\t\t\t\t\t\t\t\t<\/div>\n\t\t\t\t<div class=\"elementor-element elementor-element-d1bc1a2 elementor-align-justify elementor-widget elementor-widget-button\" data-id=\"d1bc1a2\" data-element_type=\"widget\" data-e-type=\"widget\" data-widget_type=\"button.default\">\n\t\t\t\t\t\t\t\t\t\t<a class=\"elementor-button elementor-button-link elementor-size-sm\" href=\"https:\/\/goias.gov.br\/economia\/tabela-fipe\/\" target=\"_blank\">\n\t\t\t\t\t\t<span class=\"elementor-button-content-wrapper\">\n\t\t\t\t\t\t\t\t\t<span class=\"elementor-button-text\">Tabela FIPE<\/span>\n\t\t\t\t\t<\/span>\n\t\t\t\t\t<\/a>\n\t\t\t\t\t\t\t\t<\/div>\n\t\t\t\t<div class=\"elementor-element elementor-element-906eb28 elementor-widget elementor-widget-shortcode\" data-id=\"906eb28\" data-element_type=\"widget\" data-e-type=\"widget\" data-widget_type=\"shortcode.default\">\n\t\t\t\t\t\t\t<div class=\"elementor-shortcode\"><div data-post-id=\"28130\" class=\"insert-page insert-page-28130 \"><h1 class='insert-page-title'>Avalia\u00e7\u00e3o de Cotas e A\u00e7\u00f5es<\/h1><ul>\n<li>Demonstrativo de Avalia\u00e7\u00e3o de Cotas e A\u00e7\u00f5es &#8211; DACA:\n<ul>\n<li><a href=\"https:\/\/goias.gov.br\/economia\/wp-content\/uploads\/sites\/45\/2012\/12\/DACA_EMPRE_COMESCR_CONT-b73.xlsx\" target=\"_blank\" rel=\"noopener\">Empresa <strong>COM<\/strong> Escrita Cont\u00e1bil<\/a><\/li>\n<li><a href=\"https:\/\/goias.gov.br\/economia\/wp-content\/uploads\/sites\/45\/2012\/12\/DACA_EMPR_SEM_ESCR_CONT-09e.xlsx\" target=\"_blank\" rel=\"noopener\">Empresa <strong>SEM<\/strong> Escrita Cont\u00e1bil<\/a><\/li>\n<\/ul>\n<\/li>\n<li><a href=\"https:\/\/goias.gov.br\/economia\/wp-content\/uploads\/sites\/45\/2012\/12\/DEMONSTRATIVOCONTAAPAGAR-c32.xlsx\" target=\"_blank\" rel=\"noopener\">Demonstrativo\u00a0de Contas a Pagar<\/a><\/li>\n<li><a href=\"https:\/\/goias.gov.br\/economia\/wp-content\/uploads\/sites\/45\/2012\/12\/DEM.DEBENSMOVEISDOIMOBILIZADO-50c.xlsx\" target=\"_blank\" rel=\"noopener\">Demonstrativo de Bens M\u00f3veis do Imobilizado<\/a><\/li>\n<li><a href=\"https:\/\/goias.gov.br\/economia\/wp-content\/uploads\/sites\/45\/2012\/12\/legislacao-jurisprudencia-e-doutrina-eac.pdf\" target=\"_blank\" rel=\"noopener\">Legisla\u00e7\u00e3o, Jurisprud\u00eancia e Doutrina<\/a><\/li>\n<\/ul>\n<ul class='post-meta'>\n<li><span class='post-meta-key'>tpg-post-view-count:<\/span> 1376<\/li>\n<li><span class='post-meta-key'>rank_math_seo_score:<\/span> 11<\/li>\n<li><span class='post-meta-key'>rank_math_primary_category:<\/span> 135<\/li>\n<li><span class='post-meta-key'>rank_math_analytic_object_id:<\/span> 5029<\/li>\n<\/ul>\n<\/div><\/div>\n\t\t\t\t\t\t<\/div>\n\t\t\t\t<\/div>\n\t\t\t\t\t<\/div>\n\t\t\t\t<\/div>\n\t\t<div class=\"elementor-element elementor-element-2fde152 e-flex e-con-boxed e-con e-parent\" data-id=\"2fde152\" data-element_type=\"container\" data-e-type=\"container\">\n\t\t\t\t\t<div class=\"e-con-inner\">\n\t\t<div class=\"elementor-element elementor-element-a5097dc e-con-full e-flex e-con e-child\" data-id=\"a5097dc\" data-element_type=\"container\" data-e-type=\"container\">\n\t\t\t\t<div class=\"elementor-element elementor-element-fbc5bd0 elementor-widget elementor-widget-image\" data-id=\"fbc5bd0\" data-element_type=\"widget\" data-e-type=\"widget\" data-widget_type=\"image.default\">\n\t\t\t\t\t\t\t\t\t\t\t\t\t\t\t\t<a href=\"\/economia\/declarar-o-imposto-sobre-heranca-e-doacao\/\">\n\t\t\t\t\t\t\t<img decoding=\"async\" src=\"https:\/\/goias.gov.br\/economia\/wp-content\/uploads\/sites\/45\/2023\/06\/declaracao_imposto_sobre_heranca_e_doacao.png\" title=\"\" alt=\"\" loading=\"lazy\" \/>\t\t\t\t\t\t\t\t<\/a>\n\t\t\t\t\t\t\t\t\t\t\t\t\t\t\t<\/div>\n\t\t\t\t<\/div>\n\t\t<div class=\"elementor-element elementor-element-b44a033 e-con-full e-flex e-con e-child\" data-id=\"b44a033\" data-element_type=\"container\" data-e-type=\"container\">\n\t\t\t\t<div class=\"elementor-element elementor-element-fb21c08 elementor-widget elementor-widget-image\" data-id=\"fb21c08\" data-element_type=\"widget\" data-e-type=\"widget\" data-widget_type=\"image.default\">\n\t\t\t\t\t\t\t\t\t\t\t\t\t\t\t\t<a href=\"\/economia\/solicitar-restituicao-de-itcd\/\">\n\t\t\t\t\t\t\t<img decoding=\"async\" src=\"https:\/\/goias.gov.br\/economia\/wp-content\/uploads\/sites\/45\/2023\/06\/restituicao_itcd.png\" title=\"\" alt=\"\" loading=\"lazy\" \/>\t\t\t\t\t\t\t\t<\/a>\n\t\t\t\t\t\t\t\t\t\t\t\t\t\t\t<\/div>\n\t\t\t\t<\/div>\n\t\t<div class=\"elementor-element elementor-element-876ac37 e-con-full e-flex e-con e-child\" data-id=\"876ac37\" data-element_type=\"container\" data-e-type=\"container\">\n\t\t\t\t<div class=\"elementor-element elementor-element-5329f28 elementor-widget elementor-widget-image\" data-id=\"5329f28\" data-element_type=\"widget\" data-e-type=\"widget\" data-widget_type=\"image.default\">\n\t\t\t\t\t\t\t\t\t\t\t\t\t\t\t\t<a href=\"\/economia\/outros-requerimentos-do-itcd\/\">\n\t\t\t\t\t\t\t<img decoding=\"async\" src=\"https:\/\/goias.gov.br\/economia\/wp-content\/uploads\/sites\/45\/2023\/06\/outros_requerimentos_do_itcd-1.png\" title=\"\" alt=\"\" loading=\"lazy\" \/>\t\t\t\t\t\t\t\t<\/a>\n\t\t\t\t\t\t\t\t\t\t\t\t\t\t\t<\/div>\n\t\t\t\t<\/div>\n\t\t\t\t\t<\/div>\n\t\t\t\t<\/div>\n\t\t<div class=\"elementor-element elementor-element-dea46a2 e-flex e-con-boxed e-con e-parent\" data-id=\"dea46a2\" data-element_type=\"container\" data-e-type=\"container\">\n\t\t\t\t\t<div class=\"e-con-inner\">\n\t\t<div class=\"elementor-element elementor-element-f3bcd69 e-con-full e-flex e-con e-child\" data-id=\"f3bcd69\" data-element_type=\"container\" data-e-type=\"container\">\n\t\t\t\t<div class=\"elementor-element elementor-element-fefde04 elementor-widget elementor-widget-image\" data-id=\"fefde04\" data-element_type=\"widget\" data-e-type=\"widget\" data-widget_type=\"image.default\">\n\t\t\t\t\t\t\t\t\t\t\t\t\t\t\t\t<a href=\"\/economia\/solicitar-retificacao-de-declaracao-do-itcd\/\">\n\t\t\t\t\t\t\t<img decoding=\"async\" src=\"https:\/\/goias.gov.br\/economia\/wp-content\/uploads\/sites\/45\/2024\/09\/botao-itcd-1-1.png\" title=\"\" alt=\"\" loading=\"lazy\" \/>\t\t\t\t\t\t\t\t<\/a>\n\t\t\t\t\t\t\t\t\t\t\t\t\t\t\t<\/div>\n\t\t\t\t<\/div>\n\t\t<div class=\"elementor-element elementor-element-61e5394 e-con-full e-flex e-con e-child\" data-id=\"61e5394\" data-element_type=\"container\" data-e-type=\"container\">\n\t\t\t\t<div class=\"elementor-element elementor-element-46e84a3 elementor-widget elementor-widget-image\" data-id=\"46e84a3\" data-element_type=\"widget\" data-e-type=\"widget\" data-widget_type=\"image.default\">\n\t\t\t\t\t\t\t\t\t\t\t\t\t\t\t\t<a href=\"\/economia\/reemissao-de-dare-e-ou-demonstrativo-de-calculo\/\">\n\t\t\t\t\t\t\t<img decoding=\"async\" src=\"https:\/\/goias.gov.br\/economia\/wp-content\/uploads\/sites\/45\/2023\/06\/botao-dare-demonstrativo.png\" title=\"\" alt=\"\" loading=\"lazy\" \/>\t\t\t\t\t\t\t\t<\/a>\n\t\t\t\t\t\t\t\t\t\t\t\t\t\t\t<\/div>\n\t\t\t\t<\/div>\n\t\t<div class=\"elementor-element elementor-element-a80f217 e-con-full e-flex e-con e-child\" data-id=\"a80f217\" data-element_type=\"container\" data-e-type=\"container\">\n\t\t\t\t<div class=\"elementor-element elementor-element-c10bec4 elementor-widget elementor-widget-image\" data-id=\"c10bec4\" data-element_type=\"widget\" data-e-type=\"widget\" data-widget_type=\"image.default\">\n\t\t\t\t\t\t\t\t\t\t\t\t\t\t\t\t<a href=\"https:\/\/goias.gov.br\/economia\/solicitar-parcelamento-do-itcd\/\">\n\t\t\t\t\t\t\t<img decoding=\"async\" src=\"https:\/\/goias.gov.br\/economia\/wp-content\/uploads\/sites\/45\/2024\/05\/ICONES-ITCD2-1.jpg\" title=\"\" alt=\"\" loading=\"lazy\" \/>\t\t\t\t\t\t\t\t<\/a>\n\t\t\t\t\t\t\t\t\t\t\t\t\t\t\t<\/div>\n\t\t\t\t<\/div>\n\t\t\t\t\t<\/div>\n\t\t\t\t<\/div>\n\t\t<div class=\"elementor-element elementor-element-2958d7d e-flex e-con-boxed e-con e-parent\" data-id=\"2958d7d\" data-element_type=\"container\" data-e-type=\"container\">\n\t\t\t\t\t<div class=\"e-con-inner\">\n\t\t<div class=\"elementor-element elementor-element-084a166 e-con-full e-flex e-con e-child\" data-id=\"084a166\" data-element_type=\"container\" data-e-type=\"container\">\n\t\t\t\t<div class=\"elementor-element elementor-element-029bdbd elementor-widget elementor-widget-image\" data-id=\"029bdbd\" data-element_type=\"widget\" data-e-type=\"widget\" data-widget_type=\"image.default\">\n\t\t\t\t\t\t\t\t\t\t\t\t\t\t\t\t<a href=\"\/economia\/solicitar-substituicao-de-declarante-na-declaracao\/\">\n\t\t\t\t\t\t\t<img decoding=\"async\" src=\"https:\/\/goias.gov.br\/economia\/wp-content\/uploads\/sites\/45\/2023\/06\/botao-substituicao-de-declarante.png\" title=\"\" alt=\"\" loading=\"lazy\" \/>\t\t\t\t\t\t\t\t<\/a>\n\t\t\t\t\t\t\t\t\t\t\t\t\t\t\t<\/div>\n\t\t\t\t<\/div>\n\t\t<div class=\"elementor-element elementor-element-f6b3e1f e-con-full e-flex e-con e-child\" data-id=\"f6b3e1f\" data-element_type=\"container\" data-e-type=\"container\">\n\t\t\t\t<div class=\"elementor-element elementor-element-7a4f84c elementor-widget elementor-widget-image\" data-id=\"7a4f84c\" data-element_type=\"widget\" data-e-type=\"widget\" data-widget_type=\"image.default\">\n\t\t\t\t\t\t\t\t\t\t\t\t\t\t\t\t<a href=\"\/economia\/parcelar-com-oferecimento-de-imovel-em-garantia-real\/\">\n\t\t\t\t\t\t\t<img decoding=\"async\" src=\"https:\/\/goias.gov.br\/economia\/wp-content\/uploads\/sites\/45\/2024\/05\/ICONES-ITCD.jpg\" title=\"\" alt=\"\" loading=\"lazy\" \/>\t\t\t\t\t\t\t\t<\/a>\n\t\t\t\t\t\t\t\t\t\t\t\t\t\t\t<\/div>\n\t\t\t\t<\/div>\n\t\t<div class=\"elementor-element elementor-element-e885871 e-con-full e-flex e-con e-child\" data-id=\"e885871\" data-element_type=\"container\" data-e-type=\"container\">\n\t\t\t\t<div class=\"elementor-element elementor-element-fa1acd1 elementor-widget elementor-widget-image\" data-id=\"fa1acd1\" data-element_type=\"widget\" data-e-type=\"widget\" data-widget_type=\"image.default\">\n\t\t\t\t\t\t\t\t\t\t\t\t\t\t\t\t<a href=\"\/economia\/autorregularizacao-do-itcd\/\">\n\t\t\t\t\t\t\t<img decoding=\"async\" src=\"https:\/\/goias.gov.br\/economia\/wp-content\/uploads\/sites\/45\/2024\/03\/12-12-banner-autoreg3-1.jpg\" title=\"\" alt=\"\" loading=\"lazy\" \/>\t\t\t\t\t\t\t\t<\/a>\n\t\t\t\t\t\t\t\t\t\t\t\t\t\t\t<\/div>\n\t\t\t\t<\/div>\n\t\t\t\t\t<\/div>\n\t\t\t\t<\/div>\n\t\t<div class=\"elementor-element elementor-element-c29de68 e-flex e-con-boxed e-con e-parent\" data-id=\"c29de68\" data-element_type=\"container\" data-e-type=\"container\">\n\t\t\t\t\t<div class=\"e-con-inner\">\n\t\t<div class=\"elementor-element elementor-element-0e12427 e-con-full e-flex e-con e-child\" data-id=\"0e12427\" data-element_type=\"container\" data-e-type=\"container\">\n\t\t\t\t<div class=\"elementor-element elementor-element-ff6b730 elementor-widget elementor-widget-video\" data-id=\"ff6b730\" data-element_type=\"widget\" data-e-type=\"widget\" data-settings=\"{&quot;youtube_url&quot;:&quot;https:\\\/\\\/youtu.be\\\/lun_wO4WtkQ&quot;,&quot;video_type&quot;:&quot;youtube&quot;,&quot;controls&quot;:&quot;yes&quot;}\" data-widget_type=\"video.default\">\n\t\t\t\t\t\t\t<div class=\"elementor-wrapper elementor-open-inline\">\n\t\t\t<div class=\"elementor-video\"><\/div>\t\t<\/div>\n\t\t\t\t\t\t<\/div>\n\t\t\t\t<\/div>\n\t\t<div class=\"elementor-element elementor-element-c4e580d e-con-full e-flex e-con e-child\" data-id=\"c4e580d\" data-element_type=\"container\" data-e-type=\"container\">\n\t\t\t\t<div class=\"elementor-element elementor-element-ade8bec elementor-widget elementor-widget-video\" data-id=\"ade8bec\" data-element_type=\"widget\" data-e-type=\"widget\" data-settings=\"{&quot;youtube_url&quot;:&quot;https:\\\/\\\/youtu.be\\\/gWa6oUALGiw&quot;,&quot;video_type&quot;:&quot;youtube&quot;,&quot;controls&quot;:&quot;yes&quot;}\" data-widget_type=\"video.default\">\n\t\t\t\t\t\t\t<div class=\"elementor-wrapper elementor-open-inline\">\n\t\t\t<div class=\"elementor-video\"><\/div>\t\t<\/div>\n\t\t\t\t\t\t<\/div>\n\t\t\t\t<\/div>\n\t\t<div class=\"elementor-element elementor-element-fb008e9 e-con-full e-flex e-con e-child\" data-id=\"fb008e9\" data-element_type=\"container\" data-e-type=\"container\">\n\t\t\t\t<div class=\"elementor-element elementor-element-f5a83e5 elementor-widget elementor-widget-video\" data-id=\"f5a83e5\" data-element_type=\"widget\" data-e-type=\"widget\" data-settings=\"{&quot;youtube_url&quot;:&quot;https:\\\/\\\/youtu.be\\\/MqBxJKjwp-s&quot;,&quot;video_type&quot;:&quot;youtube&quot;,&quot;controls&quot;:&quot;yes&quot;}\" data-widget_type=\"video.default\">\n\t\t\t\t\t\t\t<div class=\"elementor-wrapper elementor-open-inline\">\n\t\t\t<div class=\"elementor-video\"><\/div>\t\t<\/div>\n\t\t\t\t\t\t<\/div>\n\t\t\t\t<\/div>\n\t\t\t\t\t<\/div>\n\t\t\t\t<\/div>\n\t\t\t\t<\/div>\n\t\t","protected":false},"excerpt":{"rendered":"<p>ITCD Informa\u00e7\u00f5es Complementares Consulte o Status da sua Declara\u00e7\u00e3o Perguntas e Respostas Vocabul\u00e1rio do ITCD Legisla\u00e7\u00e3o Manuais Tabela FIPE https:\/\/youtu.be\/lun_wO4WtkQhttps:\/\/youtu.be\/gWa6oUALGiwhttps:\/\/youtu.be\/MqBxJKjwp-s<\/p>\n","protected":false},"author":1,"featured_media":0,"parent":0,"menu_order":0,"comment_status":"closed","ping_status":"closed","template":"elementor_header_footer","meta":{"footnotes":""},"class_list":["post-19260","page","type-page","status-publish","hentry"],"rttpg_featured_image_url":null,"rttpg_author":{"display_name":"wagner.viana","author_link":"https:\/\/goias.gov.br\/economia\/author\/wagner-viana\/"},"rttpg_comment":0,"rttpg_category":"","rttpg_excerpt":"ITCD Informa\u00e7\u00f5es Complementares Consulte o Status da sua Declara\u00e7\u00e3o Perguntas e Respostas Vocabul\u00e1rio do ITCD Legisla\u00e7\u00e3o Manuais Tabela FIPE https:\/\/youtu.be\/lun_wO4WtkQhttps:\/\/youtu.be\/gWa6oUALGiwhttps:\/\/youtu.be\/MqBxJKjwp-s","_links":{"self":[{"href":"https:\/\/goias.gov.br\/economia\/wp-json\/wp\/v2\/pages\/19260","targetHints":{"allow":["GET"]}}],"collection":[{"href":"https:\/\/goias.gov.br\/economia\/wp-json\/wp\/v2\/pages"}],"about":[{"href":"https:\/\/goias.gov.br\/economia\/wp-json\/wp\/v2\/types\/page"}],"author":[{"embeddable":true,"href":"https:\/\/goias.gov.br\/economia\/wp-json\/wp\/v2\/users\/1"}],"replies":[{"embeddable":true,"href":"https:\/\/goias.gov.br\/economia\/wp-json\/wp\/v2\/comments?post=19260"}],"version-history":[{"count":2,"href":"https:\/\/goias.gov.br\/economia\/wp-json\/wp\/v2\/pages\/19260\/revisions"}],"predecessor-version":[{"id":436606,"href":"https:\/\/goias.gov.br\/economia\/wp-json\/wp\/v2\/pages\/19260\/revisions\/436606"}],"wp:attachment":[{"href":"https:\/\/goias.gov.br\/economia\/wp-json\/wp\/v2\/media?parent=19260"}],"curies":[{"name":"wp","href":"https:\/\/api.w.org\/{rel}","templated":true}]}}