

{"id":19259,"date":"2023-06-28T06:52:50","date_gmt":"2023-06-28T09:52:50","guid":{"rendered":"https:\/\/wwwdesenv.joomlamultidesenv.go.gov.br\/economia\/?page_id=9643"},"modified":"2026-02-26T10:58:07","modified_gmt":"2026-02-26T13:58:07","slug":"arrecadacao-estadual","status":"publish","type":"page","link":"https:\/\/goias.gov.br\/economia\/arrecadacao-estadual\/","title":{"rendered":"Arrecada\u00e7\u00e3o Estadual"},"content":{"rendered":"\t\t<div data-elementor-type=\"wp-page\" data-elementor-id=\"19259\" class=\"elementor elementor-19259\">\n\t\t\t\t<div class=\"elementor-element elementor-element-d736346 e-flex e-con-boxed e-con e-parent\" data-id=\"d736346\" data-element_type=\"container\" data-e-type=\"container\">\n\t\t\t\t\t<div class=\"e-con-inner\">\n\t\t\t\t<div class=\"elementor-element elementor-element-447919f elementor-widget elementor-widget-heading\" data-id=\"447919f\" data-element_type=\"widget\" data-e-type=\"widget\" data-widget_type=\"heading.default\">\n\t\t\t\t\t<h1 class=\"elementor-heading-title elementor-size-default\">Arrecada\u00e7\u00e3o Estadual<\/h1>\t\t\t\t<\/div>\n\t\t\t\t<div class=\"elementor-element elementor-element-41a7883 elementor-widget elementor-widget-text-editor\" data-id=\"41a7883\" data-element_type=\"widget\" data-e-type=\"widget\" data-widget_type=\"text-editor.default\">\n\t\t\t\t\t\t\t\t\t<p>O painel interativo abaixo permite visualizar as informa\u00e7\u00f5es relativas \u00e0 arrecada\u00e7\u00e3o estadual, anual e mensal, bem como a evolu\u00e7\u00e3o e compara\u00e7\u00e3o da mesma. Para tanto, est\u00e3o dispon\u00edveis filtros por per\u00edodo, munic\u00edpio, tipo de receita e atividade econ\u00f4mica. No painel, s\u00e3o apresentados os valores nominais e corrigidos do ICMS, IPVA, ITCD, Outras Receitas, Outros Tributos e PROTEGE. \u00c9 poss\u00edvel acessar informa\u00e7\u00f5es relativas \u00e0s transfer\u00eancias governamentais nos demonstrativos.<\/p>\t\t\t\t\t\t\t\t<\/div>\n\t\t\t\t<div class=\"elementor-element elementor-element-063f9af elementor-align-center elementor-widget elementor-widget-button\" data-id=\"063f9af\" data-element_type=\"widget\" data-e-type=\"widget\" data-widget_type=\"button.default\">\n\t\t\t\t\t\t\t\t\t\t<a class=\"elementor-button elementor-button-link elementor-size-sm\" href=\"https:\/\/app.powerbi.com\/view?r=eyJrIjoiZjExMjY5ZDMtNTkyMy00MDVjLWEyZjAtY2FiMDA4MDYwZjM3IiwidCI6ImIzZDE4N2Y0LWE2NzEtNDQ5Yy04MDYxLTM5ZjEzNTQxYzgxNyJ9\" target=\"_blank\">\n\t\t\t\t\t\t<span class=\"elementor-button-content-wrapper\">\n\t\t\t\t\t\t\t\t\t<span class=\"elementor-button-text\">Painel de Arrecada\u00e7\u00e3o Estadual<\/span>\n\t\t\t\t\t<\/span>\n\t\t\t\t\t<\/a>\n\t\t\t\t\t\t\t\t<\/div>\n\t\t\t\t\t<\/div>\n\t\t\t\t<\/div>\n\t\t<div class=\"elementor-element elementor-element-2118798 e-flex e-con-boxed e-con e-parent\" data-id=\"2118798\" data-element_type=\"container\" data-e-type=\"container\">\n\t\t\t\t\t<div class=\"e-con-inner\">\n\t\t\t\t<div class=\"elementor-element elementor-element-434365a elementor-widget elementor-widget-text-editor\" data-id=\"434365a\" data-element_type=\"widget\" data-e-type=\"widget\" data-widget_type=\"text-editor.default\">\n\t\t\t\t\t\t\t\t\t<p><span data-olk-copy-source=\"MessageBody\">\u00c9 importante observar que as informa\u00e7\u00f5es constantes nos pain\u00e9is (dashboards) de arrecada\u00e7\u00e3o, apresentam leves diverg\u00eancias em rela\u00e7\u00e3o aos dados posteriormente contabilizados. Estas diverg\u00eancias ocorrem porque os dados apresentados antecedem eventuais ajustes cont\u00e1beis realizados posteriormente, como estornos, valores ressarcidos\/restitu\u00eddos, incorre\u00e7\u00f5es de lan\u00e7amentos banc\u00e1rios, entre outros.<\/span><\/p><p><span data-olk-copy-source=\"MessageBody\">Eventuais diverg\u00eancias com os dados cont\u00e1beis n\u00e3o desqualificam a utiliza\u00e7\u00e3o dos pain\u00e9is interativos disponibilizados pela Economia para fins de an\u00e1lise da arrecada\u00e7\u00e3o. Tais Pain\u00e9is fornecem ao usu\u00e1rio quadros estat\u00edsticos e hist\u00f3ricos, conectados com a entrada quase imediata de recursos ao er\u00e1rio, em conformidade com o objetivo de transpar\u00eancia da Secretaria da Economia do Estado\u00a0de\u00a0Goi\u00e1s.<\/span><\/p><p>A Secretaria de Estado da Economia \u00e9 respons\u00e1vel, primordialmente, pela arrecada\u00e7\u00e3o de tributos e taxas estaduais, e tamb\u00e9m pelo repasse de recursos destinados ao sustento da m\u00e1quina p\u00fablica, bem como as obriga\u00e7\u00f5es p\u00fablicas estaduais estabelecidas pela Constitui\u00e7\u00e3o Federal de 1988 e Constitui\u00e7\u00e3o Estadual, como os repasses ao Poder Legislativo e Poder Judici\u00e1rio, al\u00e9m da Defensoria P\u00fablica do Estado de Goi\u00e1s (DPE-GO) e Minist\u00e9rio P\u00fablico Estadual de Goi\u00e1s (MP-GO). Os principais tributos arrecadados pela Secretaria da Economia s\u00e3o:<\/p><ul><li><a href=\"\/economia\/icms\/\" target=\"\\\" rel=\"\\\">ICMS<\/a><\/li><li><a href=\"\/economia\/itcd\/\" target=\"\\\" rel=\"\\\">ITCD<\/a><\/li><li><a href=\"\/economia\/ipva\/\" target=\"\\\" rel=\"\\\">IPVA<\/a><\/li><\/ul><p>Com o dinheiro arrecadado com os tributos o Governo do Estado de Goi\u00e1s mant\u00e9m a estrutura f\u00edsica e operacional do Executivo Estadual de atendimento ao cidad\u00e3o, faz os pagamentos dos servidores p\u00fablicos e do servi\u00e7o da d\u00edvida p\u00fablica. \u00c9 com esse recurso que s\u00e3o mantidos:<\/p><ul><li>hospitais<\/li><li>escolas<\/li><li>creches<\/li><li>seguran\u00e7a p\u00fablica<\/li><li>programas sociais<\/li><li>programas de incentivo \u00e0 industrializa\u00e7\u00e3o do Estado, ao agroneg\u00f3cio e ao empreendedorismo<\/li><li>incentivo \u00e0 cultura, ao esporte e ao lazer<\/li><li>al\u00e9m da execu\u00e7\u00e3o de obras de infraestrutura\u00a0<\/li><\/ul>\t\t\t\t\t\t\t\t<\/div>\n\t\t\t\t\t<\/div>\n\t\t\t\t<\/div>\n\t\t\t\t<\/div>\n\t\t","protected":false},"excerpt":{"rendered":"<p>Arrecada\u00e7\u00e3o Estadual O painel interativo abaixo permite visualizar as informa\u00e7\u00f5es relativas \u00e0 arrecada\u00e7\u00e3o estadual, anual e mensal, bem como a evolu\u00e7\u00e3o e compara\u00e7\u00e3o da mesma. Para tanto, est\u00e3o dispon\u00edveis filtros por per\u00edodo, munic\u00edpio, tipo de receita e atividade econ\u00f4mica. No painel, s\u00e3o apresentados os valores nominais e corrigidos do ICMS, IPVA, ITCD, Outras Receitas, Outros [&hellip;]<\/p>\n","protected":false},"author":1,"featured_media":0,"parent":0,"menu_order":0,"comment_status":"closed","ping_status":"closed","template":"wppb_theme_template","meta":{"footnotes":""},"class_list":["post-19259","page","type-page","status-publish","hentry"],"rttpg_featured_image_url":null,"rttpg_author":{"display_name":"wagner.viana","author_link":"https:\/\/goias.gov.br\/economia\/author\/wagner-viana\/"},"rttpg_comment":0,"rttpg_category":null,"rttpg_excerpt":"Arrecada\u00e7\u00e3o Estadual O painel interativo abaixo permite visualizar as informa\u00e7\u00f5es relativas \u00e0 arrecada\u00e7\u00e3o estadual, anual e mensal, bem como a evolu\u00e7\u00e3o e compara\u00e7\u00e3o da mesma. Para tanto, est\u00e3o dispon\u00edveis filtros por per\u00edodo, munic\u00edpio, tipo de receita e atividade econ\u00f4mica. No painel, s\u00e3o apresentados os valores nominais e corrigidos do ICMS, IPVA, ITCD, Outras Receitas, Outros&hellip;","_links":{"self":[{"href":"https:\/\/goias.gov.br\/economia\/wp-json\/wp\/v2\/pages\/19259","targetHints":{"allow":["GET"]}}],"collection":[{"href":"https:\/\/goias.gov.br\/economia\/wp-json\/wp\/v2\/pages"}],"about":[{"href":"https:\/\/goias.gov.br\/economia\/wp-json\/wp\/v2\/types\/page"}],"author":[{"embeddable":true,"href":"https:\/\/goias.gov.br\/economia\/wp-json\/wp\/v2\/users\/1"}],"replies":[{"embeddable":true,"href":"https:\/\/goias.gov.br\/economia\/wp-json\/wp\/v2\/comments?post=19259"}],"version-history":[{"count":3,"href":"https:\/\/goias.gov.br\/economia\/wp-json\/wp\/v2\/pages\/19259\/revisions"}],"predecessor-version":[{"id":415272,"href":"https:\/\/goias.gov.br\/economia\/wp-json\/wp\/v2\/pages\/19259\/revisions\/415272"}],"wp:attachment":[{"href":"https:\/\/goias.gov.br\/economia\/wp-json\/wp\/v2\/media?parent=19259"}],"curies":[{"name":"wp","href":"https:\/\/api.w.org\/{rel}","templated":true}]}}