

{"id":268978,"date":"2024-12-03T07:01:48","date_gmt":"2024-12-03T10:01:48","guid":{"rendered":"https:\/\/goias.gov.br\/detran\/?page_id=268978"},"modified":"2026-01-22T15:03:28","modified_gmt":"2026-01-22T18:03:28","slug":"cei-fernanda-reis","status":"publish","type":"page","link":"https:\/\/goias.gov.br\/detran\/cei-fernanda-reis\/","title":{"rendered":"CEI Fernanda Reis"},"content":{"rendered":"\t\t<div data-elementor-type=\"wp-page\" data-elementor-id=\"268978\" class=\"elementor elementor-268978\">\n\t\t\t\t<div class=\"elementor-element elementor-element-1aaa15b e-flex e-con-boxed e-con e-parent\" data-id=\"1aaa15b\" data-element_type=\"container\" data-e-type=\"container\">\n\t\t\t\t\t<div class=\"e-con-inner\">\n\t\t\t\t<div class=\"elementor-element elementor-element-bdefeb6 elementor-widget elementor-widget-image\" data-id=\"bdefeb6\" data-element_type=\"widget\" data-e-type=\"widget\" data-widget_type=\"image.default\">\n\t\t\t\t\t\t\t\t\t\t\t\t\t\t\t<img decoding=\"async\" src=\"https:\/\/goias.gov.br\/detran\/wp-content\/uploads\/sites\/8\/2024\/11\/CEI-Fernanda-Reis-Detran-06-2.jpg\" title=\"\" alt=\"\" loading=\"lazy\" \/>\t\t\t\t\t\t\t\t\t\t\t\t\t\t\t<\/div>\n\t\t\t\t<div class=\"elementor-element elementor-element-f9f324b elementor-widget elementor-widget-text-editor\" data-id=\"f9f324b\" data-element_type=\"widget\" data-e-type=\"widget\" data-widget_type=\"text-editor.default\">\n\t\t\t\t\t\t\t\t\t<p>O DETRAN\/GO (Departamento Estadual de Tr\u00e2nsito de Goi\u00e1s) foi pioneiro, no \u00e2mbito da Administra\u00e7\u00e3o Estadual, em criar uma creche especialmente para acolher os filhos de seus servidores. Assim, a implementa\u00e7\u00e3o da referida unidade, nos idos de 1990, veio satisfazer os anseios dos servidores que possu\u00edam dificuldades em encontrar locais adequados e seguros para deixar as crian\u00e7as, n\u00e3o sendo raros aqueles que traziam os filhos menores consigo durante o expediente.<\/p><p>A creche do DETRAN foi inaugurada em 20 de novembro de 1990, h\u00e1 33 anos, com o intuito \u00fanico de beneficiar os servidores do \u00f3rg\u00e3o (efetivos, comissionados e \u00e0 disposi\u00e7\u00e3o). Nesse sentido, desde ent\u00e3o, os dependentes desses servidores, atualmente atendemos 30 crian\u00e7as, (com idade de seis meses a quatro anos) que s\u00e3o cuidadas em seus aspectos f\u00edsicos, psicol\u00f3gicos, nutricionais e sociais.<\/p><div class=\"n2-ss-layer n2-ow n-uc-19e901d3ae1e2\" data-pm=\"default\" data-sstype=\"col\"><div class=\"n2-ss-layer-col n2-ss-layer-with-background n2-ss-layer-content n-uc-19e901d3ae1e2-inner\"><div class=\"n2-ss-layer n2-ow n-uc-1271782b77e13\" data-pm=\"normal\" data-sstype=\"layer\"><div id=\"n2-ss-21item3\" class=\"n2-font-c5a36cc24d4092b80541367d4d7b8c83-hover n2-ss-item-content n2-ss-text n2-ow\"><strong>Um lugar de acolhimento para as crian\u00e7as se sentirem \u00e0 vontade e felizes<\/strong><\/div><div>\u00a0<\/div><\/div><\/div><\/div><div class=\"n2-ss-layer n2-ow n-uc-100fac38bab17\" data-pm=\"default\" data-sstype=\"col\"><div class=\"n2-ss-layer-col n2-ss-layer-with-background n2-ss-layer-content n-uc-100fac38bab17-inner\"><div class=\"n2-ss-layer n2-ow n-uc-187c91129de42\" data-pm=\"normal\" data-sstype=\"layer\"><div id=\"n2-ss-21item4\" class=\"n2-font-06213bbe8529f88998b81219991571b9-hover n2-ss-item-content n2-ss-text n2-ow\">Nossa miss\u00e3o \u00e9 cuidar, educar e acompanhar as crian\u00e7as nas atividades. Promover de maneira l\u00fadica, a educa\u00e7\u00e3o infantil, estimulando o desenvolvimento emocional, social e pedag\u00f3gico das mesmas, al\u00e9m de acolher, interagir e atender com excel\u00eancia.<\/div><div>\u00a0<\/div><div><div class=\"n2-ss-layer n2-ow n-uc-FAE8Qcp1PnHr\" data-pm=\"normal\" data-sstype=\"layer\"><div id=\"n2-ss-21item6\" class=\" n2-ss-item-content n2-ss-text n2-ow\"><strong>Regimento Escolar<\/strong><\/div><div>\u00a0<\/div><div>O Regimento Escolar tem como objetivo garantir a organiza\u00e7\u00e3o e o bom funcionamento da institui\u00e7\u00e3o, estabelecendo normas e condutas que promovem o respeito m\u00fatuo, a disciplina e o ambiente de aprendizado.\u00a0<\/div><\/div><\/div><\/div><\/div><\/div>\t\t\t\t\t\t\t\t<\/div>\n\t\t\t\t<div class=\"elementor-element elementor-element-5dc8be3 elementor-tablet-align-center elementor-mobile-align-center elementor-widget elementor-widget-button\" data-id=\"5dc8be3\" data-element_type=\"widget\" data-e-type=\"widget\" data-widget_type=\"button.default\">\n\t\t\t\t\t\t\t\t\t\t<a class=\"elementor-button elementor-button-link elementor-size-sm\" href=\"https:\/\/goias.gov.br\/detran\/wp-content\/uploads\/sites\/8\/2024\/09\/regimento-escolar-atualizado-2024.pdf\" target=\"_blank\">\n\t\t\t\t\t\t<span class=\"elementor-button-content-wrapper\">\n\t\t\t\t\t\t\t\t\t<span class=\"elementor-button-text\">Acesse o Regimento Escolar<\/span>\n\t\t\t\t\t<\/span>\n\t\t\t\t\t<\/a>\n\t\t\t\t\t\t\t\t<\/div>\n\t\t\t\t<div class=\"elementor-element elementor-element-972ba46 elementor-widget elementor-widget-text-editor\" data-id=\"972ba46\" data-element_type=\"widget\" data-e-type=\"widget\" data-widget_type=\"text-editor.default\">\n\t\t\t\t\t\t\t\t\t<p><strong>Projeto Pol\u00edtico Pedag\u00f3gico<\/strong><\/p><p>O Projeto Pol\u00edtico Pedag\u00f3gico (PPP) \u00e9 respaldado na Legisla\u00e7\u00e3o Educacional que se encontra em vigor, exercendo um empenho de toda comunidade escolar, no sentido de reconhecer a import\u00e2ncia das experi\u00eancias vivenciadas de uma educa\u00e7\u00e3o democr\u00e1tica de qualidade, com objetivo de romper barreiras de limita\u00e7\u00f5es existentes historicamente constru\u00eddas para o exerc\u00edcio da cidadania.<\/p>\t\t\t\t\t\t\t\t<\/div>\n\t\t\t\t<div class=\"elementor-element elementor-element-a86b34c elementor-tablet-align-center elementor-mobile-align-center elementor-widget elementor-widget-button\" data-id=\"a86b34c\" data-element_type=\"widget\" data-e-type=\"widget\" data-widget_type=\"button.default\">\n\t\t\t\t\t\t\t\t\t\t<a class=\"elementor-button elementor-button-link elementor-size-sm\" href=\"\/detran\/wp-content\/uploads\/sites\/8\/2024\/09\/ppp-creche-fernanda-reis-2024.pdf\" target=\"_blank\">\n\t\t\t\t\t\t<span class=\"elementor-button-content-wrapper\">\n\t\t\t\t\t\t\t\t\t<span class=\"elementor-button-text\">Acesse o Projeto Pol\u00edtico Pedag\u00f3gico<\/span>\n\t\t\t\t\t<\/span>\n\t\t\t\t\t<\/a>\n\t\t\t\t\t\t\t\t<\/div>\n\t\t\t\t<div class=\"elementor-element elementor-element-594a84c elementor-widget elementor-widget-text-editor\" data-id=\"594a84c\" data-element_type=\"widget\" data-e-type=\"widget\" data-widget_type=\"text-editor.default\">\n\t\t\t\t\t\t\t\t\t<p><strong>Contatos:<\/strong><\/p><p>(62) 3272-8127<\/p><p>Para mais informa\u00e7\u00f5es, entre em contato com nossos\u00a0<a href=\"https:\/\/goias.gov.br\/detran\/canais-de-atendimento\">canais de atendimento<\/a>\u00a0e para servi\u00e7os do Detran, acesse tamb\u00e9m o\u00a0<a href=\"https:\/\/www.go.gov.br\/servicos\/servicos-por-orgao\/departamento-estadual-de-transito\" target=\"_blank\" rel=\"noopener\">expresso<\/a>.<\/p><div class=\"wp-block-image\">\u00a0<\/div>\t\t\t\t\t\t\t\t<\/div>\n\t\t\t\t\t<\/div>\n\t\t\t\t<\/div>\n\t\t<div class=\"elementor-element elementor-element-0cc0389 e-flex e-con-boxed e-con e-parent\" data-id=\"0cc0389\" data-element_type=\"container\" data-e-type=\"container\">\n\t\t\t\t\t<div class=\"e-con-inner\">\n\t\t\t\t\t<\/div>\n\t\t\t\t<\/div>\n\t\t\t\t<\/div>\n\t\t","protected":false},"excerpt":{"rendered":"<p>O DETRAN\/GO (Departamento Estadual de Tr\u00e2nsito de Goi\u00e1s) foi pioneiro, no \u00e2mbito da Administra\u00e7\u00e3o Estadual, em criar uma creche especialmente para acolher os filhos de seus servidores. Assim, a implementa\u00e7\u00e3o da referida unidade, nos idos de 1990, veio satisfazer os anseios dos servidores que possu\u00edam dificuldades em encontrar locais adequados e seguros para deixar as [&hellip;]<\/p>\n","protected":false},"author":39,"featured_media":0,"parent":0,"menu_order":0,"comment_status":"closed","ping_status":"closed","template":"","meta":{"footnotes":"","_links_to":"","_links_to_target":""},"class_list":["post-268978","page","type-page","status-publish","hentry"],"rttpg_featured_image_url":null,"rttpg_author":{"display_name":"matheuspires","author_link":"https:\/\/goias.gov.br\/detran\/author\/matheusbp\/"},"rttpg_comment":0,"rttpg_category":null,"rttpg_excerpt":"O DETRAN\/GO (Departamento Estadual de Tr\u00e2nsito de Goi\u00e1s) foi pioneiro, no \u00e2mbito da Administra\u00e7\u00e3o Estadual, em criar uma creche especialmente para acolher os filhos de seus servidores. Assim, a implementa\u00e7\u00e3o da referida unidade, nos idos de 1990, veio satisfazer os anseios dos servidores que possu\u00edam dificuldades em encontrar locais adequados e seguros para deixar as&hellip;","_links":{"self":[{"href":"https:\/\/goias.gov.br\/detran\/wp-json\/wp\/v2\/pages\/268978","targetHints":{"allow":["GET"]}}],"collection":[{"href":"https:\/\/goias.gov.br\/detran\/wp-json\/wp\/v2\/pages"}],"about":[{"href":"https:\/\/goias.gov.br\/detran\/wp-json\/wp\/v2\/types\/page"}],"author":[{"embeddable":true,"href":"https:\/\/goias.gov.br\/detran\/wp-json\/wp\/v2\/users\/39"}],"replies":[{"embeddable":true,"href":"https:\/\/goias.gov.br\/detran\/wp-json\/wp\/v2\/comments?post=268978"}],"version-history":[{"count":2,"href":"https:\/\/goias.gov.br\/detran\/wp-json\/wp\/v2\/pages\/268978\/revisions"}],"predecessor-version":[{"id":364231,"href":"https:\/\/goias.gov.br\/detran\/wp-json\/wp\/v2\/pages\/268978\/revisions\/364231"}],"wp:attachment":[{"href":"https:\/\/goias.gov.br\/detran\/wp-json\/wp\/v2\/media?parent=268978"}],"curies":[{"name":"wp","href":"https:\/\/api.w.org\/{rel}","templated":true}]}}

<div data-elementor-type="wp-page" data-elementor-id="268978" class="elementor elementor-268978">
				<div class="elementor-element elementor-element-1aaa15b e-flex e-con-boxed e-con e-parent" data-id="1aaa15b" data-element_type="container" data-e-type="container">
					<div class="e-con-inner">
				<div class="elementor-element elementor-element-bdefeb6 elementor-widget elementor-widget-image" data-id="bdefeb6" data-element_type="widget" data-e-type="widget" data-widget_type="image.default">
															<img decoding="async" src="https://goias.gov.br/detran/wp-content/uploads/sites/8/2024/11/CEI-Fernanda-Reis-Detran-06-2.jpg" title="" alt="" loading="lazy" />															</div>
				<div class="elementor-element elementor-element-f9f324b elementor-widget elementor-widget-text-editor" data-id="f9f324b" data-element_type="widget" data-e-type="widget" data-widget_type="text-editor.default">
									<p>O DETRAN/GO (Departamento Estadual de Trânsito de Goiás) foi pioneiro, no âmbito da Administração Estadual, em criar uma creche especialmente para acolher os filhos de seus servidores. Assim, a implementação da referida unidade, nos idos de 1990, veio satisfazer os anseios dos servidores que possuíam dificuldades em encontrar locais adequados e seguros para deixar as crianças, não sendo raros aqueles que traziam os filhos menores consigo durante o expediente.</p><p>A creche do DETRAN foi inaugurada em 20 de novembro de 1990, há 33 anos, com o intuito único de beneficiar os servidores do órgão (efetivos, comissionados e à disposição). Nesse sentido, desde então, os dependentes desses servidores, atualmente atendemos 30 crianças, (com idade de seis meses a quatro anos) que são cuidadas em seus aspectos físicos, psicológicos, nutricionais e sociais.</p><div class="n2-ss-layer n2-ow n-uc-19e901d3ae1e2" data-pm="default" data-sstype="col"><div class="n2-ss-layer-col n2-ss-layer-with-background n2-ss-layer-content n-uc-19e901d3ae1e2-inner"><div class="n2-ss-layer n2-ow n-uc-1271782b77e13" data-pm="normal" data-sstype="layer"><div id="n2-ss-21item3" class="n2-font-c5a36cc24d4092b80541367d4d7b8c83-hover n2-ss-item-content n2-ss-text n2-ow"><strong>Um lugar de acolhimento para as crianças se sentirem à vontade e felizes</strong></div><div> </div></div></div></div><div class="n2-ss-layer n2-ow n-uc-100fac38bab17" data-pm="default" data-sstype="col"><div class="n2-ss-layer-col n2-ss-layer-with-background n2-ss-layer-content n-uc-100fac38bab17-inner"><div class="n2-ss-layer n2-ow n-uc-187c91129de42" data-pm="normal" data-sstype="layer"><div id="n2-ss-21item4" class="n2-font-06213bbe8529f88998b81219991571b9-hover n2-ss-item-content n2-ss-text n2-ow">Nossa missão é cuidar, educar e acompanhar as crianças nas atividades. Promover de maneira lúdica, a educação infantil, estimulando o desenvolvimento emocional, social e pedagógico das mesmas, além de acolher, interagir e atender com excelência.</div><div> </div><div><div class="n2-ss-layer n2-ow n-uc-FAE8Qcp1PnHr" data-pm="normal" data-sstype="layer"><div id="n2-ss-21item6" class=" n2-ss-item-content n2-ss-text n2-ow"><strong>Regimento Escolar</strong></div><div> </div><div>O Regimento Escolar tem como objetivo garantir a organização e o bom funcionamento da instituição, estabelecendo normas e condutas que promovem o respeito mútuo, a disciplina e o ambiente de aprendizado. </div></div></div></div></div></div>								</div>
				<div class="elementor-element elementor-element-5dc8be3 elementor-tablet-align-center elementor-mobile-align-center elementor-widget elementor-widget-button" data-id="5dc8be3" data-element_type="widget" data-e-type="widget" data-widget_type="button.default">
										<a class="elementor-button elementor-button-link elementor-size-sm" href="https://goias.gov.br/detran/wp-content/uploads/sites/8/2024/09/regimento-escolar-atualizado-2024.pdf" target="_blank">
						<span class="elementor-button-content-wrapper">
									<span class="elementor-button-text">Acesse o Regimento Escolar</span>
					</span>
					</a>
								</div>
				<div class="elementor-element elementor-element-972ba46 elementor-widget elementor-widget-text-editor" data-id="972ba46" data-element_type="widget" data-e-type="widget" data-widget_type="text-editor.default">
									<p><strong>Projeto Político Pedagógico</strong></p><p>O Projeto Político Pedagógico (PPP) é respaldado na Legislação Educacional que se encontra em vigor, exercendo um empenho de toda comunidade escolar, no sentido de reconhecer a importância das experiências vivenciadas de uma educação democrática de qualidade, com objetivo de romper barreiras de limitações existentes historicamente construídas para o exercício da cidadania.</p>								</div>
				<div class="elementor-element elementor-element-a86b34c elementor-tablet-align-center elementor-mobile-align-center elementor-widget elementor-widget-button" data-id="a86b34c" data-element_type="widget" data-e-type="widget" data-widget_type="button.default">
										<a class="elementor-button elementor-button-link elementor-size-sm" href="/detran/wp-content/uploads/sites/8/2024/09/ppp-creche-fernanda-reis-2024.pdf" target="_blank">
						<span class="elementor-button-content-wrapper">
									<span class="elementor-button-text">Acesse o Projeto Político Pedagógico</span>
					</span>
					</a>
								</div>
				<div class="elementor-element elementor-element-594a84c elementor-widget elementor-widget-text-editor" data-id="594a84c" data-element_type="widget" data-e-type="widget" data-widget_type="text-editor.default">
									<p><strong>Contatos:</strong></p><p>(62) 3272-8127</p><p>Para mais informações, entre em contato com nossos <a href="https://goias.gov.br/detran/canais-de-atendimento">canais de atendimento</a> e para serviços do Detran, acesse também o <a href="https://www.go.gov.br/servicos/servicos-por-orgao/departamento-estadual-de-transito" target="_blank" rel="noopener">expresso</a>.</p><div class="wp-block-image"> </div>								</div>
					</div>
				</div>
		<div class="elementor-element elementor-element-0cc0389 e-flex e-con-boxed e-con e-parent" data-id="0cc0389" data-element_type="container" data-e-type="container">
					<div class="e-con-inner">
					</div>
				</div>
				</div>

<p>O DETRAN/GO (Departamento Estadual de Trânsito de Goiás) foi pioneiro, no âmbito da Administração Estadual, em criar uma creche especialmente para acolher os filhos de seus servidores. Assim, a implementação da referida unidade, nos idos de 1990, veio satisfazer os anseios dos servidores que possuíam dificuldades em encontrar locais adequados e seguros para deixar as [&hellip;]</p>

O DETRAN/GO (Departamento Estadual de Trânsito de Goiás) foi pioneiro, no âmbito da Administração Estadual, em criar uma creche especialmente para acolher os filhos de seus servidores. Assim, a implementação da referida unidade, nos idos de 1990, veio satisfazer os anseios dos servidores que possuíam dificuldades em encontrar locais adequados e seguros para deixar as&hellip;
