

{"id":42456,"date":"2024-09-12T16:34:19","date_gmt":"2024-09-12T19:34:19","guid":{"rendered":"https:\/\/goias.gov.br\/cultura\/?page_id=42456"},"modified":"2024-09-12T16:34:19","modified_gmt":"2024-09-12T19:34:19","slug":"gestao-do-fac","status":"publish","type":"page","link":"https:\/\/goias.gov.br\/cultura\/fundo-de-arte-e-cultura\/gestao-do-fac\/","title":{"rendered":"Gest\u00e3o do Fac"},"content":{"rendered":"\n<p>Governador do Estado de Goi\u00e1s<\/p>\n\n\n\n<p><strong>Ronaldo Ramos Caiado<\/strong><\/p>\n\n\n\n<p>Secret\u00e1ria de Estado da Cultura<\/p>\n\n\n\n<p><strong>Yara Nunes&nbsp;<\/strong><\/p>\n\n\n\n<p>Superintend\u00eancia de Fomento e Gest\u00e3o Cultural<\/p>\n\n\n\n<p><strong>Raissa Coutinho David<\/strong><\/p>\n\n\n\n<p>Chefe de Comunica\u00e7\u00e3o Setorial&nbsp;<\/p>\n\n\n\n<p><strong>Thais de Melo Lobo<\/strong><\/p>\n\n\n\n<p>Ger\u00eancia de Editais de Arte e Cultura<\/p>\n\n\n\n<p><strong>Sacha Eduardo Witkowski Ribeiro de Mello<\/strong><\/p>\n\n\n\n<p>Equipe:<br><strong>Lorena Olga Teixeira Alvarenga<br>Maria Luiza Peixoto Crispim<br>Renildo Antonio Mendes<\/strong><\/p>\n","protected":false},"excerpt":{"rendered":"<p>Governador do Estado de Goi\u00e1s Ronaldo Ramos Caiado Secret\u00e1ria de Estado da Cultura Yara Nunes&nbsp; Superintend\u00eancia de Fomento e Gest\u00e3o Cultural Raissa Coutinho David Chefe de Comunica\u00e7\u00e3o Setorial&nbsp; Thais de Melo Lobo Ger\u00eancia de Editais de Arte e Cultura Sacha Eduardo Witkowski Ribeiro de Mello Equipe:Lorena Olga Teixeira AlvarengaMaria Luiza Peixoto CrispimRenildo Antonio Mendes<\/p>\n","protected":false},"author":561,"featured_media":0,"parent":37801,"menu_order":0,"comment_status":"closed","ping_status":"closed","template":"","meta":{"footnotes":""},"class_list":["post-42456","page","type-page","status-publish","hentry"],"rttpg_featured_image_url":null,"rttpg_author":{"display_name":"denisebastos","author_link":"https:\/\/goias.gov.br\/cultura\/author\/denisebastos\/"},"rttpg_comment":0,"rttpg_category":null,"rttpg_excerpt":"Governador do Estado de Goi\u00e1s Ronaldo Ramos Caiado Secret\u00e1ria de Estado da Cultura Yara Nunes&nbsp; Superintend\u00eancia de Fomento e Gest\u00e3o Cultural Raissa Coutinho David Chefe de Comunica\u00e7\u00e3o Setorial&nbsp; Thais de Melo Lobo Ger\u00eancia de Editais de Arte e Cultura Sacha Eduardo Witkowski Ribeiro de Mello Equipe:Lorena Olga Teixeira AlvarengaMaria Luiza Peixoto CrispimRenildo Antonio Mendes","_links":{"self":[{"href":"https:\/\/goias.gov.br\/cultura\/wp-json\/wp\/v2\/pages\/42456","targetHints":{"allow":["GET"]}}],"collection":[{"href":"https:\/\/goias.gov.br\/cultura\/wp-json\/wp\/v2\/pages"}],"about":[{"href":"https:\/\/goias.gov.br\/cultura\/wp-json\/wp\/v2\/types\/page"}],"author":[{"embeddable":true,"href":"https:\/\/goias.gov.br\/cultura\/wp-json\/wp\/v2\/users\/561"}],"replies":[{"embeddable":true,"href":"https:\/\/goias.gov.br\/cultura\/wp-json\/wp\/v2\/comments?post=42456"}],"version-history":[{"count":1,"href":"https:\/\/goias.gov.br\/cultura\/wp-json\/wp\/v2\/pages\/42456\/revisions"}],"predecessor-version":[{"id":42464,"href":"https:\/\/goias.gov.br\/cultura\/wp-json\/wp\/v2\/pages\/42456\/revisions\/42464"}],"up":[{"embeddable":true,"href":"https:\/\/goias.gov.br\/cultura\/wp-json\/wp\/v2\/pages\/37801"}],"wp:attachment":[{"href":"https:\/\/goias.gov.br\/cultura\/wp-json\/wp\/v2\/media?parent=42456"}],"curies":[{"name":"wp","href":"https:\/\/api.w.org\/{rel}","templated":true}]}}