

{"id":42409,"date":"2024-09-11T15:00:43","date_gmt":"2024-09-11T18:00:43","guid":{"rendered":"https:\/\/goias.gov.br\/cultura\/?page_id=42409"},"modified":"2025-12-01T10:43:17","modified_gmt":"2025-12-01T13:43:17","slug":"sobre-o-fac","status":"publish","type":"page","link":"https:\/\/goias.gov.br\/cultura\/fundo-de-arte-e-cultura\/sobre-o-fac\/","title":{"rendered":"Sobre o FAC"},"content":{"rendered":"\t\t<div data-elementor-type=\"wp-page\" data-elementor-id=\"42409\" class=\"elementor elementor-42409\">\n\t\t\t\t<div class=\"elementor-element elementor-element-d1b8253 e-flex e-con-boxed e-con e-parent\" data-id=\"d1b8253\" data-element_type=\"container\" data-e-type=\"container\">\n\t\t\t\t\t<div class=\"e-con-inner\">\n\t\t\t\t<div class=\"elementor-element elementor-element-6f1b4e7 elementor-widget elementor-widget-text-editor\" data-id=\"6f1b4e7\" data-element_type=\"widget\" data-e-type=\"widget\" data-widget_type=\"text-editor.default\">\n\t\t\t\t<div class=\"elementor-widget-container\">\n\t\t\t\t\t\t\t\t\t<p>O Governo de Goi\u00e1s tem o compromisso de contribuir com o fomento das artes em todos os munic\u00edpios goianos. O Fundo de Arte e Cultura \u00e9 um dos principais mecanismos de fomento e difus\u00e3o da produ\u00e7\u00e3o cultural do Estado e permite um grande avan\u00e7o na cultura regional, tornando-a mais democr\u00e1tica e plural.<\/p><p>Por meio de editais de sele\u00e7\u00e3o p\u00fablica, lan\u00e7ados anualmente, o Fundo Cultural possibilita que artistas, grupos e coletivos, produtores culturais e prefeituras recebam recursos diretamente do Governo do Estado para realizarem projetos, nas mais diversas linguagens art\u00edsticas e \u00e1reas culturais, levando o nome de Goi\u00e1s a diversos pa\u00edses, estados e cidades do Brasil. Os Editais do FAC tamb\u00e9m investem em novos artistas, jovens e estudantes goianos das variadas forma\u00e7\u00f5es art\u00edsticas.<\/p><p>O FAC apoia a cria\u00e7\u00e3o e circula\u00e7\u00e3o de atividades art\u00edsticas ou culturais por meio de financiamento p\u00fablico. Os proponentes podem inscrever os projetos por meio da plataforma Mapa Goiano (mapagoiano.cultura.go.gov.br). Ap\u00f3s as inscri\u00e7\u00f5es, ocorre a an\u00e1lise das propostas pelo Conselho Estadual de Cultura, garantindo assim que projetos com relev\u00e2ncia social sejam selecionados. A uni\u00e3o entre o governo e a sociedade civil traz legitimidade e transpar\u00eancia na sele\u00e7\u00e3o de projetos, possibilitando a democratiza\u00e7\u00e3o do acesso aos recursos p\u00fablicos, com benef\u00edcios \u00e0 cadeia produtiva da cultura.<\/p><p>O Fundo de Arte e Cultura foi criado em 2006, atrav\u00e9s da Lei 15.633 e regulamentado em 2012. Tem or\u00e7amento pr\u00f3prio, vinculado e estipulado em lei que \u00e9 de at\u00e9 0,5% da arrecada\u00e7\u00e3o l\u00edquida do Estado.<\/p><p>Desde que foi criado, o Fundo de Cultura j\u00e1 injetou mais de R$ 118 milh\u00f5es na economia goiana por meio do financiamento de projetos culturais. Entre 2014 e 2021, foram lan\u00e7ados 86 editais que contemplaram cerca de 1,7 mil proponentes.<\/p><p>Em 2023, a Secult Goi\u00e1s lan\u00e7ou a nova edi\u00e7\u00e3o do FAC com 16 editais, com investimento de mais de R$ 14 milh\u00f5es. Os certames contemplam os segmentos de a\u00e7\u00f5es formativas; artes visuais; artesanato; artes c\u00eanicas; audiovisual; circo; cultura digital e de jogos; dan\u00e7a; festivais e eventos; hip hop; literatura; museus, arquivos e bibliotecas; m\u00fasica; patrim\u00f4nio material e imaterial; pontos de cultura; teatro e meu primeiro edital.<\/p>\t\t\t\t\t\t\t\t<\/div>\n\t\t\t\t<\/div>\n\t\t\t\t<div class=\"elementor-element elementor-element-3f20c90 elementor-widget elementor-widget-heading\" data-id=\"3f20c90\" data-element_type=\"widget\" data-e-type=\"widget\" data-widget_type=\"heading.default\">\n\t\t\t\t<div class=\"elementor-widget-container\">\n\t\t\t\t\t<h2 class=\"elementor-heading-title elementor-size-default\">Gest\u00e3o do FAC:<\/h2>\t\t\t\t<\/div>\n\t\t\t\t<\/div>\n\t\t\t\t<div class=\"elementor-element elementor-element-4a539a3 elementor-align-center elementor-widget elementor-widget-button\" data-id=\"4a539a3\" data-element_type=\"widget\" data-e-type=\"widget\" data-widget_type=\"button.default\">\n\t\t\t\t<div class=\"elementor-widget-container\">\n\t\t\t\t\t\t\t\t\t<div class=\"elementor-button-wrapper\">\n\t\t\t\t\t<a class=\"elementor-button elementor-button-link elementor-size-sm\" href=\"https:\/\/goias.gov.br\/cultura\/fundo-de-arte-e-cultura\/gestao-do-fac\/\">\n\t\t\t\t\t\t<span class=\"elementor-button-content-wrapper\">\n\t\t\t\t\t\t\t\t\t<span class=\"elementor-button-text\">Saiba mais<\/span>\n\t\t\t\t\t<\/span>\n\t\t\t\t\t<\/a>\n\t\t\t\t<\/div>\n\t\t\t\t\t\t\t\t<\/div>\n\t\t\t\t<\/div>\n\t\t\t\t\t<\/div>\n\t\t\t\t<\/div>\n\t\t\t\t<\/div>\n\t\t","protected":false},"excerpt":{"rendered":"<p>O Governo de Goi\u00e1s tem o compromisso de contribuir com o fomento das artes em todos os munic\u00edpios goianos. O Fundo de Arte e Cultura \u00e9 um dos principais mecanismos de fomento e difus\u00e3o da produ\u00e7\u00e3o cultural do Estado e permite um grande avan\u00e7o na cultura regional, tornando-a mais democr\u00e1tica e plural. Por meio de [&hellip;]<\/p>\n","protected":false},"author":561,"featured_media":0,"parent":37801,"menu_order":0,"comment_status":"closed","ping_status":"closed","template":"","meta":{"footnotes":""},"class_list":["post-42409","page","type-page","status-publish","hentry"],"rttpg_featured_image_url":null,"rttpg_author":{"display_name":"denisebastos","author_link":"https:\/\/goias.gov.br\/cultura\/author\/denisebastos\/"},"rttpg_comment":0,"rttpg_category":null,"rttpg_excerpt":"O Governo de Goi\u00e1s tem o compromisso de contribuir com o fomento das artes em todos os munic\u00edpios goianos. O Fundo de Arte e Cultura \u00e9 um dos principais mecanismos de fomento e difus\u00e3o da produ\u00e7\u00e3o cultural do Estado e permite um grande avan\u00e7o na cultura regional, tornando-a mais democr\u00e1tica e plural. Por meio de&hellip;","_links":{"self":[{"href":"https:\/\/goias.gov.br\/cultura\/wp-json\/wp\/v2\/pages\/42409","targetHints":{"allow":["GET"]}}],"collection":[{"href":"https:\/\/goias.gov.br\/cultura\/wp-json\/wp\/v2\/pages"}],"about":[{"href":"https:\/\/goias.gov.br\/cultura\/wp-json\/wp\/v2\/types\/page"}],"author":[{"embeddable":true,"href":"https:\/\/goias.gov.br\/cultura\/wp-json\/wp\/v2\/users\/561"}],"replies":[{"embeddable":true,"href":"https:\/\/goias.gov.br\/cultura\/wp-json\/wp\/v2\/comments?post=42409"}],"version-history":[{"count":2,"href":"https:\/\/goias.gov.br\/cultura\/wp-json\/wp\/v2\/pages\/42409\/revisions"}],"predecessor-version":[{"id":288210,"href":"https:\/\/goias.gov.br\/cultura\/wp-json\/wp\/v2\/pages\/42409\/revisions\/288210"}],"up":[{"embeddable":true,"href":"https:\/\/goias.gov.br\/cultura\/wp-json\/wp\/v2\/pages\/37801"}],"wp:attachment":[{"href":"https:\/\/goias.gov.br\/cultura\/wp-json\/wp\/v2\/media?parent=42409"}],"curies":[{"name":"wp","href":"https:\/\/api.w.org\/{rel}","templated":true}]}}