{"id":275,"date":"2024-03-13T15:32:37","date_gmt":"2024-03-13T18:32:37","guid":{"rendered":"https:\/\/semanasantaemgoias.cultura.go.gov.br\/?page_id=275"},"modified":"2025-04-02T10:09:27","modified_gmt":"2025-04-02T13:09:27","slug":"descendimento-da-cruz","status":"publish","type":"page","link":"https:\/\/goias.gov.br\/cultura\/semana-santa-em-goias\/celebracoes\/descendimento-da-cruz\/","title":{"rendered":"Descendimento da Cruz"},"content":{"rendered":"\n<p class=\"wp-block-paragraph\">\u00c1s 20h da Sexta-Feira da Paix\u00e3o, no Chafariz de Cauda, acontece o Descendimento da Cruz. A cerim\u00f4nia \u00e9 uma teatraliza\u00e7\u00e3o em que \u00e9 retirado o corpo de Cristo da Cruz. Personagens vestidos a car\u00e1ter representam Maria, m\u00e3e de Jesus; Maria de Cle\u00f3fas; Maria Madalena; Jos\u00e9 de Arimat\u00e9ia; Jo\u00e3o Evangelista; Nicodemos; e a imponente Guarda-Romana. Essas mesmas personagens fazem parte do auto-da Paix\u00e3o. <\/p>\n\n\n\n<p class=\"wp-block-paragraph\">Com o texto escrito por Elina Maria, as personagens rememoram a Paix\u00e3o de Cristo. As m\u00fasicas de teatraliza\u00e7\u00e3o s\u00e3o composi\u00e7\u00e3o do Monsenhor Pedro Ribeiro da Silva. \u00a0O Cristo \u00e9 uma imagem esculpida em madeira, em tamanho natural. Tem cabelos naturais, e os bra\u00e7os articulados em couro de carneiro.<\/p>\n\n\n\n<figure class=\"wp-block-image alignwide size-full\"><img decoding=\"async\" src=\"http:\/\/semanasantaemgoias.cultura.go.gov.br\/wp-content\/uploads\/2024\/03\/WhatsApp-Image-2024-03-13-at-11.06.57-1.jpeg\" alt=\"\" class=\"wp-image-272\" \/><\/figure>\n\n\n\n<p class=\"wp-block-paragraph\">Ap\u00f3s a representa\u00e7\u00e3o da retirada do corpo de Cristo da Cruz, que \u00e9 entregue a Maria, a imagem \u00e9 colocada num esquife (caix\u00e3o), para que se tenha in\u00edcio a prociss\u00e3o do enterro, tamb\u00e9m conhecida por Prociss\u00e3o do Senhor Morto. Conduzida pelos irm\u00e3os da Vener\u00e1vel Irmandade do Senhor Bom Jesus dos Passos, com suas vestimentas roxas, a prociss\u00e3o com o Corpo de Jesus percorre as ruas do Centro Hist\u00f3rico de Goi\u00e1s. A imagem de Nossa Senhora das Dores, esculpida por Veiga Valle, acompanha o cortejo, atr\u00e1s do esquife.<\/p>\n\n\n\n<p class=\"wp-block-paragraph\">De tempos em tempos, o sil\u00eancio da prociss\u00e3o \u00e9 interrompido pelos sons da matraca e pelo canto da Ver\u00f4nica. A Ver\u00f4nica canta, mostrando aos fi\u00e9is a toalha em que enxugou o rosto de Jesus, ajudada pelas H\u00e9us, com seus lamentos.<\/p>\n\n\n\n<p class=\"wp-block-paragraph\">O canto, ou lamento da Ver\u00f4nica, \u00e9 uma composi\u00e7\u00e3o musical, escrita em latim, e \u00e9 executada por uma pessoa de voz possante, em canto l\u00edrico.<\/p>\n\n\n\n<p class=\"wp-block-paragraph\">De Tempo em tempo, nos intervalos do lamento da Ver\u00f4nica, a Banda do 1\u00ba BPM, em todos os percursos da Prociss\u00e3o, executa diversas Marchas f\u00fanebres, destacando-se a de Mestre Braz de Arruda, composta especialmente para a cerim\u00f4nia e sempre ouvida em emo\u00e7\u00e3o.<\/p>\n\n\n\n<p class=\"wp-block-paragraph\">Essa prociss\u00e3o, \u00e9 finalizada, na Catedral de Sant\u2019Ana.<\/p>\n","protected":false},"excerpt":{"rendered":"<p>\u00c1s 20h da Sexta-Feira da Paix\u00e3o, no Chafariz de Cauda, acontece o Descendimento da Cruz. A cerim\u00f4nia \u00e9 uma teatraliza\u00e7\u00e3o em que \u00e9 retirado o corpo de Cristo da Cruz. Personagens vestidos a car\u00e1ter representam Maria, m\u00e3e de Jesus; Maria de Cle\u00f3fas; Maria Madalena; Jos\u00e9 de Arimat\u00e9ia; Jo\u00e3o Evangelista; Nicodemos; e a imponente Guarda-Romana. Essas [&hellip;]<\/p>\n","protected":false},"author":532,"featured_media":0,"parent":50290,"menu_order":0,"comment_status":"closed","ping_status":"closed","template":"","meta":{"footnotes":""},"class_list":["post-275","page","type-page","status-publish","hentry"],"rttpg_featured_image_url":null,"rttpg_author":{"display_name":"victorsouza","author_link":"https:\/\/goias.gov.br\/cultura\/author\/victorsouza\/"},"rttpg_comment":0,"rttpg_category":null,"rttpg_excerpt":"\u00c1s 20h da Sexta-Feira da Paix\u00e3o, no Chafariz de Cauda, acontece o Descendimento da Cruz. A cerim\u00f4nia \u00e9 uma teatraliza\u00e7\u00e3o em que \u00e9 retirado o corpo de Cristo da Cruz. Personagens vestidos a car\u00e1ter representam Maria, m\u00e3e de Jesus; Maria de Cle\u00f3fas; Maria Madalena; Jos\u00e9 de Arimat\u00e9ia; Jo\u00e3o Evangelista; Nicodemos; e a imponente Guarda-Romana. Essas&hellip;","_links":{"self":[{"href":"https:\/\/goias.gov.br\/cultura\/wp-json\/wp\/v2\/pages\/275","targetHints":{"allow":["GET"]}}],"collection":[{"href":"https:\/\/goias.gov.br\/cultura\/wp-json\/wp\/v2\/pages"}],"about":[{"href":"https:\/\/goias.gov.br\/cultura\/wp-json\/wp\/v2\/types\/page"}],"author":[{"embeddable":true,"href":"https:\/\/goias.gov.br\/cultura\/wp-json\/wp\/v2\/users\/532"}],"replies":[{"embeddable":true,"href":"https:\/\/goias.gov.br\/cultura\/wp-json\/wp\/v2\/comments?post=275"}],"version-history":[{"count":2,"href":"https:\/\/goias.gov.br\/cultura\/wp-json\/wp\/v2\/pages\/275\/revisions"}],"predecessor-version":[{"id":136586,"href":"https:\/\/goias.gov.br\/cultura\/wp-json\/wp\/v2\/pages\/275\/revisions\/136586"}],"up":[{"embeddable":true,"href":"https:\/\/goias.gov.br\/cultura\/wp-json\/wp\/v2\/pages\/50290"}],"wp:attachment":[{"href":"https:\/\/goias.gov.br\/cultura\/wp-json\/wp\/v2\/media?parent=275"}],"curies":[{"name":"wp","href":"https:\/\/api.w.org\/{rel}","templated":true}]}}

<p class="wp-block-paragraph">Ás 20h da Sexta-Feira da Paixão, no Chafariz de Cauda, acontece o Descendimento da Cruz. A cerimônia é uma teatralização em que é retirado o corpo de Cristo da Cruz. Personagens vestidos a caráter representam Maria, mãe de Jesus; Maria de Cleófas; Maria Madalena; José de Arimatéia; João Evangelista; Nicodemos; e a imponente Guarda-Romana. Essas mesmas personagens fazem parte do auto-da Paixão. </p>



<p class="wp-block-paragraph">Com o texto escrito por Elina Maria, as personagens rememoram a Paixão de Cristo. As músicas de teatralização são composição do Monsenhor Pedro Ribeiro da Silva.  O Cristo é uma imagem esculpida em madeira, em tamanho natural. Tem cabelos naturais, e os braços articulados em couro de carneiro.</p>



<figure class="wp-block-image alignwide size-full"><img decoding="async" src="http://semanasantaemgoias.cultura.go.gov.br/wp-content/uploads/2024/03/WhatsApp-Image-2024-03-13-at-11.06.57-1.jpeg" alt="" class="wp-image-272" /></figure>



<p class="wp-block-paragraph">Após a representação da retirada do corpo de Cristo da Cruz, que é entregue a Maria, a imagem é colocada num esquife (caixão), para que se tenha início a procissão do enterro, também conhecida por Procissão do Senhor Morto. Conduzida pelos irmãos da Venerável Irmandade do Senhor Bom Jesus dos Passos, com suas vestimentas roxas, a procissão com o Corpo de Jesus percorre as ruas do Centro Histórico de Goiás. A imagem de Nossa Senhora das Dores, esculpida por Veiga Valle, acompanha o cortejo, atrás do esquife.</p>



<p class="wp-block-paragraph">De tempos em tempos, o silêncio da procissão é interrompido pelos sons da matraca e pelo canto da Verônica. A Verônica canta, mostrando aos fiéis a toalha em que enxugou o rosto de Jesus, ajudada pelas Héus, com seus lamentos.</p>



<p class="wp-block-paragraph">O canto, ou lamento da Verônica, é uma composição musical, escrita em latim, e é executada por uma pessoa de voz possante, em canto lírico.</p>



<p class="wp-block-paragraph">De Tempo em tempo, nos intervalos do lamento da Verônica, a Banda do 1º BPM, em todos os percursos da Procissão, executa diversas Marchas fúnebres, destacando-se a de Mestre Braz de Arruda, composta especialmente para a cerimônia e sempre ouvida em emoção.</p>



<p class="wp-block-paragraph">Essa procissão, é finalizada, na Catedral de Sant’Ana.</p>

<p>Ás 20h da Sexta-Feira da Paixão, no Chafariz de Cauda, acontece o Descendimento da Cruz. A cerimônia é uma teatralização em que é retirado o corpo de Cristo da Cruz. Personagens vestidos a caráter representam Maria, mãe de Jesus; Maria de Cleófas; Maria Madalena; José de Arimatéia; João Evangelista; Nicodemos; e a imponente Guarda-Romana. Essas [&hellip;]</p>

Ás 20h da Sexta-Feira da Paixão, no Chafariz de Cauda, acontece o Descendimento da Cruz. A cerimônia é uma teatralização em que é retirado o corpo de Cristo da Cruz. Personagens vestidos a caráter representam Maria, mãe de Jesus; Maria de Cleófas; Maria Madalena; José de Arimatéia; João Evangelista; Nicodemos; e a imponente Guarda-Romana. Essas&hellip;
