

{"id":244648,"date":"2025-10-03T11:12:35","date_gmt":"2025-10-03T14:12:35","guid":{"rendered":"https:\/\/goias.gov.br\/cultura\/?page_id=244648"},"modified":"2025-12-01T15:01:17","modified_gmt":"2025-12-01T18:01:17","slug":"railway-station","status":"publish","type":"page","link":"https:\/\/goias.gov.br\/cultura\/museuferroviario\/railway-station\/","title":{"rendered":"Railway Station"},"content":{"rendered":"\t\t<div data-elementor-type=\"wp-page\" data-elementor-id=\"244648\" class=\"elementor elementor-244648\">\n\t\t\t\t<div class=\"elementor-element elementor-element-aeed449 e-flex e-con-boxed e-con e-parent\" data-id=\"aeed449\" data-element_type=\"container\" data-e-type=\"container\">\n\t\t\t\t\t<div class=\"e-con-inner\">\n\t\t\t\t<div class=\"elementor-element elementor-element-0550473 elementor-widget elementor-widget-html\" data-id=\"0550473\" data-element_type=\"widget\" data-e-type=\"widget\" data-widget_type=\"html.default\">\n\t\t\t\t<div class=\"elementor-widget-container\">\n\t\t\t\t\t<audio controls style=\"width:100%;\">\r\n  <source src=\"https:\/\/goias.gov.br\/cultura\/wp-content\/uploads\/sites\/25\/2025\/10\/Railway-Station.mp3?_=1\" type=\"audio\/mpeg\">\r\n  Seu navegador n\u00e3o suporta o elemento de \u00e1udio.\r\n<\/audio>\t\t\t\t<\/div>\n\t\t\t\t<\/div>\n\t\t\t\t<div class=\"elementor-element elementor-element-3403693 elementor-widget elementor-widget-text-editor\" data-id=\"3403693\" data-element_type=\"widget\" data-e-type=\"widget\" data-widget_type=\"text-editor.default\">\n\t\t\t\t<div class=\"elementor-widget-container\">\n\t\t\t\t\t\t\t\t\t<p>Inaugurated on November 9, 1922, it marked the founding of the city of Pires do Rio. Its name is a tribute to Jos\u00e9 Pires do Rio, Minister of Transportation and Public Works at the time, who was in the region to inspect the construction of the Epit\u00e1cio Pessoa railway bridge over the Corumb\u00e1 River.<\/p><p>Built as part of the expansion of the Goyaz Railway, the station became a strategic point for the distribution of products and was the heart of the new city, serving as the backdrop for meetings, farewells, progress, and work. Thousands of people, goods, and also the materials that helped build Goi\u00e2nia and Bras\u00edlia passed through its tracks.<\/p><p>Even with the end of passenger railway operations in the city, the Pires do Rio Station remains an important historical and cultural heritage site in Goi\u00e1s.<\/p>\t\t\t\t\t\t\t\t<\/div>\n\t\t\t\t<\/div>\n\t\t\t\t\t<\/div>\n\t\t\t\t<\/div>\n\t\t\t\t<\/div>\n\t\t","protected":false},"excerpt":{"rendered":"<p>Seu navegador n\u00e3o suporta o elemento de \u00e1udio. Inaugurated on November 9, 1922, it marked the founding of the city of Pires do Rio. Its name is a tribute to Jos\u00e9 Pires do Rio, Minister of Transportation and Public Works at the time, who was in the region to inspect the construction of the Epit\u00e1cio [&hellip;]<\/p>\n","protected":false},"author":322,"featured_media":0,"parent":50453,"menu_order":0,"comment_status":"closed","ping_status":"closed","template":"","meta":{"footnotes":""},"class_list":["post-244648","page","type-page","status-publish","hentry"],"rttpg_featured_image_url":null,"rttpg_author":{"display_name":"alessandraferreira","author_link":"https:\/\/goias.gov.br\/cultura\/author\/alessandraferreira\/"},"rttpg_comment":0,"rttpg_category":null,"rttpg_excerpt":"Seu navegador n\u00e3o suporta o elemento de \u00e1udio. Inaugurated on November 9, 1922, it marked the founding of the city of Pires do Rio. Its name is a tribute to Jos\u00e9 Pires do Rio, Minister of Transportation and Public Works at the time, who was in the region to inspect the construction of the Epit\u00e1cio&hellip;","_links":{"self":[{"href":"https:\/\/goias.gov.br\/cultura\/wp-json\/wp\/v2\/pages\/244648","targetHints":{"allow":["GET"]}}],"collection":[{"href":"https:\/\/goias.gov.br\/cultura\/wp-json\/wp\/v2\/pages"}],"about":[{"href":"https:\/\/goias.gov.br\/cultura\/wp-json\/wp\/v2\/types\/page"}],"author":[{"embeddable":true,"href":"https:\/\/goias.gov.br\/cultura\/wp-json\/wp\/v2\/users\/322"}],"replies":[{"embeddable":true,"href":"https:\/\/goias.gov.br\/cultura\/wp-json\/wp\/v2\/comments?post=244648"}],"version-history":[{"count":3,"href":"https:\/\/goias.gov.br\/cultura\/wp-json\/wp\/v2\/pages\/244648\/revisions"}],"predecessor-version":[{"id":289484,"href":"https:\/\/goias.gov.br\/cultura\/wp-json\/wp\/v2\/pages\/244648\/revisions\/289484"}],"up":[{"embeddable":true,"href":"https:\/\/goias.gov.br\/cultura\/wp-json\/wp\/v2\/pages\/50453"}],"wp:attachment":[{"href":"https:\/\/goias.gov.br\/cultura\/wp-json\/wp\/v2\/media?parent=244648"}],"curies":[{"name":"wp","href":"https:\/\/api.w.org\/{rel}","templated":true}]}}