

{"id":244453,"date":"2025-10-03T10:43:00","date_gmt":"2025-10-03T13:43:00","guid":{"rendered":"https:\/\/goias.gov.br\/cultura\/?page_id=244453"},"modified":"2025-12-01T14:26:41","modified_gmt":"2025-12-01T17:26:41","slug":"galeria-dos-ferroviarios","status":"publish","type":"page","link":"https:\/\/goias.gov.br\/cultura\/museuferroviario\/galeria-dos-ferroviarios\/","title":{"rendered":"Galeria dos Ferrovi\u00e1rios"},"content":{"rendered":"\t\t<div data-elementor-type=\"wp-page\" data-elementor-id=\"244453\" class=\"elementor elementor-244453\">\n\t\t\t\t<div class=\"elementor-element elementor-element-c69e9cf e-flex e-con-boxed e-con e-parent\" data-id=\"c69e9cf\" data-element_type=\"container\" data-e-type=\"container\">\n\t\t\t\t\t<div class=\"e-con-inner\">\n\t\t<div class=\"elementor-element elementor-element-0a39809 e-con-full e-flex e-con e-child\" data-id=\"0a39809\" data-element_type=\"container\" data-e-type=\"container\">\n\t\t\t\t<div class=\"elementor-element elementor-element-fe53366 elementor-widget elementor-widget-html\" data-id=\"fe53366\" data-element_type=\"widget\" data-e-type=\"widget\" data-widget_type=\"html.default\">\n\t\t\t\t<div class=\"elementor-widget-container\">\n\t\t\t\t\t<audio controls style=\"width:100%;\">\r\n  <source src=\"https:\/\/goias.gov.br\/cultura\/wp-content\/uploads\/sites\/25\/2025\/10\/Galeria-dos-Ferroviarios.mp3?_=1\" type=\"audio\/mpeg\">\r\n  Seu navegador n\u00e3o suporta o elemento de \u00e1udio.\r\n<\/audio>\t\t\t\t<\/div>\n\t\t\t\t<\/div>\n\t\t\t\t<\/div>\n\t\t<div class=\"elementor-element elementor-element-6ed49f3 e-con-full e-flex e-con e-child\" data-id=\"6ed49f3\" data-element_type=\"container\" data-e-type=\"container\">\n\t\t\t\t<div class=\"elementor-element elementor-element-3453af4 elementor-widget elementor-widget-video\" data-id=\"3453af4\" data-element_type=\"widget\" data-e-type=\"widget\" data-settings=\"{&quot;youtube_url&quot;:&quot;https:\\\/\\\/youtu.be\\\/cf0xtxprFB0&quot;,&quot;video_type&quot;:&quot;youtube&quot;,&quot;controls&quot;:&quot;yes&quot;}\" data-widget_type=\"video.default\">\n\t\t\t\t<div class=\"elementor-widget-container\">\n\t\t\t\t\t\t\t<div class=\"elementor-wrapper elementor-open-inline\">\n\t\t\t<div class=\"elementor-video\"><\/div>\t\t<\/div>\n\t\t\t\t\t\t<\/div>\n\t\t\t\t<\/div>\n\t\t\t\t<\/div>\n\t\t\t\t\t<\/div>\n\t\t\t\t<\/div>\n\t\t<div class=\"elementor-element elementor-element-254bc35 e-flex e-con-boxed e-con e-parent\" data-id=\"254bc35\" data-element_type=\"container\" data-e-type=\"container\">\n\t\t\t\t\t<div class=\"e-con-inner\">\n\t\t\t\t<div class=\"elementor-element elementor-element-2845116 elementor-widget elementor-widget-text-editor\" data-id=\"2845116\" data-element_type=\"widget\" data-e-type=\"widget\" data-widget_type=\"text-editor.default\">\n\t\t\t\t<div class=\"elementor-widget-container\">\n\t\t\t\t\t\t\t\t\t<p>Os ferrovi\u00e1rios marcaram profundamente a hist\u00f3ria de Pires do Rio. Foram eles que deram vida \u00e0 esta\u00e7\u00e3o e ao Galp\u00e3o Oficina, sustentando o movimento dos trilhos e ajudando a formar a identidade da cidade.<\/p><p>Com o encerramento de parte das atividades ferrovi\u00e1rias na cidade, muitos deles foram transferidos, sobretudo para Araguari (MG), mas deixaram em Pires do Rio uma heran\u00e7a de trabalho, mem\u00f3ria e identidade. O Museu Ferrovi\u00e1rio existe, em grande parte, gra\u00e7as a esses trabalhadores, que doaram pe\u00e7as, fotografias e objetos pessoais, preservando a mem\u00f3ria da ferrovia.<\/p><p>Esta galeria \u00e9 uma homenagem a esses homens que mantiveram a ferrovia viva e que hoje seguem presentes na hist\u00f3ria e no cora\u00e7\u00e3o de Pires do Rio.<\/p>\t\t\t\t\t\t\t\t<\/div>\n\t\t\t\t<\/div>\n\t\t\t\t\t<\/div>\n\t\t\t\t<\/div>\n\t\t\t\t<\/div>\n\t\t","protected":false},"excerpt":{"rendered":"<p>Seu navegador n\u00e3o suporta o elemento de \u00e1udio. https:\/\/youtu.be\/cf0xtxprFB0 Os ferrovi\u00e1rios marcaram profundamente a hist\u00f3ria de Pires do Rio. Foram eles que deram vida \u00e0 esta\u00e7\u00e3o e ao Galp\u00e3o Oficina, sustentando o movimento dos trilhos e ajudando a formar a identidade da cidade. Com o encerramento de parte das atividades ferrovi\u00e1rias na cidade, muitos deles [&hellip;]<\/p>\n","protected":false},"author":322,"featured_media":0,"parent":50453,"menu_order":0,"comment_status":"closed","ping_status":"closed","template":"","meta":{"footnotes":""},"class_list":["post-244453","page","type-page","status-publish","hentry"],"rttpg_featured_image_url":null,"rttpg_author":{"display_name":"alessandraferreira","author_link":"https:\/\/goias.gov.br\/cultura\/author\/alessandraferreira\/"},"rttpg_comment":0,"rttpg_category":null,"rttpg_excerpt":"Seu navegador n\u00e3o suporta o elemento de \u00e1udio. https:\/\/youtu.be\/cf0xtxprFB0 Os ferrovi\u00e1rios marcaram profundamente a hist\u00f3ria de Pires do Rio. Foram eles que deram vida \u00e0 esta\u00e7\u00e3o e ao Galp\u00e3o Oficina, sustentando o movimento dos trilhos e ajudando a formar a identidade da cidade. Com o encerramento de parte das atividades ferrovi\u00e1rias na cidade, muitos deles&hellip;","_links":{"self":[{"href":"https:\/\/goias.gov.br\/cultura\/wp-json\/wp\/v2\/pages\/244453","targetHints":{"allow":["GET"]}}],"collection":[{"href":"https:\/\/goias.gov.br\/cultura\/wp-json\/wp\/v2\/pages"}],"about":[{"href":"https:\/\/goias.gov.br\/cultura\/wp-json\/wp\/v2\/types\/page"}],"author":[{"embeddable":true,"href":"https:\/\/goias.gov.br\/cultura\/wp-json\/wp\/v2\/users\/322"}],"replies":[{"embeddable":true,"href":"https:\/\/goias.gov.br\/cultura\/wp-json\/wp\/v2\/comments?post=244453"}],"version-history":[{"count":3,"href":"https:\/\/goias.gov.br\/cultura\/wp-json\/wp\/v2\/pages\/244453\/revisions"}],"predecessor-version":[{"id":289187,"href":"https:\/\/goias.gov.br\/cultura\/wp-json\/wp\/v2\/pages\/244453\/revisions\/289187"}],"up":[{"embeddable":true,"href":"https:\/\/goias.gov.br\/cultura\/wp-json\/wp\/v2\/pages\/50453"}],"wp:attachment":[{"href":"https:\/\/goias.gov.br\/cultura\/wp-json\/wp\/v2\/media?parent=244453"}],"curies":[{"name":"wp","href":"https:\/\/api.w.org\/{rel}","templated":true}]}}