

{"id":11263,"date":"2024-02-09T15:57:17","date_gmt":"2024-02-09T18:57:17","guid":{"rendered":"https:\/\/siteshom.goias.gov.br\/cultura\/agenda-de-autoridades\/"},"modified":"2026-04-24T09:13:22","modified_gmt":"2026-04-24T12:13:22","slug":"agenda-de-autoridades","status":"publish","type":"page","link":"https:\/\/goias.gov.br\/cultura\/agenda-de-autoridades\/","title":{"rendered":"Agenda de Autoridades"},"content":{"rendered":"<p><strong style='margin-block-end: -1.8rem'><a href='https:\/\/goias.gov.br\/cultura\/secretaria-de-estado\/'>Secret\u00e1ria de Estado<\/a><\/strong><br \/>YARA NUNES DOS SANTOS<\/p>\n<p><strong style='margin-block-end: -1.8rem'><a href='https:\/\/goias.gov.br\/cultura\/chefe-de-gabinete\/'>Chefe de Gabinete<\/a><\/strong><br \/>LETICYA FERNANDES REZENDE<\/p>\n<p><strong style='margin-block-end: -1.8rem'><a href='https:\/\/goias.gov.br\/cultura\/superintendente-de-gestao-integrada\/'>Superintendente de Gest\u00e3o Integrada<\/a><\/strong><br \/>CLEITON DE OLIVEIRA SOARES<\/p>\n<p><strong style='margin-block-end: -1.8rem'><a href='https:\/\/goias.gov.br\/cultura\/superintendente-de-fomento-e-gestao-cultural\/'>Superintendente de Fomento e Gest\u00e3o Cultural<\/a><\/strong><br \/>RAISSA COUTINHO DAVID<\/p>\n<p><strong style='margin-block-end: -1.8rem'><a href='https:\/\/goias.gov.br\/cultura\/chefe-da-comunicacao-setorial\/'>Chefe da Comunica\u00e7\u00e3o Setorial<\/a><\/strong><br \/>THAIS DE MELO LOBO<\/p>\n<p><strong style='margin-block-end: -1.8rem'><a href='https:\/\/goias.gov.br\/cultura\/chefe-da-procuradoria-setorial\/'>Chefe da Procuradoria Setorial<\/a><\/strong><br \/>VALESKA DE OLIVEIRA FRAZAO<\/p>\n<p><strong style='margin-block-end: -1.8rem'><a href='https:\/\/goias.gov.br\/cultura\/superintendente-de-patrimonio-historico-e-artistico\/'>Superintendente de Patrim\u00f4nio Hist\u00f3rico e Art\u00edstico<\/a><\/strong><br \/>ALLYSON RIBEIRO E SILVA CABRAL<\/p>\n<p><strong style='margin-block-end: -1.8rem'><a href='https:\/\/goias.gov.br\/cultura\/chefe-do-escritorio-de-projetos-setorial\/'>Chefe do Escrit\u00f3rio de Projetos Setorial<\/a><\/strong><br \/>JULIANA RODRIGUES GOMES MUNIZ<\/p>\n","protected":false},"excerpt":{"rendered":"<p>Secret\u00e1ria de EstadoYARA NUNES DOS SANTOS Chefe de GabineteLETICYA FERNANDES REZENDE Superintendente de Gest\u00e3o IntegradaCLEITON DE OLIVEIRA SOARES Superintendente de Fomento e Gest\u00e3o CulturalRAISSA COUTINHO DAVID Chefe da Comunica\u00e7\u00e3o SetorialTHAIS DE MELO LOBO Chefe da Procuradoria SetorialVALESKA DE OLIVEIRA FRAZAO Superintendente de Patrim\u00f4nio Hist\u00f3rico e Art\u00edsticoALLYSON RIBEIRO E SILVA CABRAL Chefe do Escrit\u00f3rio de Projetos [&hellip;]<\/p>\n","protected":false},"author":322,"featured_media":0,"parent":0,"menu_order":0,"comment_status":"closed","ping_status":"closed","template":"","meta":{"footnotes":""},"class_list":["post-11263","page","type-page","status-publish","hentry"],"rttpg_featured_image_url":null,"rttpg_author":{"display_name":"alessandraferreira","author_link":"https:\/\/goias.gov.br\/cultura\/author\/alessandraferreira\/"},"rttpg_comment":0,"rttpg_category":null,"rttpg_excerpt":"Secret\u00e1ria de EstadoYARA NUNES DOS SANTOS Chefe de GabineteLETICYA FERNANDES REZENDE Superintendente de Gest\u00e3o IntegradaCLEITON DE OLIVEIRA SOARES Superintendente de Fomento e Gest\u00e3o CulturalRAISSA COUTINHO DAVID Chefe da Comunica\u00e7\u00e3o SetorialTHAIS DE MELO LOBO Chefe da Procuradoria SetorialVALESKA DE OLIVEIRA FRAZAO Superintendente de Patrim\u00f4nio Hist\u00f3rico e Art\u00edsticoALLYSON RIBEIRO E SILVA CABRAL Chefe do Escrit\u00f3rio de Projetos&hellip;","_links":{"self":[{"href":"https:\/\/goias.gov.br\/cultura\/wp-json\/wp\/v2\/pages\/11263","targetHints":{"allow":["GET"]}}],"collection":[{"href":"https:\/\/goias.gov.br\/cultura\/wp-json\/wp\/v2\/pages"}],"about":[{"href":"https:\/\/goias.gov.br\/cultura\/wp-json\/wp\/v2\/types\/page"}],"author":[{"embeddable":true,"href":"https:\/\/goias.gov.br\/cultura\/wp-json\/wp\/v2\/users\/322"}],"replies":[{"embeddable":true,"href":"https:\/\/goias.gov.br\/cultura\/wp-json\/wp\/v2\/comments?post=11263"}],"version-history":[{"count":2,"href":"https:\/\/goias.gov.br\/cultura\/wp-json\/wp\/v2\/pages\/11263\/revisions"}],"predecessor-version":[{"id":356392,"href":"https:\/\/goias.gov.br\/cultura\/wp-json\/wp\/v2\/pages\/11263\/revisions\/356392"}],"wp:attachment":[{"href":"https:\/\/goias.gov.br\/cultura\/wp-json\/wp\/v2\/media?parent=11263"}],"curies":[{"name":"wp","href":"https:\/\/api.w.org\/{rel}","templated":true}]}}