

{"id":105221,"date":"2025-02-05T13:26:37","date_gmt":"2025-02-05T16:26:37","guid":{"rendered":"https:\/\/goias.gov.br\/cultura\/?page_id=105221"},"modified":"2025-11-28T16:12:42","modified_gmt":"2025-11-28T19:12:42","slug":"sala-eduardo-benfica","status":"publish","type":"page","link":"https:\/\/goias.gov.br\/cultura\/cinemas\/cine-cultura\/sala-eduardo-benfica\/","title":{"rendered":"Eduardo Benfica"},"content":{"rendered":"\t\t<div data-elementor-type=\"wp-page\" data-elementor-id=\"105221\" class=\"elementor elementor-105221\">\n\t\t\t\t<div class=\"elementor-element elementor-element-c36ba61 e-flex e-con-boxed e-con e-parent\" data-id=\"c36ba61\" data-element_type=\"container\" data-e-type=\"container\">\n\t\t\t\t\t<div class=\"e-con-inner\">\n\t\t\t\t<div class=\"elementor-element elementor-element-d547f1f elementor-widget elementor-widget-heading\" data-id=\"d547f1f\" data-element_type=\"widget\" data-e-type=\"widget\" data-widget_type=\"heading.default\">\n\t\t\t\t<div class=\"elementor-widget-container\">\n\t\t\t\t\t<h2 class=\"elementor-heading-title elementor-size-default\">Quem foi Eduardo Benfica?<\/h2>\t\t\t\t<\/div>\n\t\t\t\t<\/div>\n\t\t\t\t\t<\/div>\n\t\t\t\t<\/div>\n\t\t<div class=\"elementor-element elementor-element-e03c33c e-flex e-con-boxed e-con e-parent\" data-id=\"e03c33c\" data-element_type=\"container\" data-e-type=\"container\">\n\t\t\t\t\t<div class=\"e-con-inner\">\n\t\t<div class=\"elementor-element elementor-element-fb4e199 e-con-full e-flex e-con e-child\" data-id=\"fb4e199\" data-element_type=\"container\" data-e-type=\"container\">\n\t\t\t\t<div class=\"elementor-element elementor-element-7bf960c elementor-widget elementor-widget-image\" data-id=\"7bf960c\" data-element_type=\"widget\" data-e-type=\"widget\" data-widget_type=\"image.default\">\n\t\t\t\t<div class=\"elementor-widget-container\">\n\t\t\t\t\t\t\t\t\t\t\t\t\t\t\t<img decoding=\"async\" src=\"https:\/\/goias.gov.br\/cultura\/wp-content\/uploads\/sites\/25\/2025\/02\/WhatsApp-Image-2025-02-05-at-11.18.03.jpeg\" title=\"\" alt=\"\" loading=\"lazy\" \/>\t\t\t\t\t\t\t\t\t\t\t\t\t\t\t<\/div>\n\t\t\t\t<\/div>\n\t\t\t\t<\/div>\n\t\t<div class=\"elementor-element elementor-element-21a3774 e-con-full e-flex e-con e-child\" data-id=\"21a3774\" data-element_type=\"container\" data-e-type=\"container\">\n\t\t\t\t<div class=\"elementor-element elementor-element-100e749 elementor-widget elementor-widget-text-editor\" data-id=\"100e749\" data-element_type=\"widget\" data-e-type=\"widget\" data-widget_type=\"text-editor.default\">\n\t\t\t\t<div class=\"elementor-widget-container\">\n\t\t\t\t\t\t\t\t\t<p>Eduardo Ant\u00f4nio de Sousa Benfica nasceu em 28 de setembro de 1945 em Lages (RN) e veio para Goi\u00e1s em 1949, onde passou a inf\u00e2ncia. Na virada dos anos 50\/60, mudou-se para Natal, quando participou do movimento cineclube no Cine Clube Tirol. Retornou a Goi\u00e2nia em 1966, \u00e9poca em que foi comentarista cinematogr\u00e1fico no jornal O Popular e um dos membros do Centro de Cultura Cinematogr\u00e1fico, o primeiro cineclube criado na capital.<\/p><p>Ao lado do cineasta Beto Le\u00e3o, codirigiu o v\u00eddeo Goi\u00e2nia do Batismo \u00e0 Modernidade e foi coautor do livro Goi\u00e1s no S\u00e9culo do Cinema. Tamb\u00e9m atuou como autor em v\u00e1rios filmes e coordenou a Comiss\u00e3o de Sele\u00e7\u00e3o do I Festival Internacional de Cinema e V\u00eddeos Ambiental (FICA), em 1999, e foi membro do J\u00fari Oficial do II FICA, em 2000, e do J\u00fari da Organiza\u00e7\u00e3o Cat\u00f3lica Internacional do Cinema e da Unesco no III FICA, em 2001.<\/p><p>Esteve \u00e0 frente das mostras de cinema nos III, IV e V F\u00f3rum Goiano sobre Cultura promovido pela Assembleia Legislativa de Goi\u00e1s e foi jurado do XII Festival de Cinema de Natal, em 2001. Ainda presidiu a Associa\u00e7\u00e3o Brasileira de Documentaristas &#8211; se\u00e7\u00e3o Goi\u00e1s (ABD-GO) entre 1997 e 2001, e integrou a diretoria nacional da ABD.<\/p><p>Sua contribui\u00e7\u00e3o ao cinema goiano \u00e9 imensur\u00e1vel e sua mem\u00f3ria segue viva nesta sala, que agora leva seu nome.<\/p>\t\t\t\t\t\t\t\t<\/div>\n\t\t\t\t<\/div>\n\t\t\t\t<\/div>\n\t\t\t\t\t<\/div>\n\t\t\t\t<\/div>\n\t\t<div class=\"elementor-element elementor-element-8193a9b e-flex e-con-boxed e-con e-parent\" data-id=\"8193a9b\" data-element_type=\"container\" data-e-type=\"container\">\n\t\t\t\t\t<div class=\"e-con-inner\">\n\t\t\t\t<div class=\"elementor-element elementor-element-79c124b elementor-widget elementor-widget-button\" data-id=\"79c124b\" data-element_type=\"widget\" data-e-type=\"widget\" data-widget_type=\"button.default\">\n\t\t\t\t<div class=\"elementor-widget-container\">\n\t\t\t\t\t\t\t\t\t<div class=\"elementor-button-wrapper\">\n\t\t\t\t\t<a class=\"elementor-button elementor-button-link elementor-size-sm\" href=\"https:\/\/goias.gov.br\/cultura\/cinemas\/cine-cultura\/\">\n\t\t\t\t\t\t<span class=\"elementor-button-content-wrapper\">\n\t\t\t\t\t\t\t\t\t<span class=\"elementor-button-text\">Voltar para a p\u00e1gina do Cine Cultura<\/span>\n\t\t\t\t\t<\/span>\n\t\t\t\t\t<\/a>\n\t\t\t\t<\/div>\n\t\t\t\t\t\t\t\t<\/div>\n\t\t\t\t<\/div>\n\t\t\t\t\t<\/div>\n\t\t\t\t<\/div>\n\t\t\t\t<\/div>\n\t\t","protected":false},"excerpt":{"rendered":"<p>Quem foi Eduardo Benfica? Eduardo Ant\u00f4nio de Sousa Benfica nasceu em 28 de setembro de 1945 em Lages (RN) e veio para Goi\u00e1s em 1949, onde passou a inf\u00e2ncia. Na virada dos anos 50\/60, mudou-se para Natal, quando participou do movimento cineclube no Cine Clube Tirol. Retornou a Goi\u00e2nia em 1966, \u00e9poca em que foi [&hellip;]<\/p>\n","protected":false},"author":322,"featured_media":0,"parent":101964,"menu_order":0,"comment_status":"closed","ping_status":"closed","template":"","meta":{"footnotes":""},"class_list":["post-105221","page","type-page","status-publish","hentry"],"rttpg_featured_image_url":null,"rttpg_author":{"display_name":"alessandraferreira","author_link":"https:\/\/goias.gov.br\/cultura\/author\/alessandraferreira\/"},"rttpg_comment":0,"rttpg_category":null,"rttpg_excerpt":"Quem foi Eduardo Benfica? Eduardo Ant\u00f4nio de Sousa Benfica nasceu em 28 de setembro de 1945 em Lages (RN) e veio para Goi\u00e1s em 1949, onde passou a inf\u00e2ncia. Na virada dos anos 50\/60, mudou-se para Natal, quando participou do movimento cineclube no Cine Clube Tirol. Retornou a Goi\u00e2nia em 1966, \u00e9poca em que foi&hellip;","_links":{"self":[{"href":"https:\/\/goias.gov.br\/cultura\/wp-json\/wp\/v2\/pages\/105221","targetHints":{"allow":["GET"]}}],"collection":[{"href":"https:\/\/goias.gov.br\/cultura\/wp-json\/wp\/v2\/pages"}],"about":[{"href":"https:\/\/goias.gov.br\/cultura\/wp-json\/wp\/v2\/types\/page"}],"author":[{"embeddable":true,"href":"https:\/\/goias.gov.br\/cultura\/wp-json\/wp\/v2\/users\/322"}],"replies":[{"embeddable":true,"href":"https:\/\/goias.gov.br\/cultura\/wp-json\/wp\/v2\/comments?post=105221"}],"version-history":[{"count":3,"href":"https:\/\/goias.gov.br\/cultura\/wp-json\/wp\/v2\/pages\/105221\/revisions"}],"predecessor-version":[{"id":286932,"href":"https:\/\/goias.gov.br\/cultura\/wp-json\/wp\/v2\/pages\/105221\/revisions\/286932"}],"up":[{"embeddable":true,"href":"https:\/\/goias.gov.br\/cultura\/wp-json\/wp\/v2\/pages\/101964"}],"wp:attachment":[{"href":"https:\/\/goias.gov.br\/cultura\/wp-json\/wp\/v2\/media?parent=105221"}],"curies":[{"name":"wp","href":"https:\/\/api.w.org\/{rel}","templated":true}]}}

<div data-elementor-type="wp-page" data-elementor-id="105221" class="elementor elementor-105221">
				<div class="elementor-element elementor-element-c36ba61 e-flex e-con-boxed e-con e-parent" data-id="c36ba61" data-element_type="container" data-e-type="container">
					<div class="e-con-inner">
				<div class="elementor-element elementor-element-d547f1f elementor-widget elementor-widget-heading" data-id="d547f1f" data-element_type="widget" data-e-type="widget" data-widget_type="heading.default">
				<div class="elementor-widget-container">
					<h2 class="elementor-heading-title elementor-size-default">Quem foi Eduardo Benfica?</h2>				</div>
				</div>
					</div>
				</div>
		<div class="elementor-element elementor-element-e03c33c e-flex e-con-boxed e-con e-parent" data-id="e03c33c" data-element_type="container" data-e-type="container">
					<div class="e-con-inner">
		<div class="elementor-element elementor-element-fb4e199 e-con-full e-flex e-con e-child" data-id="fb4e199" data-element_type="container" data-e-type="container">
				<div class="elementor-element elementor-element-7bf960c elementor-widget elementor-widget-image" data-id="7bf960c" data-element_type="widget" data-e-type="widget" data-widget_type="image.default">
				<div class="elementor-widget-container">
															<img decoding="async" src="https://goias.gov.br/cultura/wp-content/uploads/sites/25/2025/02/WhatsApp-Image-2025-02-05-at-11.18.03.jpeg" title="" alt="" loading="lazy" />															</div>
				</div>
				</div>
		<div class="elementor-element elementor-element-21a3774 e-con-full e-flex e-con e-child" data-id="21a3774" data-element_type="container" data-e-type="container">
				<div class="elementor-element elementor-element-100e749 elementor-widget elementor-widget-text-editor" data-id="100e749" data-element_type="widget" data-e-type="widget" data-widget_type="text-editor.default">
				<div class="elementor-widget-container">
									<p>Eduardo Antônio de Sousa Benfica nasceu em 28 de setembro de 1945 em Lages (RN) e veio para Goiás em 1949, onde passou a infância. Na virada dos anos 50/60, mudou-se para Natal, quando participou do movimento cineclube no Cine Clube Tirol. Retornou a Goiânia em 1966, época em que foi comentarista cinematográfico no jornal O Popular e um dos membros do Centro de Cultura Cinematográfico, o primeiro cineclube criado na capital.</p><p>Ao lado do cineasta Beto Leão, codirigiu o vídeo Goiânia do Batismo à Modernidade e foi coautor do livro Goiás no Século do Cinema. Também atuou como autor em vários filmes e coordenou a Comissão de Seleção do I Festival Internacional de Cinema e Vídeos Ambiental (FICA), em 1999, e foi membro do Júri Oficial do II FICA, em 2000, e do Júri da Organização Católica Internacional do Cinema e da Unesco no III FICA, em 2001.</p><p>Esteve à frente das mostras de cinema nos III, IV e V Fórum Goiano sobre Cultura promovido pela Assembleia Legislativa de Goiás e foi jurado do XII Festival de Cinema de Natal, em 2001. Ainda presidiu a Associação Brasileira de Documentaristas &#8211; seção Goiás (ABD-GO) entre 1997 e 2001, e integrou a diretoria nacional da ABD.</p><p>Sua contribuição ao cinema goiano é imensurável e sua memória segue viva nesta sala, que agora leva seu nome.</p>								</div>
				</div>
				</div>
					</div>
				</div>
		<div class="elementor-element elementor-element-8193a9b e-flex e-con-boxed e-con e-parent" data-id="8193a9b" data-element_type="container" data-e-type="container">
					<div class="e-con-inner">
				<div class="elementor-element elementor-element-79c124b elementor-widget elementor-widget-button" data-id="79c124b" data-element_type="widget" data-e-type="widget" data-widget_type="button.default">
				<div class="elementor-widget-container">
									<div class="elementor-button-wrapper">
					<a class="elementor-button elementor-button-link elementor-size-sm" href="https://goias.gov.br/cultura/cinemas/cine-cultura/">
						<span class="elementor-button-content-wrapper">
									<span class="elementor-button-text">Voltar para a página do Cine Cultura</span>
					</span>
					</a>
				</div>
								</div>
				</div>
					</div>
				</div>
				</div>

<p>Quem foi Eduardo Benfica? Eduardo Antônio de Sousa Benfica nasceu em 28 de setembro de 1945 em Lages (RN) e veio para Goiás em 1949, onde passou a infância. Na virada dos anos 50/60, mudou-se para Natal, quando participou do movimento cineclube no Cine Clube Tirol. Retornou a Goiânia em 1966, época em que foi [&hellip;]</p>

Quem foi Eduardo Benfica? Eduardo Antônio de Sousa Benfica nasceu em 28 de setembro de 1945 em Lages (RN) e veio para Goiás em 1949, onde passou a infância. Na virada dos anos 50/60, mudou-se para Natal, quando participou do movimento cineclube no Cine Clube Tirol. Retornou a Goiânia em 1966, época em que foi&hellip;
