

{"id":65929,"date":"2024-10-18T14:42:02","date_gmt":"2024-10-18T17:42:02","guid":{"rendered":"https:\/\/goias.gov.br\/controladoria\/?page_id=65929"},"modified":"2026-02-20T08:06:22","modified_gmt":"2026-02-20T11:06:22","slug":"ouvidorias-setoriais-e-respectivas-adjuntas","status":"publish","type":"page","link":"https:\/\/goias.gov.br\/controladoria\/ouvidorias-setoriais-e-respectivas-adjuntas\/","title":{"rendered":"Ouvidorias Setoriais"},"content":{"rendered":"\t\t<div data-elementor-type=\"wp-page\" data-elementor-id=\"65929\" class=\"elementor elementor-65929\">\n\t\t\t\t<div class=\"elementor-element elementor-element-3d1b568 e-flex e-con-boxed e-con e-parent\" data-id=\"3d1b568\" data-element_type=\"container\" data-e-type=\"container\">\n\t\t\t\t\t<div class=\"e-con-inner\">\n\t\t\t\t<div class=\"elementor-element elementor-element-8077e3e elementor-widget elementor-widget-text-editor\" data-id=\"8077e3e\" data-element_type=\"widget\" data-e-type=\"widget\" data-widget_type=\"text-editor.default\">\n\t\t\t\t\t\t\t\t\t<h2 style=\"text-align: center;\"><strong>\u00a0 \u00a0 \u00a0 \u00a0 \u00a0 \u00a0 \u00a0 \u00a0 \u00a0 \u00a0<span style=\"font-family: arial, helvetica, sans-serif; font-size: 24pt;\">Ouvidorias Setoriais e Respectivas Adjuntas<\/span><\/strong><\/h2><p><b><span data-contrast=\"auto\">OUVIDORIA \u201cAGROAMBIENTAL\u201d<\/span><\/b><span data-ccp-props=\"{}\"><br \/><\/span><b><span data-contrast=\"auto\">\u00a0 Ouvidoria Setorial \u2013 <\/span><\/b><span data-contrast=\"auto\">SEMAD (Henrique C\u00e9sar da Rocha Stabile)<\/span><span data-ccp-props=\"{\"><br \/><\/span><span data-contrast=\"auto\">\u00a0 \u00a0Ouvidorias Adjuntas:<\/span><span data-ccp-props=\"{\">\u00a0<\/span><\/p><ul><li><span data-contrast=\"auto\">SEAPA<\/span><span data-ccp-props=\"{\">\u00a0<\/span><\/li><li><span data-contrast=\"auto\">AGRODEFESA<\/span><span data-ccp-props=\"{\">\u00a0<\/span><\/li><li><span data-contrast=\"auto\">EMATER<\/span><span data-ccp-props=\"{\">\u00a0<\/span><\/li><li><span data-contrast=\"auto\">CEASA<\/span><span data-ccp-props=\"{\">\u00a0<\/span><\/li><\/ul><p><b><span data-contrast=\"none\">OUVIDORIA \u201cADMINISTRA\u00c7\u00c3O E PREVID\u00caNCIA\u201d<\/span><\/b><span data-ccp-props=\"{}\"><br \/><\/span><b><span data-contrast=\"none\">Ouvidoria Setorial<\/span><\/b> <b><span data-contrast=\"auto\">\u2013 <\/span><\/b><span data-contrast=\"none\">SEAD (Thiago Borges Santos e Silva)<\/span><span data-ccp-props=\"{\"><br \/><\/span><span data-contrast=\"none\">\u00a0 \u00a0Ouvidorias Adjuntas:<\/span><span data-ccp-props=\"{\">\u00a0<\/span><\/p><ul><li><span data-contrast=\"none\">GOI\u00c1SPREV<\/span><span data-ccp-props=\"{}\">\u00a0<\/span><\/li><li><span data-contrast=\"none\">PREVCOM-BrC<\/span><\/li><\/ul><p><b><span data-contrast=\"auto\">OUVIDORIA \u201cCI\u00caNCIA E TECNOLOGIA\u201d<\/span><\/b><span data-ccp-props=\"{}\"><br \/><\/span><b><span data-contrast=\"none\">\u00a0 Ouvidoria Setorial<\/span><\/b> <b><span data-contrast=\"auto\">\u2013<\/span><\/b> <span data-contrast=\"auto\">UEG (Edna Duarte de Souza)<\/span><span data-ccp-props=\"{\"><br \/><\/span><span data-contrast=\"auto\">\u00a0 \u00a0Ouvidorias Adjuntas:<\/span><span data-ccp-props=\"{\">\u00a0<\/span><\/p><ul><li><span data-contrast=\"auto\">SECTI<\/span><span data-ccp-props=\"{\">\u00a0<\/span><\/li><li><span data-contrast=\"auto\">FAPEG<\/span><span data-ccp-props=\"{\">\u00a0<\/span><\/li><\/ul><p><b><span data-contrast=\"auto\">OUVIDORIA \u201cDESENVOLVIMENTO SOCIAL\u201d<\/span><\/b><span data-ccp-props=\"{}\"><br \/><\/span><b><span data-contrast=\"none\">\u00a0 Ouvidoria Setorial<\/span><\/b> <b><span data-contrast=\"auto\">\u2013<\/span><\/b> <span data-contrast=\"auto\">SEDS (Cristiane Evangelista Moreira)<\/span><span data-ccp-props=\"{\"><br \/><\/span><span data-contrast=\"auto\">\u00a0 \u00a0Ouvidorias Adjuntas:<\/span><span data-ccp-props=\"{\">\u00a0<\/span><\/p><ul><li><span data-contrast=\"auto\">GOI\u00c1S FOMENTO<\/span><span data-ccp-props=\"{}\">\u00a0<\/span><\/li><li><span data-contrast=\"auto\">GOI\u00c1S PARCERIAS<\/span><span data-ccp-props=\"{}\">\u00a0<\/span><\/li><li><span data-contrast=\"auto\">JUCEG<\/span><span data-ccp-props=\"{}\">\u00a0<\/span><\/li><li><span data-contrast=\"auto\">OVG<\/span><span data-ccp-props=\"{}\">\u00a0<\/span><\/li><li><span data-contrast=\"auto\">RETOMADA<\/span><span data-ccp-props=\"{}\">\u00a0<\/span><\/li><li><span data-contrast=\"auto\">SIC<\/span><span data-ccp-props=\"{}\">\u00a0<\/span><span data-ccp-props=\"{}\">\u00a0<\/span><\/li><\/ul><p><b><span data-contrast=\"auto\">OUVIDORIA \u201cGOVERNO\u201d<\/span><\/b><span data-ccp-props=\"{}\"><br \/><\/span><b><span data-contrast=\"none\">\u00a0 Ouvidoria Setorial<\/span><\/b> <b><span data-contrast=\"auto\">\u2013<\/span><\/b> <span data-contrast=\"auto\">CGE (Ricardo Gon\u00e7alves Santana)<\/span><span data-ccp-props=\"{\"><br \/><\/span><span data-contrast=\"auto\">\u00a0 \u00a0Ouvidorias Adjuntas:<\/span><span data-ccp-props=\"{\">\u00a0<\/span><\/p><ul><li><span data-contrast=\"auto\">SECC<\/span><span data-ccp-props=\"{}\">\u00a0<\/span><\/li><li><span data-contrast=\"auto\">SGG<\/span><span data-ccp-props=\"{}\">\u00a0<\/span><\/li><li><span data-contrast=\"auto\">PGE<\/span><span data-ccp-props=\"{}\">\u00a0<\/span><\/li><li><span data-contrast=\"auto\">VICE-GOVERNADORIA<\/span><span data-ccp-props=\"{}\">\u00a0<\/span><\/li><li><span data-contrast=\"auto\">SERINT<\/span><span data-ccp-props=\"{}\">\u00a0<\/span><\/li><li><span data-contrast=\"auto\">SECAMI<\/span><span data-ccp-props=\"{}\">\u00a0<\/span><\/li><li><span data-contrast=\"auto\">SEDF<\/span><span data-ccp-props=\"{}\">\u00a0<\/span><\/li><\/ul><p><b><span data-contrast=\"auto\">OUVIDORIA \u201cINFRAESTRUTURA\u201d<\/span><\/b><span data-ccp-props=\"{}\"><br \/><\/span><b><span data-contrast=\"none\">\u00a0Ouvidoria Setorial<\/span><\/b> <b><span data-contrast=\"auto\">\u2013<\/span><\/b> <span data-contrast=\"auto\">SEINFRA (Danilo Borges Garcia Carvalho)<\/span><span data-ccp-props=\"{\"><br \/><\/span><span data-contrast=\"auto\">\u00a0 Ouvidorias Adjuntas:<\/span><span data-ccp-props=\"{\">\u00a0<\/span><\/p><ul><li><span data-contrast=\"auto\">AGEHAB<\/span><span data-ccp-props=\"{}\">\u00a0<\/span><\/li><li><span data-contrast=\"auto\">CELG PAR<\/span><span data-ccp-props=\"{}\">\u00a0<\/span><\/li><li>CELG GT<\/li><li><span data-contrast=\"auto\">CODEGO<\/span><span data-ccp-props=\"{}\">\u00a0<\/span><\/li><li><span data-contrast=\"auto\">CONS\u00d3RCIO BRC<\/span><span data-ccp-props=\"{}\">\u00a0<\/span><\/li><li><span data-contrast=\"auto\">GOI\u00c1S G\u00c1S<\/span><span data-ccp-props=\"{}\">\u00a0<\/span><\/li><li><span data-contrast=\"auto\">GOI\u00c1S TELECOM<\/span><span data-ccp-props=\"{}\">\u00a0<\/span><\/li><li><span data-contrast=\"auto\">LAGO AZUL TRANSMISS\u00c3O \u2013 LAZ<\/span><span data-ccp-props=\"{}\">\u00a0<\/span><\/li><li><span data-contrast=\"auto\">METROBUS<\/span><span data-ccp-props=\"{}\">\u00a0<\/span><\/li><\/ul><p><b><span data-contrast=\"auto\">OUVIDORIA \u201cLAZER\u201d<\/span><\/b><span data-ccp-props=\"{}\"><br \/><\/span><b><span data-contrast=\"none\">\u00a0Ouvidoria Setorial<\/span><\/b> <b><span data-contrast=\"auto\">\u2013 <\/span><\/b><span data-contrast=\"auto\">SECULT (Keli Cristine Lemes de Souza Oliveira)<\/span><span data-ccp-props=\"{\"><br \/><\/span><span data-contrast=\"auto\">\u00a0 Ouvidorias Adjuntas:<\/span><span data-ccp-props=\"{\">\u00a0<\/span><\/p><ul><li><span data-contrast=\"auto\">ABC<\/span><span data-ccp-props=\"{}\">\u00a0<\/span><\/li><li><span data-contrast=\"auto\">GOIASTURISMO<\/span><span data-ccp-props=\"{}\">\u00a0<\/span><\/li><li><span data-contrast=\"auto\">SECOM<\/span><span data-ccp-props=\"{}\">\u00a0<\/span><\/li><li><span data-contrast=\"auto\">SEEL<\/span><span data-ccp-props=\"{}\">\u00a0<\/span><span data-ccp-props=\"{}\">\u00a0<\/span><\/li><\/ul><p><b><span data-contrast=\"none\">OUVIDORIA \u201cSA\u00daDE\u201d<\/span><\/b><span data-ccp-props=\"{}\"><br \/><\/span><b><span data-contrast=\"none\">\u00a0Ouvidoria Setorial<\/span><\/b> <b><span data-contrast=\"auto\">\u2013 <\/span><\/b><span data-contrast=\"none\">SES (Karen de Oliveira Santos)<\/span><span data-ccp-props=\"{\"><br \/><\/span><span data-contrast=\"auto\">\u00a0 Ouvidoria Adjunta:<\/span><span data-ccp-props=\"{\">\u00a0<\/span><\/p><ul><li><span data-contrast=\"none\">IQUEGO<\/span><span data-ccp-props=\"{}\">\u00a0<\/span><\/li><\/ul><p><b><span data-contrast=\"auto\">OUVIDORIA \u201cSEGURAN\u00c7A P\u00daBLICA\u201d<\/span><\/b><span data-ccp-props=\"{}\"><br \/><\/span><b><span data-contrast=\"none\">\u00a0 Ouvidoria Setorial<\/span><\/b> <b><span data-contrast=\"auto\">\u2013 SSP<\/span><\/b><span data-contrast=\"auto\"> (Italuzy Toledo Nascimento)<\/span><span data-ccp-props=\"{\"><br \/><\/span><span data-contrast=\"auto\">\u00a0 \u00a0Ouvidorias Adjuntas:<\/span><span data-ccp-props=\"{\">\u00a0<\/span><\/p><ul><li>CORPO DE BOMBEIROS MILITAR (CBM)<\/li><li>DGPP<\/li><li>POL\u00cdCIA MILITAR (PM)<\/li><\/ul><p><b><span data-contrast=\"none\">OUVIDORIA AGR<\/span><\/b><span data-ccp-props=\"{}\"><br \/><\/span><b><span data-contrast=\"none\">\u00a0Ouvidoria Setorial<\/span><\/b> <b><span data-contrast=\"auto\">\u2013 <\/span><\/b><span data-contrast=\"none\">AGR (Francisco Vieira de Macedo)<\/span><span data-ccp-props=\"{\">\u00a0<\/span><span data-ccp-props=\"{}\">\u00a0<\/span><\/p><p><b><span data-contrast=\"none\">OUVIDORIA DETRAN<\/span><\/b><span data-ccp-props=\"{}\"><br \/><\/span><b><span data-contrast=\"none\">\u00a0Ouvidoria Setorial<\/span><\/b> <b><span data-contrast=\"auto\">\u2013 <\/span><\/b><span data-contrast=\"none\">DETRAN (Manoel Leandro da Silva)<\/span><span data-ccp-props=\"{\">\u00a0<\/span><\/p><p><b><span data-contrast=\"none\">OUVIDORIA ECONOMIA<\/span><\/b><span data-ccp-props=\"{}\"><br \/><\/span><b><span data-contrast=\"none\">\u00a0 Ouvidoria Setorial<\/span><\/b> <b><span data-contrast=\"auto\">\u2013 <\/span><\/b><span data-contrast=\"none\">ECONOMIA (Wislei Augusto de Oliveira)<\/span><span data-ccp-props=\"{\">\u00a0<\/span><\/p><p><b><span data-contrast=\"none\">OUVIDORIA EDUCA\u00c7\u00c3O<\/span><\/b><span data-ccp-props=\"{}\"><br \/><\/span><b><span data-contrast=\"none\">\u00a0 Ouvidoria Setorial<\/span><\/b> <b><span data-contrast=\"auto\">\u2013 <\/span><\/b><span data-contrast=\"none\">SEDUC (Joaquim da Trindade Filho)<\/span><span data-ccp-props=\"{\">\u00a0<\/span><\/p><p><b><span data-contrast=\"none\">OUVIDORIA GOINFRA<\/span><\/b><span data-ccp-props=\"{}\"><br \/><\/span><b><span data-contrast=\"none\">\u00a0Ouvidoria Setorial \u2013 <\/span><\/b><span data-contrast=\"none\">GOINFRA (Esdras dos Santos Silveira)<\/span><span data-ccp-props=\"{\">\u00a0<\/span><\/p><p><b><span data-contrast=\"none\">OUVIDORIA SANEAGO<\/span><\/b><span data-ccp-props=\"{}\"><br \/><\/span><b><span data-contrast=\"none\">\u00a0Ouvidoria Setorial<\/span><\/b> <b><span data-contrast=\"auto\">\u2013 <\/span><\/b><span data-contrast=\"none\">SANEAGO (Stella M\u00e1rcia Oliveira Modes Lino)<\/span> <span data-ccp-props=\"{\">\u00a0<\/span><\/p><p><span data-ccp-props=\"{\"><b>OUVIDORIA INFRAESTRUTURA<\/b><br \/><b>\u00a0 Ouvidoria Setorial<\/b> <b>\u2013 <\/b>SEINFRA (Danilo Borges Garcia Carvalho)\u00a0<\/span><\/p>\t\t\t\t\t\t\t\t<\/div>\n\t\t\t\t\t<\/div>\n\t\t\t\t<\/div>\n\t\t\t\t<\/div>\n\t\t","protected":false},"excerpt":{"rendered":"<p>\u00a0 \u00a0 \u00a0 \u00a0 \u00a0 \u00a0 \u00a0 \u00a0 \u00a0 \u00a0Ouvidorias Setoriais e Respectivas Adjuntas OUVIDORIA \u201cAGROAMBIENTAL\u201d\u00a0 Ouvidoria Setorial \u2013 SEMAD (Henrique C\u00e9sar da Rocha Stabile)\u00a0 \u00a0Ouvidorias Adjuntas:\u00a0 SEAPA\u00a0 AGRODEFESA\u00a0 EMATER\u00a0 CEASA\u00a0 OUVIDORIA \u201cADMINISTRA\u00c7\u00c3O E PREVID\u00caNCIA\u201dOuvidoria Setorial \u2013 SEAD (Thiago Borges Santos e Silva)\u00a0 \u00a0Ouvidorias Adjuntas:\u00a0 GOI\u00c1SPREV\u00a0 PREVCOM-BrC OUVIDORIA \u201cCI\u00caNCIA E TECNOLOGIA\u201d\u00a0 Ouvidoria Setorial \u2013 UEG [&hellip;]<\/p>\n","protected":false},"author":536,"featured_media":0,"parent":0,"menu_order":0,"comment_status":"closed","ping_status":"closed","template":"elementor_header_footer","meta":{"footnotes":""},"class_list":["post-65929","page","type-page","status-publish","hentry"],"rttpg_featured_image_url":null,"rttpg_author":{"display_name":"mozarguimaraes","author_link":"https:\/\/goias.gov.br\/controladoria\/author\/mozarguimaraes\/"},"rttpg_comment":0,"rttpg_category":null,"rttpg_excerpt":"\u00a0 \u00a0 \u00a0 \u00a0 \u00a0 \u00a0 \u00a0 \u00a0 \u00a0 \u00a0Ouvidorias Setoriais e Respectivas Adjuntas OUVIDORIA \u201cAGROAMBIENTAL\u201d\u00a0 Ouvidoria Setorial \u2013 SEMAD (Henrique C\u00e9sar da Rocha Stabile)\u00a0 \u00a0Ouvidorias Adjuntas:\u00a0 SEAPA\u00a0 AGRODEFESA\u00a0 EMATER\u00a0 CEASA\u00a0 OUVIDORIA \u201cADMINISTRA\u00c7\u00c3O E PREVID\u00caNCIA\u201dOuvidoria Setorial \u2013 SEAD (Thiago Borges Santos e Silva)\u00a0 \u00a0Ouvidorias Adjuntas:\u00a0 GOI\u00c1SPREV\u00a0 PREVCOM-BrC OUVIDORIA \u201cCI\u00caNCIA E TECNOLOGIA\u201d\u00a0 Ouvidoria Setorial \u2013 UEG&hellip;","_links":{"self":[{"href":"https:\/\/goias.gov.br\/controladoria\/wp-json\/wp\/v2\/pages\/65929","targetHints":{"allow":["GET"]}}],"collection":[{"href":"https:\/\/goias.gov.br\/controladoria\/wp-json\/wp\/v2\/pages"}],"about":[{"href":"https:\/\/goias.gov.br\/controladoria\/wp-json\/wp\/v2\/types\/page"}],"author":[{"embeddable":true,"href":"https:\/\/goias.gov.br\/controladoria\/wp-json\/wp\/v2\/users\/536"}],"replies":[{"embeddable":true,"href":"https:\/\/goias.gov.br\/controladoria\/wp-json\/wp\/v2\/comments?post=65929"}],"version-history":[{"count":2,"href":"https:\/\/goias.gov.br\/controladoria\/wp-json\/wp\/v2\/pages\/65929\/revisions"}],"predecessor-version":[{"id":248091,"href":"https:\/\/goias.gov.br\/controladoria\/wp-json\/wp\/v2\/pages\/65929\/revisions\/248091"}],"wp:attachment":[{"href":"https:\/\/goias.gov.br\/controladoria\/wp-json\/wp\/v2\/media?parent=65929"}],"curies":[{"name":"wp","href":"https:\/\/api.w.org\/{rel}","templated":true}]}}