

{"id":49536,"date":"2024-12-03T12:03:20","date_gmt":"2024-12-03T15:03:20","guid":{"rendered":"https:\/\/goias.gov.br\/controladoria\/?page_id=49536"},"modified":"2025-11-24T11:22:10","modified_gmt":"2025-11-24T14:22:10","slug":"semana-internacional-contra-a-corrupcao-2024","status":"publish","type":"page","link":"https:\/\/goias.gov.br\/controladoria\/semana-internacional-contra-a-corrupcao-2024\/","title":{"rendered":"Semana Internacional Contra a Corrup\u00e7\u00e3o 2024"},"content":{"rendered":"\t\t<div data-elementor-type=\"wp-page\" data-elementor-id=\"49536\" class=\"elementor elementor-49536\">\n\t\t\t\t<div class=\"elementor-element elementor-element-11a21bc e-flex e-con-boxed e-con e-parent\" data-id=\"11a21bc\" data-element_type=\"container\" data-e-type=\"container\" data-settings=\"{&quot;background_background&quot;:&quot;classic&quot;}\">\n\t\t\t\t\t<div class=\"e-con-inner\">\n\t\t\t\t\t<\/div>\n\t\t\t\t<\/div>\n\t\t<div class=\"elementor-element elementor-element-a6c29fb e-flex e-con-boxed e-con e-parent\" data-id=\"a6c29fb\" data-element_type=\"container\" data-e-type=\"container\" data-settings=\"{&quot;background_background&quot;:&quot;classic&quot;}\">\n\t\t\t\t\t<div class=\"e-con-inner\">\n\t\t\t\t<div class=\"elementor-element elementor-element-dd41442 elementor-widget elementor-widget-button\" data-id=\"dd41442\" data-element_type=\"widget\" data-e-type=\"widget\" data-widget_type=\"button.default\">\n\t\t\t\t\t\t\t\t\t\t<a class=\"elementor-button elementor-button-link elementor-size-sm\" href=\"#\">\n\t\t\t\t\t\t<span class=\"elementor-button-content-wrapper\">\n\t\t\t\t\t\t<span class=\"elementor-button-icon\">\n\t\t\t\t<svg aria-hidden=\"true\" class=\"e-font-icon-svg e-far-calendar-alt\" viewBox=\"0 0 448 512\" xmlns=\"http:\/\/www.w3.org\/2000\/svg\"><path d=\"M148 288h-40c-6.6 0-12-5.4-12-12v-40c0-6.6 5.4-12 12-12h40c6.6 0 12 5.4 12 12v40c0 6.6-5.4 12-12 12zm108-12v-40c0-6.6-5.4-12-12-12h-40c-6.6 0-12 5.4-12 12v40c0 6.6 5.4 12 12 12h40c6.6 0 12-5.4 12-12zm96 0v-40c0-6.6-5.4-12-12-12h-40c-6.6 0-12 5.4-12 12v40c0 6.6 5.4 12 12 12h40c6.6 0 12-5.4 12-12zm-96 96v-40c0-6.6-5.4-12-12-12h-40c-6.6 0-12 5.4-12 12v40c0 6.6 5.4 12 12 12h40c6.6 0 12-5.4 12-12zm-96 0v-40c0-6.6-5.4-12-12-12h-40c-6.6 0-12 5.4-12 12v40c0 6.6 5.4 12 12 12h40c6.6 0 12-5.4 12-12zm192 0v-40c0-6.6-5.4-12-12-12h-40c-6.6 0-12 5.4-12 12v40c0 6.6 5.4 12 12 12h40c6.6 0 12-5.4 12-12zm96-260v352c0 26.5-21.5 48-48 48H48c-26.5 0-48-21.5-48-48V112c0-26.5 21.5-48 48-48h48V12c0-6.6 5.4-12 12-12h40c6.6 0 12 5.4 12 12v52h128V12c0-6.6 5.4-12 12-12h40c6.6 0 12 5.4 12 12v52h48c26.5 0 48 21.5 48 48zm-48 346V160H48v298c0 3.3 2.7 6 6 6h340c3.3 0 6-2.7 6-6z\"><\/path><\/svg>\t\t\t<\/span>\n\t\t\t\t\t\t\t\t\t<span class=\"elementor-button-text\"> 4 a 12 de dezembro<\/span>\n\t\t\t\t\t<\/span>\n\t\t\t\t\t<\/a>\n\t\t\t\t\t\t\t\t<\/div>\n\t\t\t\t<div class=\"elementor-element elementor-element-d560d15 elementor-widget elementor-widget-image\" data-id=\"d560d15\" data-element_type=\"widget\" data-e-type=\"widget\" data-widget_type=\"image.default\">\n\t\t\t\t\t\t\t\t\t\t\t\t\t\t\t<img decoding=\"async\" src=\"https:\/\/goias.gov.br\/controladoria\/wp-content\/uploads\/sites\/31\/2024\/08\/Logo-01-01.png\" title=\"\" alt=\"\" loading=\"lazy\" \/>\t\t\t\t\t\t\t\t\t\t\t\t\t\t\t<\/div>\n\t\t\t\t<div class=\"elementor-element elementor-element-8d28090 elementor-widget elementor-widget-text-editor\" data-id=\"8d28090\" data-element_type=\"widget\" data-e-type=\"widget\" data-widget_type=\"text-editor.default\">\n\t\t\t\t\t\t\t\t\t<p style=\"text-align: center;\"><span style=\"font-size: 14pt;\"><strong>Fa\u00e7a sua inscri\u00e7\u00e3o e garanta seu certificado:<\/strong><\/span><\/p>\t\t\t\t\t\t\t\t<\/div>\n\t\t\t\t<div class=\"elementor-element elementor-element-4e174e2 elementor-widget elementor-widget-button\" data-id=\"4e174e2\" data-element_type=\"widget\" data-e-type=\"widget\" data-widget_type=\"button.default\">\n\t\t\t\t\t\t\t\t\t\t<a class=\"elementor-button elementor-button-link elementor-size-sm\" href=\"https:\/\/doity.com.br\/solenidade-de-entrega-dos-premios-do-programa-de-compliance-publico--governanca-e-goiastransparente\">\n\t\t\t\t\t\t<span class=\"elementor-button-content-wrapper\">\n\t\t\t\t\t\t\t\t\t<span class=\"elementor-button-text\">INSCREVA-SE AQUI<\/span>\n\t\t\t\t\t<\/span>\n\t\t\t\t\t<\/a>\n\t\t\t\t\t\t\t\t<\/div>\n\t\t\t\t\t<\/div>\n\t\t\t\t<\/div>\n\t\t<div class=\"elementor-element elementor-element-3768193 e-flex e-con-boxed e-con e-parent\" data-id=\"3768193\" data-element_type=\"container\" data-e-type=\"container\" data-settings=\"{&quot;background_background&quot;:&quot;classic&quot;}\">\n\t\t\t\t\t<div class=\"e-con-inner\">\n\t\t\t\t<div class=\"elementor-element elementor-element-213f551 elementor-widget elementor-widget-text-editor\" data-id=\"213f551\" data-element_type=\"widget\" data-e-type=\"widget\" data-widget_type=\"text-editor.default\">\n\t\t\t\t\t\t\t\t\t<p style=\"text-align: center;\"><strong><span style=\"color: #ffffff;\"><span style=\"font-size: 18pt;\">Sobre a Semana<\/span><\/span><\/strong><\/p><p style=\"text-align: center;\"><span style=\"color: #ffffff;\">Em 9 de dezembro, comemora-se o Dia Internacional de Combate \u00e0 Corrup\u00e7\u00e3o. A data \u00e9 uma refer\u00eancia \u00e0 assinatura da conven\u00e7\u00e3o das Na\u00e7\u00f5es Unidas Contra a Corrup\u00e7\u00e3o, ocorrida na cidade mexicana de M\u00e9rida. Em 2003 cerca de 110 pa\u00edses assinaram a conven\u00e7\u00e3o, entre eles, o Brasil.<\/span><\/p><p style=\"text-align: center;\"><span style=\"color: #ffffff;\">Para celebrar esse dia, o Governo de Goi\u00e1s, por meio da Controladoria-Geral do Estado (CGE) e a Secretaria-Geral de Governo (SGG), promove a V Semana Internacional Contra a Corrup\u00e7\u00e3o.<\/span><\/p><p style=\"text-align: center;\"><span style=\"color: #ffffff;\">Nesta edi\u00e7\u00e3o, a Semana re\u00fane eventos que marcam importantes a\u00e7\u00f5es que incentivam a transpar\u00eancia, a participa\u00e7\u00e3o cidad\u00e3, \u00e9tica, responsabilidade, cidadania, fiscaliza\u00e7\u00e3o e controle da administra\u00e7\u00e3o p\u00fablica.<\/span><\/p><p style=\"text-align: center;\"><span style=\"color: #ffffff;\">Confira a seguir a programa\u00e7\u00e3o completa e junte-se a n\u00f3s contra a corrup\u00e7\u00e3o!<\/span><\/p>\t\t\t\t\t\t\t\t<\/div>\n\t\t\t\t\t<\/div>\n\t\t\t\t<\/div>\n\t\t<div class=\"elementor-element elementor-element-7ac1ee3 e-flex e-con-boxed e-con e-parent\" data-id=\"7ac1ee3\" data-element_type=\"container\" data-e-type=\"container\">\n\t\t\t\t\t<div class=\"e-con-inner\">\n\t\t\t\t<div class=\"elementor-element elementor-element-9586335 elementor-widget elementor-widget-text-editor\" data-id=\"9586335\" data-element_type=\"widget\" data-e-type=\"widget\" data-widget_type=\"text-editor.default\">\n\t\t\t\t\t\t\t\t\t<p style=\"text-align: center;\"><span style=\"font-size: 10pt;\"><img decoding=\"async\" class=\"aligncenter\" src=\"https:\/\/goias.gov.br\/controladoria\/wp-content\/uploads\/sites\/31\/2024\/08\/clock-solid.png\" width=\"35\" height=\"35\" \/><strong><span style=\"color: #00549a;\">PROGRAMA\u00c7\u00c3O<\/span><\/strong><\/span><\/p>\t\t\t\t\t\t\t\t<\/div>\n\t\t<div class=\"elementor-element elementor-element-8be41cc e-con-full e-flex e-con e-child\" data-id=\"8be41cc\" data-element_type=\"container\" data-e-type=\"container\">\n\t\t<div class=\"elementor-element elementor-element-5a59c88 e-con-full e-flex e-con e-child\" data-id=\"5a59c88\" data-element_type=\"container\" data-e-type=\"container\">\n\t\t\t\t<div class=\"elementor-element elementor-element-2658b9e elementor-widget elementor-widget-image\" data-id=\"2658b9e\" data-element_type=\"widget\" data-e-type=\"widget\" data-widget_type=\"image.default\">\n\t\t\t\t\t\t\t\t\t\t\t\t\t\t\t<img decoding=\"async\" src=\"https:\/\/goias.gov.br\/controladoria\/wp-content\/uploads\/sites\/31\/2024\/12\/Design-sem-nome-8.png\" title=\"\" alt=\"\" loading=\"lazy\" \/>\t\t\t\t\t\t\t\t\t\t\t\t\t\t\t<\/div>\n\t\t\t\t<\/div>\n\t\t<div class=\"elementor-element elementor-element-30e52e9 e-con-full e-flex e-con e-child\" data-id=\"30e52e9\" data-element_type=\"container\" data-e-type=\"container\">\n\t\t\t\t<div class=\"elementor-element elementor-element-3b12d45 elementor-widget elementor-widget-text-editor\" data-id=\"3b12d45\" data-element_type=\"widget\" data-e-type=\"widget\" data-widget_type=\"text-editor.default\">\n\t\t\t\t\t\t\t\t\t<p><strong><span style=\"color: #113459;\"><span style=\"font-size: 18pt;\">4\/12<\/span><\/span><span style=\"color: #113459;\"> &#8211; Quarta-feira (tarde)<\/span><\/strong><\/p><p>Premia\u00e7\u00e3o do Programa de Compliance P\u00fablico Municipal (PCM)<\/p><p>Local: Centro de Conven\u00e7\u00f5es de Goi\u00e2nia<\/p><p>Hor\u00e1rio: 16h10 \u00e0s 17h10<\/p>\t\t\t\t\t\t\t\t<\/div>\n\t\t\t\t<\/div>\n\t\t\t\t<\/div>\n\t\t<div class=\"elementor-element elementor-element-e44cc1d e-con-full e-flex e-con e-child\" data-id=\"e44cc1d\" data-element_type=\"container\" data-e-type=\"container\">\n\t\t<div class=\"elementor-element elementor-element-c0c8d03 e-con-full e-flex e-con e-child\" data-id=\"c0c8d03\" data-element_type=\"container\" data-e-type=\"container\">\n\t\t\t\t<div class=\"elementor-element elementor-element-c1a069c elementor-widget elementor-widget-image\" data-id=\"c1a069c\" data-element_type=\"widget\" data-e-type=\"widget\" data-widget_type=\"image.default\">\n\t\t\t\t\t\t\t\t\t\t\t\t\t\t\t<img decoding=\"async\" src=\"https:\/\/goias.gov.br\/controladoria\/wp-content\/uploads\/sites\/31\/2024\/12\/estudanteslogo.png\" title=\"\" alt=\"\" loading=\"lazy\" \/>\t\t\t\t\t\t\t\t\t\t\t\t\t\t\t<\/div>\n\t\t\t\t<\/div>\n\t\t<div class=\"elementor-element elementor-element-35c5286 e-con-full e-flex e-con e-child\" data-id=\"35c5286\" data-element_type=\"container\" data-e-type=\"container\">\n\t\t\t\t<div class=\"elementor-element elementor-element-837442e elementor-widget elementor-widget-text-editor\" data-id=\"837442e\" data-element_type=\"widget\" data-e-type=\"widget\" data-widget_type=\"text-editor.default\">\n\t\t\t\t\t\t\t\t\t<p><strong><span style=\"color: #113459;\"><span style=\"font-size: 18pt;\">09\/12<\/span><\/span><span style=\"color: #113459;\"> &#8211; Segunda-feira (manh\u00e3)<\/span><\/strong><\/p><p>Premia\u00e7\u00e3o do Estudantes de Atitude<\/p><p>Local: Centro de Conven\u00e7\u00f5es de An\u00e1polis<\/p><p>Hor\u00e1rio: 8h00 \u00e0s 12h00<\/p>\t\t\t\t\t\t\t\t<\/div>\n\t\t\t\t<\/div>\n\t\t\t\t<\/div>\n\t\t<div class=\"elementor-element elementor-element-b5212e0 e-con-full e-flex e-con e-child\" data-id=\"b5212e0\" data-element_type=\"container\" data-e-type=\"container\">\n\t\t<div class=\"elementor-element elementor-element-ba110f1 e-con-full e-flex e-con e-child\" data-id=\"ba110f1\" data-element_type=\"container\" data-e-type=\"container\">\n\t\t\t\t<div class=\"elementor-element elementor-element-0aee8a0 elementor-widget elementor-widget-image\" data-id=\"0aee8a0\" data-element_type=\"widget\" data-e-type=\"widget\" data-widget_type=\"image.default\">\n\t\t\t\t\t\t\t\t\t\t\t\t\t\t\t<img decoding=\"async\" src=\"https:\/\/goias.gov.br\/controladoria\/wp-content\/uploads\/sites\/31\/2024\/12\/premio-tranp-1-1.png\" title=\"\" alt=\"\" loading=\"lazy\" \/>\t\t\t\t\t\t\t\t\t\t\t\t\t\t\t<\/div>\n\t\t\t\t<\/div>\n\t\t<div class=\"elementor-element elementor-element-411e43e e-con-full e-flex e-con e-child\" data-id=\"411e43e\" data-element_type=\"container\" data-e-type=\"container\">\n\t\t\t\t<div class=\"elementor-element elementor-element-f2e0b70 elementor-widget elementor-widget-text-editor\" data-id=\"f2e0b70\" data-element_type=\"widget\" data-e-type=\"widget\" data-widget_type=\"text-editor.default\">\n\t\t\t\t\t\t\t\t\t<p><strong><span style=\"color: #113459;\"><span style=\"font-size: 18pt;\">11\/12<\/span><\/span><span style=\"color: #113459;\"> &#8211; Quarta-feira (manh\u00e3)<\/span><\/strong><\/p><p>Premia\u00e7\u00e3o do Goi\u00e1s + Transparente e de Governan\u00e7a<\/p><p>Local: Garibaldi Restaurante e Bar<\/p><p>Hor\u00e1rio: 9h00 \u00e0s 12h00<\/p>\t\t\t\t\t\t\t\t<\/div>\n\t\t\t\t<\/div>\n\t\t\t\t<\/div>\n\t\t<div class=\"elementor-element elementor-element-28fe147 e-con-full e-flex e-con e-child\" data-id=\"28fe147\" data-element_type=\"container\" data-e-type=\"container\">\n\t\t<div class=\"elementor-element elementor-element-4ba3872 e-con-full e-flex e-con e-child\" data-id=\"4ba3872\" data-element_type=\"container\" data-e-type=\"container\">\n\t\t\t\t<div class=\"elementor-element elementor-element-fba6013 elementor-widget elementor-widget-image\" data-id=\"fba6013\" data-element_type=\"widget\" data-e-type=\"widget\" data-widget_type=\"image.default\">\n\t\t\t\t\t\t\t\t\t\t\t\t\t\t\t<img decoding=\"async\" src=\"https:\/\/goias.gov.br\/controladoria\/wp-content\/uploads\/sites\/31\/2024\/12\/Design-sem-nome-11.png\" title=\"\" alt=\"\" loading=\"lazy\" \/>\t\t\t\t\t\t\t\t\t\t\t\t\t\t\t<\/div>\n\t\t\t\t<\/div>\n\t\t<div class=\"elementor-element elementor-element-21933f2 e-con-full e-flex e-con e-child\" data-id=\"21933f2\" data-element_type=\"container\" data-e-type=\"container\">\n\t\t\t\t<div class=\"elementor-element elementor-element-c523763 elementor-widget elementor-widget-text-editor\" data-id=\"c523763\" data-element_type=\"widget\" data-e-type=\"widget\" data-widget_type=\"text-editor.default\">\n\t\t\t\t\t\t\t\t\t<p><strong><span style=\"color: #113459;\"><span style=\"font-size: 18pt;\">12\/12<\/span><\/span><span style=\"color: #113459;\"> &#8211; Quinta-feira (manh\u00e3)<\/span><\/strong><\/p><p>Premia\u00e7\u00e3o do Embaixadores da Cidadania e do Construindo Juntos<\/p><p>Local: Castro\u2019s Hotel<\/p><p>Hor\u00e1rio: 8h30 \u00e0s 12h00<\/p>\t\t\t\t\t\t\t\t<\/div>\n\t\t\t\t<\/div>\n\t\t\t\t<\/div>\n\t\t<div class=\"elementor-element elementor-element-ae2bcc9 e-con-full e-flex e-con e-child\" data-id=\"ae2bcc9\" data-element_type=\"container\" data-e-type=\"container\">\n\t\t<div class=\"elementor-element elementor-element-d546657 e-con-full e-flex e-con e-child\" data-id=\"d546657\" data-element_type=\"container\" data-e-type=\"container\">\n\t\t\t\t<div class=\"elementor-element elementor-element-931a5fd elementor-widget elementor-widget-image\" data-id=\"931a5fd\" data-element_type=\"widget\" data-e-type=\"widget\" data-widget_type=\"image.default\">\n\t\t\t\t\t\t\t\t\t\t\t\t\t\t\t<img decoding=\"async\" src=\"https:\/\/goias.gov.br\/controladoria\/wp-content\/uploads\/sites\/31\/2024\/12\/Design-sem-nome-12.png\" title=\"\" alt=\"\" loading=\"lazy\" \/>\t\t\t\t\t\t\t\t\t\t\t\t\t\t\t<\/div>\n\t\t\t\t<\/div>\n\t\t<div class=\"elementor-element elementor-element-5e449a3 e-con-full e-flex e-con e-child\" data-id=\"5e449a3\" data-element_type=\"container\" data-e-type=\"container\">\n\t\t\t\t<div class=\"elementor-element elementor-element-d7ba6e3 elementor-widget elementor-widget-text-editor\" data-id=\"d7ba6e3\" data-element_type=\"widget\" data-e-type=\"widget\" data-widget_type=\"text-editor.default\">\n\t\t\t\t\t\t\t\t\t<p><strong><span style=\"color: #113459;\"><span style=\"font-size: 18pt;\">12\/12<\/span><\/span><span style=\"color: #113459;\"> &#8211; Quinta-feira (tarde)<\/span><\/strong><\/p><p>Balan\u00e7o do fim e ano da CGE<br \/><br \/>Local: Castro\u2019s Hotel<\/p><p>Hor\u00e1rio: 14h00 \u00e0s 17h00<\/p>\t\t\t\t\t\t\t\t<\/div>\n\t\t\t\t<\/div>\n\t\t\t\t<\/div>\n\t\t\t\t\t<\/div>\n\t\t\t\t<\/div>\n\t\t<div class=\"elementor-element elementor-element-b7e12bf e-flex e-con-boxed e-con e-parent\" data-id=\"b7e12bf\" data-element_type=\"container\" data-e-type=\"container\" data-settings=\"{&quot;background_background&quot;:&quot;classic&quot;}\">\n\t\t\t\t\t<div class=\"e-con-inner\">\n\t\t\t\t<div class=\"elementor-element elementor-element-4ec064c elementor-widget elementor-widget-text-editor\" data-id=\"4ec064c\" data-element_type=\"widget\" data-e-type=\"widget\" data-widget_type=\"text-editor.default\">\n\t\t\t\t\t\t\t\t\t<p style=\"text-align: center;\"><span style=\"font-size: 18pt;\"><strong><span style=\"color: #ffffff;\">Fa\u00e7a sua inscri\u00e7\u00e3o e garanta seu certificado:<\/span><\/strong><\/span><\/p>\t\t\t\t\t\t\t\t<\/div>\n\t\t\t\t<div class=\"elementor-element elementor-element-3fdfe98 elementor-align-center elementor-widget elementor-widget-button\" data-id=\"3fdfe98\" data-element_type=\"widget\" data-e-type=\"widget\" data-widget_type=\"button.default\">\n\t\t\t\t\t\t\t\t\t\t<a class=\"elementor-button elementor-button-link elementor-size-sm\" href=\"#\">\n\t\t\t\t\t\t<span class=\"elementor-button-content-wrapper\">\n\t\t\t\t\t\t\t\t\t<span class=\"elementor-button-text\">INSCREVA-SE<\/span>\n\t\t\t\t\t<\/span>\n\t\t\t\t\t<\/a>\n\t\t\t\t\t\t\t\t<\/div>\n\t\t\t\t<div class=\"elementor-element elementor-element-846df9e elementor-widget elementor-widget-text-editor\" data-id=\"846df9e\" data-element_type=\"widget\" data-e-type=\"widget\" data-widget_type=\"text-editor.default\">\n\t\t\t\t\t\t\t\t\t<p style=\"text-align: center;\"><span style=\"font-size: 18pt;\"><em><span style=\"color: #ffffff; font-family: arial, helvetica, sans-serif;\">*<span style=\"color: #999999;\">N\u00c3O H\u00c1 NECESSIDADE DE INSCRI\u00c7\u00d5ES PARA:<\/span><\/span><\/em><\/span><span style=\"font-size: 18pt;\"><em><span style=\"color: #ffffff; font-family: arial, helvetica, sans-serif;\"><br \/><\/span><\/em><\/span><\/p><p style=\"text-align: center;\"><span style=\"font-size: 18pt;\"><em><span style=\"color: #ffffff; font-family: arial, helvetica, sans-serif;\">EMBAIXADORES DA CIDADANIA,PCM E ESTUDANTES DE ATITUDE<\/span><\/em><\/span><\/p>\t\t\t\t\t\t\t\t<\/div>\n\t\t\t\t\t<\/div>\n\t\t\t\t<\/div>\n\t\t<div class=\"elementor-element elementor-element-fb8ab2f e-flex e-con-boxed e-con e-parent\" data-id=\"fb8ab2f\" data-element_type=\"container\" data-e-type=\"container\" data-settings=\"{&quot;background_background&quot;:&quot;classic&quot;}\">\n\t\t\t\t\t<div class=\"e-con-inner\">\n\t\t\t\t<div class=\"elementor-element elementor-element-da55784 elementor-widget elementor-widget-image\" data-id=\"da55784\" data-element_type=\"widget\" data-e-type=\"widget\" data-widget_type=\"image.default\">\n\t\t\t\t\t\t\t\t\t\t\t\t\t\t\t<img decoding=\"async\" src=\"https:\/\/goias.gov.br\/controladoria\/wp-content\/uploads\/sites\/31\/2024\/12\/Realizacao-1.png\" title=\"\" alt=\"\" loading=\"lazy\" \/>\t\t\t\t\t\t\t\t\t\t\t\t\t\t\t<\/div>\n\t\t\t\t\t<\/div>\n\t\t\t\t<\/div>\n\t\t<div class=\"elementor-element elementor-element-3760b9d e-flex e-con-boxed e-con e-parent\" data-id=\"3760b9d\" data-element_type=\"container\" data-e-type=\"container\" data-settings=\"{&quot;background_background&quot;:&quot;classic&quot;}\">\n\t\t\t\t\t<div class=\"e-con-inner\">\n\t\t\t\t<div class=\"elementor-element elementor-element-66b5aaa elementor-align-center elementor-widget elementor-widget-button\" data-id=\"66b5aaa\" data-element_type=\"widget\" data-e-type=\"widget\" data-widget_type=\"button.default\">\n\t\t\t\t\t\t\t\t\t\t<a class=\"elementor-button elementor-button-link elementor-size-sm\" href=\"https:\/\/www.instagram.com\/cgegoias\/\">\n\t\t\t\t\t\t<span class=\"elementor-button-content-wrapper\">\n\t\t\t\t\t\t<span class=\"elementor-button-icon\">\n\t\t\t\t<svg aria-hidden=\"true\" class=\"e-font-icon-svg e-fab-instagram\" viewBox=\"0 0 448 512\" xmlns=\"http:\/\/www.w3.org\/2000\/svg\"><path d=\"M224.1 141c-63.6 0-114.9 51.3-114.9 114.9s51.3 114.9 114.9 114.9S339 319.5 339 255.9 287.7 141 224.1 141zm0 189.6c-41.1 0-74.7-33.5-74.7-74.7s33.5-74.7 74.7-74.7 74.7 33.5 74.7 74.7-33.6 74.7-74.7 74.7zm146.4-194.3c0 14.9-12 26.8-26.8 26.8-14.9 0-26.8-12-26.8-26.8s12-26.8 26.8-26.8 26.8 12 26.8 26.8zm76.1 27.2c-1.7-35.9-9.9-67.7-36.2-93.9-26.2-26.2-58-34.4-93.9-36.2-37-2.1-147.9-2.1-184.9 0-35.8 1.7-67.6 9.9-93.9 36.1s-34.4 58-36.2 93.9c-2.1 37-2.1 147.9 0 184.9 1.7 35.9 9.9 67.7 36.2 93.9s58 34.4 93.9 36.2c37 2.1 147.9 2.1 184.9 0 35.9-1.7 67.7-9.9 93.9-36.2 26.2-26.2 34.4-58 36.2-93.9 2.1-37 2.1-147.8 0-184.8zM398.8 388c-7.8 19.6-22.9 34.7-42.6 42.6-29.5 11.7-99.5 9-132.1 9s-102.7 2.6-132.1-9c-19.6-7.8-34.7-22.9-42.6-42.6-11.7-29.5-9-99.5-9-132.1s-2.6-102.7 9-132.1c7.8-19.6 22.9-34.7 42.6-42.6 29.5-11.7 99.5-9 132.1-9s102.7-2.6 132.1 9c19.6 7.8 34.7 22.9 42.6 42.6 11.7 29.5 9 99.5 9 132.1s2.7 102.7-9 132.1z\"><\/path><\/svg>\t\t\t<\/span>\n\t\t\t\t\t\t\t\t<\/span>\n\t\t\t\t\t<\/a>\n\t\t\t\t\t\t\t\t<\/div>\n\t\t\t\t<div class=\"elementor-element elementor-element-5f63c81 elementor-align-center elementor-widget elementor-widget-button\" data-id=\"5f63c81\" data-element_type=\"widget\" data-e-type=\"widget\" data-widget_type=\"button.default\">\n\t\t\t\t\t\t\t\t\t\t<a class=\"elementor-button elementor-button-link elementor-size-sm\" href=\"https:\/\/www.youtube.com\/@cgegoiasoficial\">\n\t\t\t\t\t\t<span class=\"elementor-button-content-wrapper\">\n\t\t\t\t\t\t<span class=\"elementor-button-icon\">\n\t\t\t\t<svg aria-hidden=\"true\" class=\"e-font-icon-svg e-fab-youtube\" viewBox=\"0 0 576 512\" xmlns=\"http:\/\/www.w3.org\/2000\/svg\"><path d=\"M549.655 124.083c-6.281-23.65-24.787-42.276-48.284-48.597C458.781 64 288 64 288 64S117.22 64 74.629 75.486c-23.497 6.322-42.003 24.947-48.284 48.597-11.412 42.867-11.412 132.305-11.412 132.305s0 89.438 11.412 132.305c6.281 23.65 24.787 41.5 48.284 47.821C117.22 448 288 448 288 448s170.78 0 213.371-11.486c23.497-6.321 42.003-24.171 48.284-47.821 11.412-42.867 11.412-132.305 11.412-132.305s0-89.438-11.412-132.305zm-317.51 213.508V175.185l142.739 81.205-142.739 81.201z\"><\/path><\/svg>\t\t\t<\/span>\n\t\t\t\t\t\t\t\t<\/span>\n\t\t\t\t\t<\/a>\n\t\t\t\t\t\t\t\t<\/div>\n\t\t\t\t\t<\/div>\n\t\t\t\t<\/div>\n\t\t\t\t<\/div>\n\t\t","protected":false},"excerpt":{"rendered":"<p>4 a 12 de dezembro Fa\u00e7a sua inscri\u00e7\u00e3o e garanta seu certificado: INSCREVA-SE AQUI Sobre a Semana Em 9 de dezembro, comemora-se o Dia Internacional de Combate \u00e0 Corrup\u00e7\u00e3o. A data \u00e9 uma refer\u00eancia \u00e0 assinatura da conven\u00e7\u00e3o das Na\u00e7\u00f5es Unidas Contra a Corrup\u00e7\u00e3o, ocorrida na cidade mexicana de M\u00e9rida. Em 2003 cerca de 110 [&hellip;]<\/p>\n","protected":false},"author":18,"featured_media":0,"parent":0,"menu_order":0,"comment_status":"closed","ping_status":"closed","template":"elementor_header_footer","meta":{"footnotes":""},"class_list":["post-49536","page","type-page","status-publish","hentry"],"rttpg_featured_image_url":null,"rttpg_author":{"display_name":"joaomsouza","author_link":"https:\/\/goias.gov.br\/controladoria\/author\/joaomsouza\/"},"rttpg_comment":0,"rttpg_category":null,"rttpg_excerpt":"4 a 12 de dezembro Fa\u00e7a sua inscri\u00e7\u00e3o e garanta seu certificado: INSCREVA-SE AQUI Sobre a Semana Em 9 de dezembro, comemora-se o Dia Internacional de Combate \u00e0 Corrup\u00e7\u00e3o. A data \u00e9 uma refer\u00eancia \u00e0 assinatura da conven\u00e7\u00e3o das Na\u00e7\u00f5es Unidas Contra a Corrup\u00e7\u00e3o, ocorrida na cidade mexicana de M\u00e9rida. Em 2003 cerca de 110&hellip;","_links":{"self":[{"href":"https:\/\/goias.gov.br\/controladoria\/wp-json\/wp\/v2\/pages\/49536","targetHints":{"allow":["GET"]}}],"collection":[{"href":"https:\/\/goias.gov.br\/controladoria\/wp-json\/wp\/v2\/pages"}],"about":[{"href":"https:\/\/goias.gov.br\/controladoria\/wp-json\/wp\/v2\/types\/page"}],"author":[{"embeddable":true,"href":"https:\/\/goias.gov.br\/controladoria\/wp-json\/wp\/v2\/users\/18"}],"replies":[{"embeddable":true,"href":"https:\/\/goias.gov.br\/controladoria\/wp-json\/wp\/v2\/comments?post=49536"}],"version-history":[{"count":2,"href":"https:\/\/goias.gov.br\/controladoria\/wp-json\/wp\/v2\/pages\/49536\/revisions"}],"predecessor-version":[{"id":221290,"href":"https:\/\/goias.gov.br\/controladoria\/wp-json\/wp\/v2\/pages\/49536\/revisions\/221290"}],"wp:attachment":[{"href":"https:\/\/goias.gov.br\/controladoria\/wp-json\/wp\/v2\/media?parent=49536"}],"curies":[{"name":"wp","href":"https:\/\/api.w.org\/{rel}","templated":true}]}}