

{"id":245563,"date":"2026-02-23T15:36:45","date_gmt":"2026-02-23T18:36:45","guid":{"rendered":"https:\/\/goias.gov.br\/controladoria\/?page_id=245563"},"modified":"2026-04-07T09:06:29","modified_gmt":"2026-04-07T12:06:29","slug":"modelo-iacm","status":"publish","type":"page","link":"https:\/\/goias.gov.br\/controladoria\/auditoria-interna-e-controle\/modelo-iacm\/","title":{"rendered":"Modelo de Capacidade de Auditoria Interna (IA-CM)"},"content":{"rendered":"\t\t<div data-elementor-type=\"wp-page\" data-elementor-id=\"245563\" class=\"elementor elementor-245563\">\n\t\t\t\t<div class=\"elementor-element elementor-element-d771380 e-flex e-con-boxed e-con e-parent\" data-id=\"d771380\" data-element_type=\"container\" data-e-type=\"container\">\n\t\t\t\t\t<div class=\"e-con-inner\">\n\t\t\t\t<div class=\"elementor-element elementor-element-8c02a89 elementor-widget elementor-widget-image\" data-id=\"8c02a89\" data-element_type=\"widget\" data-e-type=\"widget\" data-widget_type=\"image.default\">\n\t\t\t\t\t\t\t\t\t\t\t\t\t\t\t<img fetchpriority=\"high\" decoding=\"async\" width=\"1522\" height=\"282\" src=\"https:\/\/goias.gov.br\/controladoria\/wp-content\/uploads\/sites\/31\/2026\/02\/Banner_SITE-ICM.jpg\" class=\"attachment-full size-full wp-image-245684\" alt=\"\" srcset=\"https:\/\/goias.gov.br\/controladoria\/wp-content\/uploads\/sites\/31\/2026\/02\/Banner_SITE-ICM.jpg 1522w, https:\/\/goias.gov.br\/controladoria\/wp-content\/uploads\/sites\/31\/2026\/02\/Banner_SITE-ICM-300x56.jpg 300w, https:\/\/goias.gov.br\/controladoria\/wp-content\/uploads\/sites\/31\/2026\/02\/Banner_SITE-ICM-1024x190.jpg 1024w, https:\/\/goias.gov.br\/controladoria\/wp-content\/uploads\/sites\/31\/2026\/02\/Banner_SITE-ICM-768x142.jpg 768w\" sizes=\"(max-width: 1522px) 100vw, 1522px\" \/>\t\t\t\t\t\t\t\t\t\t\t\t\t\t\t<\/div>\n\t\t\t\t\t<\/div>\n\t\t\t\t<\/div>\n\t\t<div class=\"elementor-element elementor-element-bc35b98 e-flex e-con-boxed e-con e-parent\" data-id=\"bc35b98\" data-element_type=\"container\" data-e-type=\"container\">\n\t\t\t\t\t<div class=\"e-con-inner\">\n\t\t\t\t<div class=\"elementor-element elementor-element-6d85e73 elementor-widget elementor-widget-text-editor\" data-id=\"6d85e73\" data-element_type=\"widget\" data-e-type=\"widget\" data-widget_type=\"text-editor.default\">\n\t\t\t\t\t\t\t\t\t<p>A Controladoria-Geral do Estado de Goi\u00e1s (CGE) adota em sua atua\u00e7\u00e3o o Modelo de Capacidade de Auditoria Interna (IA-CM), uma ferramenta de gest\u00e3o com padr\u00f5es internacionais que agrega valor \u00e0 auditoria p\u00fablica. A metodologia visa promover melhorias nas atividades de auditoria e inspe\u00e7\u00e3o realizadas junto aos \u00f3rg\u00e3os estaduais, de forma a garantir a excel\u00eancia na entrega de servi\u00e7os do governo \u00e0 sociedade.<\/p><p>O IA-CM \u00e9 uma ferramenta que identifica os fundamentos necess\u00e1rios para uma fun\u00e7\u00e3o de auditoria interna efetiva no setor p\u00fablico, um modelo composto de princ\u00edpios, pr\u00e1ticas e processos que podem ser aplicados globalmente. Al\u00e9m disso, estabelece os passos para que a auditoria interna possa progredir de um est\u00e1gio inicial para um est\u00e1gio mais forte e efetivo, geralmente associado a organiza\u00e7\u00f5es mais maduras e complexas.<\/p><p>Desenvolvido em 2009 pelo Instituto dos Auditores Internos (IIA), com apoio do Banco Mundial, o IA-CM compreende cinco n\u00edveis progressivos, nos quais s\u00e3o descritas as atividades de auditoria referentes \u00e0quele n\u00edvel. Os n\u00edveis s\u00e3o: 1 \u2013 inicial; 2 \u2013 infraestrutura; 3 \u2013 integrado; 4 \u2013 gerenciado; 5 \u2013 otimizado. A partir da implementa\u00e7\u00e3o de processos sustent\u00e1veis e institucionalizados em um determinado n\u00edvel, constr\u00f3i-se a funda\u00e7\u00e3o para que a atividade avance para o pr\u00f3ximo n\u00edvel.<\/p>\t\t\t\t\t\t\t\t<\/div>\n\t\t\t\t<div class=\"elementor-element elementor-element-ea9006a elementor-widget elementor-widget-text-editor\" data-id=\"ea9006a\" data-element_type=\"widget\" data-e-type=\"widget\" data-widget_type=\"text-editor.default\">\n\t\t\t\t\t\t\t\t\t<h2><strong>CGE Goi\u00e1s \u2013 N\u00edvel 2 do IA-CM<\/strong><\/h2>\t\t\t\t\t\t\t\t<\/div>\n\t\t\t\t<div class=\"elementor-element elementor-element-2be6f34 elementor-widget elementor-widget-image\" data-id=\"2be6f34\" data-element_type=\"widget\" data-e-type=\"widget\" data-widget_type=\"image.default\">\n\t\t\t\t\t\t\t\t\t\t\t\t\t\t\t<img decoding=\"async\" width=\"1024\" height=\"737\" src=\"https:\/\/goias.gov.br\/controladoria\/wp-content\/uploads\/sites\/31\/2026\/02\/MatrizdoIA-CM_2-4ec-1024x737-1.jpg\" class=\"attachment-large size-large wp-image-245742\" alt=\"\" srcset=\"https:\/\/goias.gov.br\/controladoria\/wp-content\/uploads\/sites\/31\/2026\/02\/MatrizdoIA-CM_2-4ec-1024x737-1.jpg 1024w, https:\/\/goias.gov.br\/controladoria\/wp-content\/uploads\/sites\/31\/2026\/02\/MatrizdoIA-CM_2-4ec-1024x737-1-300x216.jpg 300w, https:\/\/goias.gov.br\/controladoria\/wp-content\/uploads\/sites\/31\/2026\/02\/MatrizdoIA-CM_2-4ec-1024x737-1-768x553.jpg 768w\" sizes=\"(max-width: 1024px) 100vw, 1024px\" \/>\t\t\t\t\t\t\t\t\t\t\t\t\t\t\t<\/div>\n\t\t\t\t<div class=\"elementor-element elementor-element-e1827b1 elementor-widget elementor-widget-text-editor\" data-id=\"e1827b1\" data-element_type=\"widget\" data-e-type=\"widget\" data-widget_type=\"text-editor.default\">\n\t\t\t\t\t\t\t\t\t<p>Entre os dias 31\/8 e 2\/9 de 2022, a Controladoria recebeu uma comiss\u00e3o de revisores independentes do Conselho Nacional de Controle Interno (Conaci), que validaram o alcance do segundo n\u00edvel do grau de maturidade do IA-CM por parte da administra\u00e7\u00e3o estadual, atestando que a CGE Goi\u00e1s atendeu todos os macroprocessos chaves da atividade de auditoria interna (KPAs) do n\u00edvel 2 da matriz do modelo.<\/p><p>A certifica\u00e7\u00e3o do n\u00edvel 2 foi entregue ao governador de Goi\u00e1s e \u00e0 CGE dia 17\/11\/2022 pelo Banco Mundial e Conaci.\u00a0Desde 2009, quando foi criado o modelo, nenhuma organiza\u00e7\u00e3o no mundo alcan\u00e7ou o n\u00edvel 5 da matriz.<\/p>\t\t\t\t\t\t\t\t<\/div>\n\t\t\t\t\t<\/div>\n\t\t\t\t<\/div>\n\t\t<div class=\"elementor-element elementor-element-0771434 e-flex e-con-boxed e-con e-parent\" data-id=\"0771434\" data-element_type=\"container\" data-e-type=\"container\">\n\t\t\t\t\t<div class=\"e-con-inner\">\n\t\t\t\t<div class=\"elementor-element elementor-element-de2d9ac elementor-widget elementor-widget-n-accordion\" data-id=\"de2d9ac\" data-element_type=\"widget\" data-e-type=\"widget\" data-settings=\"{&quot;default_state&quot;:&quot;expanded&quot;,&quot;max_items_expended&quot;:&quot;one&quot;,&quot;n_accordion_animation_duration&quot;:{&quot;unit&quot;:&quot;ms&quot;,&quot;size&quot;:400,&quot;sizes&quot;:[]}}\" data-widget_type=\"nested-accordion.default\">\n\t\t\t\t\t\t\t<div class=\"e-n-accordion\" aria-label=\"Accordion. Open links with Enter or Space, close with Escape, and navigate with Arrow Keys\">\n\t\t\t\t\t\t<details id=\"e-n-accordion-item-2320\" class=\"e-n-accordion-item\" open>\n\t\t\t\t<summary class=\"e-n-accordion-item-title\" data-accordion-index=\"1\" tabindex=\"0\" aria-expanded=\"true\" aria-controls=\"e-n-accordion-item-2320\" >\n\t\t\t\t\t<span class='e-n-accordion-item-title-header'><div class=\"e-n-accordion-item-title-text\"> Saiba mais sobre o IA-CM <\/div><\/span>\n\t\t\t\t\t\t\t<span class='e-n-accordion-item-title-icon'>\n\t\t\t<span class='e-opened' ><svg aria-hidden=\"true\" class=\"e-font-icon-svg e-fas-minus\" viewBox=\"0 0 448 512\" xmlns=\"http:\/\/www.w3.org\/2000\/svg\"><path d=\"M416 208H32c-17.67 0-32 14.33-32 32v32c0 17.67 14.33 32 32 32h384c17.67 0 32-14.33 32-32v-32c0-17.67-14.33-32-32-32z\"><\/path><\/svg><\/span>\n\t\t\t<span class='e-closed'><svg aria-hidden=\"true\" class=\"e-font-icon-svg e-fas-plus\" viewBox=\"0 0 448 512\" xmlns=\"http:\/\/www.w3.org\/2000\/svg\"><path d=\"M416 208H272V64c0-17.67-14.33-32-32-32h-32c-17.67 0-32 14.33-32 32v144H32c-17.67 0-32 14.33-32 32v32c0 17.67 14.33 32 32 32h144v144c0 17.67 14.33 32 32 32h32c17.67 0 32-14.33 32-32V304h144c17.67 0 32-14.33 32-32v-32c0-17.67-14.33-32-32-32z\"><\/path><\/svg><\/span>\n\t\t<\/span>\n\n\t\t\t\t\t\t<\/summary>\n\t\t\t\t<div role=\"region\" aria-labelledby=\"e-n-accordion-item-2320\" class=\"elementor-element elementor-element-f6dbee9 e-con-full e-flex e-con e-child\" data-id=\"f6dbee9\" data-element_type=\"container\" data-e-type=\"container\">\n\t\t\t\t<div class=\"elementor-element elementor-element-16dd7e1 elementor-widget elementor-widget-text-editor\" data-id=\"16dd7e1\" data-element_type=\"widget\" data-e-type=\"widget\" data-widget_type=\"text-editor.default\">\n\t\t\t\t\t\t\t\t\t<p>O Modelo de Capacidade de Auditoria Interna (IA-CM) para o setor p\u00fablico, desenvolvido em 2009 pelo Instituto dos Auditores Internos (IIA) com apoio do Banco Mundial e atualizado em 2017, \u00e9 um framework internacionalmente reconhecido que identifica os fundamentos necess\u00e1rios para uma auditoria interna efetiva, de modo a atender \u00e0s necessidades da administra\u00e7\u00e3o da organiza\u00e7\u00e3o e \u00e0s expectativas profissionais da fun\u00e7\u00e3o. \u00c9 um modelo universal baseado em pr\u00e1ticas l\u00edderes que podem ser aplicadas globalmente. O IA-CM se presta a ser uma ferramenta estrat\u00e9gica, uma estrutura para autoavalia\u00e7\u00e3o e avalia\u00e7\u00f5es externas e um roteiro para melhoria e desenvolvimento ordenados.<\/p><p>O modelo est\u00e1 estruturado em uma matriz, denominada, Matriz de 1 P\u00e1gina, com cinco n\u00edveis de maturidade, seis elementos de auditoria e 41 macroprocessos (KPA \u2013 key process areas) vinculados. Cada macroprocesso possui um objetivo espec\u00edfico e identifica as atividades essenciais que devem ser colocadas em pr\u00e1tica e sustentadas. Para alcan\u00e7ar um n\u00edvel de maturidade \u00e9 necess\u00e1rio que todos os macroprocessos do mesmo n\u00edvel estejam implementados (institucionalizados), o que representa estar na cultura da unidade de auditoria interna.<\/p><p>O IA-CM \u00e9 atualmente a ferramenta estrat\u00e9gica nacional recomendada aos membros do Conaci, com o objetivo de fortalecer a atividade de auditoria interna governamental no Brasil, mediante a parceria institu\u00edda desde 2014 entre o Conaci e o Banco Mundial.<\/p>\t\t\t\t\t\t\t\t<\/div>\n\t\t\t\t<\/div>\n\t\t\t\t\t<\/details>\n\t\t\t\t\t\t<details id=\"e-n-accordion-item-2321\" class=\"e-n-accordion-item\" >\n\t\t\t\t<summary class=\"e-n-accordion-item-title\" data-accordion-index=\"2\" tabindex=\"-1\" aria-expanded=\"false\" aria-controls=\"e-n-accordion-item-2321\" >\n\t\t\t\t\t<span class='e-n-accordion-item-title-header'><div class=\"e-n-accordion-item-title-text\"> Documentos <\/div><\/span>\n\t\t\t\t\t\t\t<span class='e-n-accordion-item-title-icon'>\n\t\t\t<span class='e-opened' ><svg aria-hidden=\"true\" class=\"e-font-icon-svg e-fas-minus\" viewBox=\"0 0 448 512\" xmlns=\"http:\/\/www.w3.org\/2000\/svg\"><path d=\"M416 208H32c-17.67 0-32 14.33-32 32v32c0 17.67 14.33 32 32 32h384c17.67 0 32-14.33 32-32v-32c0-17.67-14.33-32-32-32z\"><\/path><\/svg><\/span>\n\t\t\t<span class='e-closed'><svg aria-hidden=\"true\" class=\"e-font-icon-svg e-fas-plus\" viewBox=\"0 0 448 512\" xmlns=\"http:\/\/www.w3.org\/2000\/svg\"><path d=\"M416 208H272V64c0-17.67-14.33-32-32-32h-32c-17.67 0-32 14.33-32 32v144H32c-17.67 0-32 14.33-32 32v32c0 17.67 14.33 32 32 32h144v144c0 17.67 14.33 32 32 32h32c17.67 0 32-14.33 32-32V304h144c17.67 0 32-14.33 32-32v-32c0-17.67-14.33-32-32-32z\"><\/path><\/svg><\/span>\n\t\t<\/span>\n\n\t\t\t\t\t\t<\/summary>\n\t\t\t\t<div role=\"region\" aria-labelledby=\"e-n-accordion-item-2321\" class=\"elementor-element elementor-element-a3a0eb0 e-con-full e-flex e-con e-child\" data-id=\"a3a0eb0\" data-element_type=\"container\" data-e-type=\"container\">\n\t\t\t\t<div class=\"elementor-element elementor-element-ee6895c elementor-widget elementor-widget-text-editor\" data-id=\"ee6895c\" data-element_type=\"widget\" data-e-type=\"widget\" data-widget_type=\"text-editor.default\">\n\t\t\t\t\t\t\t\t\t<ul><li><p><a href=\"https:\/\/goias.gov.br\/controladoria\/wp-content\/uploads\/sites\/31\/2024\/11\/Plano_de-Negocios_CGE_-2024-2027.pdf\">Plano de Neg\u00f3cios 2024-2027<\/a><\/p><\/li><li><p><a href=\"https:\/\/goias.gov.br\/controladoria\/wp-content\/uploads\/sites\/31\/2024\/11\/Planejamento_-Estrategico_CGE_-2024-2027.pdf\">Planejamento Estrat\u00e9gico (PE);<\/a><\/p><\/li><li><p><a href=\"https:\/\/goias.gov.br\/controladoria\/programa-de-compliance-publico-do-governo-de-goias\/\">Programa de Compliance P\u00fablico do Estado de Goi\u00e1s (PCP)<\/a><\/p><\/li><li><p><a href=\"https:\/\/goias.gov.br\/controladoria\/auditoria-interna-e-controle\/plano-anual-das-acoes-de-controle-paac\/\">Planos Anuais das A\u00e7\u00f5es de Controle (PAAC)<\/a><\/p><\/li><li><p><a id=\"\" title=\"\" href=\"https:\/\/goias.gov.br\/controladoria\/wp-content\/uploads\/sites\/31\/2022\/12\/1-Relatorio_Conaci_Validacao_IACM_CGE-GO-d4f.pdf\" target=\"_blank\" rel=\"noopener\">Relat\u00f3rio 2022 do Conaci \u2013 Valida\u00e7\u00e3o do IA-CM na CGE-GO\u00a0<\/a><\/p><\/li><li><p><a href=\"https:\/\/goias.gov.br\/controladoria\/wp-content\/uploads\/sites\/31\/2022\/12\/2_Sequencia_de_Auditoria-53d.pdf\" target=\"_blank\" rel=\"noopener\">Sequ\u00eancia do Processo de Auditoria de Conformidade com modelos<\/a><\/p><\/li><li><a href=\"https:\/\/goias.gov.br\/controladoria\/wp-content\/uploads\/sites\/31\/2026\/03\/GEAPP___Processo_de_Consultoria_em_Politicas_Publicas_25_03_26.pdf\">Sequ\u00eancia do Processo de Consultoria (Foco: Pol\u00edticas P\u00fablicas)<\/a><\/li><\/ul>\t\t\t\t\t\t\t\t<\/div>\n\t\t\t\t<\/div>\n\t\t\t\t\t<\/details>\n\t\t\t\t\t\t<details id=\"e-n-accordion-item-2322\" class=\"e-n-accordion-item\" >\n\t\t\t\t<summary class=\"e-n-accordion-item-title\" data-accordion-index=\"3\" tabindex=\"-1\" aria-expanded=\"false\" aria-controls=\"e-n-accordion-item-2322\" >\n\t\t\t\t\t<span class='e-n-accordion-item-title-header'><div class=\"e-n-accordion-item-title-text\"> Legisla\u00e7\u00e3o <\/div><\/span>\n\t\t\t\t\t\t\t<span class='e-n-accordion-item-title-icon'>\n\t\t\t<span class='e-opened' ><svg aria-hidden=\"true\" class=\"e-font-icon-svg e-fas-minus\" viewBox=\"0 0 448 512\" xmlns=\"http:\/\/www.w3.org\/2000\/svg\"><path d=\"M416 208H32c-17.67 0-32 14.33-32 32v32c0 17.67 14.33 32 32 32h384c17.67 0 32-14.33 32-32v-32c0-17.67-14.33-32-32-32z\"><\/path><\/svg><\/span>\n\t\t\t<span class='e-closed'><svg aria-hidden=\"true\" class=\"e-font-icon-svg e-fas-plus\" viewBox=\"0 0 448 512\" xmlns=\"http:\/\/www.w3.org\/2000\/svg\"><path d=\"M416 208H272V64c0-17.67-14.33-32-32-32h-32c-17.67 0-32 14.33-32 32v144H32c-17.67 0-32 14.33-32 32v32c0 17.67 14.33 32 32 32h144v144c0 17.67 14.33 32 32 32h32c17.67 0 32-14.33 32-32V304h144c17.67 0 32-14.33 32-32v-32c0-17.67-14.33-32-32-32z\"><\/path><\/svg><\/span>\n\t\t<\/span>\n\n\t\t\t\t\t\t<\/summary>\n\t\t\t\t<div role=\"region\" aria-labelledby=\"e-n-accordion-item-2322\" class=\"elementor-element elementor-element-dfcc526 e-flex e-con-boxed e-con e-child\" data-id=\"dfcc526\" data-element_type=\"container\" data-e-type=\"container\">\n\t\t\t\t\t<div class=\"e-con-inner\">\n\t\t\t\t<div class=\"elementor-element elementor-element-3e672b9 elementor-widget elementor-widget-text-editor\" data-id=\"3e672b9\" data-element_type=\"widget\" data-e-type=\"widget\" data-widget_type=\"text-editor.default\">\n\t\t\t\t\t\t\t\t\t<ul><li><p><a id=\"\" title=\"\" href=\"https:\/\/goias.gov.br\/controladoria\/wp-content\/uploads\/sites\/31\/2022\/12\/3-LeiOrdinaria18.441InstituioquadropermanentedaCGE-GO-e74.pdf\" target=\"_blank\" rel=\"noopener\">Lei Ordin\u00e1ria n\u00ba 18.441\/2014 (Institui o quadro permanente da CGE-GO)<\/a><\/p><\/li><li><p><a id=\"\" title=\"\" href=\"https:\/\/legisla.casacivil.go.gov.br\/api\/v2\/pesquisa\/legislacoes\/106749\/pdf\" target=\"_blank\" rel=\"noopener\">Lei Ordin\u00e1ria n\u00ba 21.792\/2023 (Estabelece a organiza\u00e7\u00e3o administrativa b\u00e1sica do Poder Executivo e d\u00e1 outras provid\u00eancias)<\/a><\/p><\/li><li><p><a id=\"\" title=\"\" href=\"https:\/\/goias.gov.br\/controladoria\/wp-content\/uploads\/sites\/31\/2022\/12\/5-LeiOrdinaria20.986-21-03c.pdf\" target=\"_blank\" rel=\"noopener\">Lei Ordin\u00e1ria n\u00ba 20.986\/2021 (Lei Org\u00e2nica CGE-GO)<\/a><\/p><\/li><li><p><a id=\"\" title=\"\" href=\"https:\/\/legisla.casacivil.go.gov.br\/pesquisa_legislacao\/108402\/decreto-10391\" target=\"_blank\" rel=\"noopener\">Decreto n\u00ba 10.391\/2024 (Regulamento da CGE)<\/a><\/p><\/li><li><p><a id=\"\" title=\"\" href=\"https:\/\/goias.gov.br\/controladoria\/wp-content\/uploads\/sites\/31\/2024\/09\/SEI_GOVERNADORIA-64320352-Portaria.pdf\" target=\"_blank\" rel=\"noopener\">Portaria CGE n\u00ba 163\/2024 (Estrutura as A\u00e7\u00f5es de Controle)<\/a><\/p><\/li><li><p><a id=\"\" title=\"\" href=\"https:\/\/goias.gov.br\/controladoria\/wp-content\/uploads\/sites\/31\/2022\/12\/9-781.pdf\" target=\"_blank\" rel=\"noopener\">Portaria CGE n\u00ba 135\/2024 (Plano de Desenvolvimento Profissional)<\/a><\/p><\/li><li><p><a href=\"https:\/\/iiabrasil.org.br\/\/ippf\/codigo-de-etica\" target=\"_blank\" rel=\"noopener\">C\u00f3digo de \u00c9tica (Institute of Internal Auditors \u2013 The IIA)<\/a><\/p><\/li><\/ul>\t\t\t\t\t\t\t\t<\/div>\n\t\t\t\t\t<\/div>\n\t\t\t\t<\/div>\n\t\t\t\t\t<\/details>\n\t\t\t\t\t<\/div>\n\t\t\t\t\t\t<\/div>\n\t\t\t\t\t<\/div>\n\t\t\t\t<\/div>\n\t\t\t\t<\/div>\n\t\t","protected":false},"excerpt":{"rendered":"<p>A Controladoria-Geral do Estado de Goi\u00e1s (CGE) adota em sua atua\u00e7\u00e3o o Modelo de Capacidade de Auditoria Interna (IA-CM), uma ferramenta de gest\u00e3o com padr\u00f5es internacionais que agrega valor \u00e0 auditoria p\u00fablica. A metodologia visa promover melhorias nas atividades de auditoria e inspe\u00e7\u00e3o realizadas junto aos \u00f3rg\u00e3os estaduais, de forma a garantir a excel\u00eancia na [&hellip;]<\/p>\n","protected":false},"author":657,"featured_media":0,"parent":240404,"menu_order":0,"comment_status":"closed","ping_status":"closed","template":"","meta":{"footnotes":""},"class_list":["post-245563","page","type-page","status-publish","hentry"],"rttpg_featured_image_url":null,"rttpg_author":{"display_name":"anamorais","author_link":"https:\/\/goias.gov.br\/controladoria\/author\/anamorais\/"},"rttpg_comment":0,"rttpg_category":null,"rttpg_excerpt":"A Controladoria-Geral do Estado de Goi\u00e1s (CGE) adota em sua atua\u00e7\u00e3o o Modelo de Capacidade de Auditoria Interna (IA-CM), uma ferramenta de gest\u00e3o com padr\u00f5es internacionais que agrega valor \u00e0 auditoria p\u00fablica. A metodologia visa promover melhorias nas atividades de auditoria e inspe\u00e7\u00e3o realizadas junto aos \u00f3rg\u00e3os estaduais, de forma a garantir a excel\u00eancia na&hellip;","_links":{"self":[{"href":"https:\/\/goias.gov.br\/controladoria\/wp-json\/wp\/v2\/pages\/245563","targetHints":{"allow":["GET"]}}],"collection":[{"href":"https:\/\/goias.gov.br\/controladoria\/wp-json\/wp\/v2\/pages"}],"about":[{"href":"https:\/\/goias.gov.br\/controladoria\/wp-json\/wp\/v2\/types\/page"}],"author":[{"embeddable":true,"href":"https:\/\/goias.gov.br\/controladoria\/wp-json\/wp\/v2\/users\/657"}],"replies":[{"embeddable":true,"href":"https:\/\/goias.gov.br\/controladoria\/wp-json\/wp\/v2\/comments?post=245563"}],"version-history":[{"count":2,"href":"https:\/\/goias.gov.br\/controladoria\/wp-json\/wp\/v2\/pages\/245563\/revisions"}],"predecessor-version":[{"id":271395,"href":"https:\/\/goias.gov.br\/controladoria\/wp-json\/wp\/v2\/pages\/245563\/revisions\/271395"}],"up":[{"embeddable":true,"href":"https:\/\/goias.gov.br\/controladoria\/wp-json\/wp\/v2\/pages\/240404"}],"wp:attachment":[{"href":"https:\/\/goias.gov.br\/controladoria\/wp-json\/wp\/v2\/media?parent=245563"}],"curies":[{"name":"wp","href":"https:\/\/api.w.org\/{rel}","templated":true}]}}