

{"id":22134,"date":"2024-07-10T10:48:10","date_gmt":"2024-07-10T13:48:10","guid":{"rendered":"https:\/\/goias.gov.br\/controladoria\/?page_id=22134"},"modified":"2025-11-24T11:51:42","modified_gmt":"2025-11-24T14:51:42","slug":"seminarioouvidoria8","status":"publish","type":"page","link":"https:\/\/goias.gov.br\/controladoria\/seminarioouvidoria8\/","title":{"rendered":"VIII Semin\u00e1rio Goiano de Ouvidorias"},"content":{"rendered":"\t\t<div data-elementor-type=\"wp-page\" data-elementor-id=\"22134\" class=\"elementor elementor-22134\">\n\t\t\t\t<div class=\"elementor-element elementor-element-8a344f0 e-flex e-con-boxed e-con e-parent\" data-id=\"8a344f0\" data-element_type=\"container\" data-e-type=\"container\" data-settings=\"{&quot;background_background&quot;:&quot;classic&quot;}\">\n\t\t\t\t\t<div class=\"e-con-inner\">\n\t\t\t\t<div class=\"elementor-element elementor-element-41fb89e elementor-widget elementor-widget-button\" data-id=\"41fb89e\" data-element_type=\"widget\" data-e-type=\"widget\" data-widget_type=\"button.default\">\n\t\t\t\t\t\t\t\t\t\t<a class=\"elementor-button elementor-button-link elementor-size-sm\" href=\"#\">\n\t\t\t\t\t\t<span class=\"elementor-button-content-wrapper\">\n\t\t\t\t\t\t<span class=\"elementor-button-icon\">\n\t\t\t\t<svg aria-hidden=\"true\" class=\"e-font-icon-svg e-far-calendar-alt\" viewBox=\"0 0 448 512\" xmlns=\"http:\/\/www.w3.org\/2000\/svg\"><path d=\"M148 288h-40c-6.6 0-12-5.4-12-12v-40c0-6.6 5.4-12 12-12h40c6.6 0 12 5.4 12 12v40c0 6.6-5.4 12-12 12zm108-12v-40c0-6.6-5.4-12-12-12h-40c-6.6 0-12 5.4-12 12v40c0 6.6 5.4 12 12 12h40c6.6 0 12-5.4 12-12zm96 0v-40c0-6.6-5.4-12-12-12h-40c-6.6 0-12 5.4-12 12v40c0 6.6 5.4 12 12 12h40c6.6 0 12-5.4 12-12zm-96 96v-40c0-6.6-5.4-12-12-12h-40c-6.6 0-12 5.4-12 12v40c0 6.6 5.4 12 12 12h40c6.6 0 12-5.4 12-12zm-96 0v-40c0-6.6-5.4-12-12-12h-40c-6.6 0-12 5.4-12 12v40c0 6.6 5.4 12 12 12h40c6.6 0 12-5.4 12-12zm192 0v-40c0-6.6-5.4-12-12-12h-40c-6.6 0-12 5.4-12 12v40c0 6.6 5.4 12 12 12h40c6.6 0 12-5.4 12-12zm96-260v352c0 26.5-21.5 48-48 48H48c-26.5 0-48-21.5-48-48V112c0-26.5 21.5-48 48-48h48V12c0-6.6 5.4-12 12-12h40c6.6 0 12 5.4 12 12v52h128V12c0-6.6 5.4-12 12-12h40c6.6 0 12 5.4 12 12v52h48c26.5 0 48 21.5 48 48zm-48 346V160H48v298c0 3.3 2.7 6 6 6h340c3.3 0 6-2.7 6-6z\"><\/path><\/svg>\t\t\t<\/span>\n\t\t\t\t\t\t\t\t\t<span class=\"elementor-button-text\"> 4 a 12 de dezembro<\/span>\n\t\t\t\t\t<\/span>\n\t\t\t\t\t<\/a>\n\t\t\t\t\t\t\t\t<\/div>\n\t\t\t\t<div class=\"elementor-element elementor-element-6207ab5 elementor-widget elementor-widget-image\" data-id=\"6207ab5\" data-element_type=\"widget\" data-e-type=\"widget\" data-widget_type=\"image.default\">\n\t\t\t\t\t\t\t\t\t\t\t\t\t\t\t<img decoding=\"async\" src=\"https:\/\/goias.gov.br\/controladoria\/wp-content\/uploads\/sites\/31\/2024\/07\/BASE-02.png\" title=\"\" alt=\"\" loading=\"lazy\" \/>\t\t\t\t\t\t\t\t\t\t\t\t\t\t\t<\/div>\n\t\t\t\t<div class=\"elementor-element elementor-element-3a95683 elementor-widget elementor-widget-button\" data-id=\"3a95683\" data-element_type=\"widget\" data-e-type=\"widget\" data-widget_type=\"button.default\">\n\t\t\t\t\t\t\t\t\t\t<a class=\"elementor-button elementor-button-link elementor-size-sm\" href=\"https:\/\/app.controladoria.go.gov.br\/certificados\/?p=Mw==\" target=\"_blank\">\n\t\t\t\t\t\t<span class=\"elementor-button-content-wrapper\">\n\t\t\t\t\t\t\t\t\t<span class=\"elementor-button-text\">GERAR AQUI O CERTIFICADO<\/span>\n\t\t\t\t\t<\/span>\n\t\t\t\t\t<\/a>\n\t\t\t\t\t\t\t\t<\/div>\n\t\t\t\t\t<\/div>\n\t\t\t\t<\/div>\n\t\t<div class=\"elementor-element elementor-element-bd0feb4 e-flex e-con-boxed e-con e-parent\" data-id=\"bd0feb4\" data-element_type=\"container\" data-e-type=\"container\">\n\t\t\t\t\t<div class=\"e-con-inner\">\n\t\t\t\t<div class=\"elementor-element elementor-element-c4c7c8d elementor-widget elementor-widget-text-editor\" data-id=\"c4c7c8d\" data-element_type=\"widget\" data-e-type=\"widget\" data-widget_type=\"text-editor.default\">\n\t\t\t\t\t\t\t\t\t<h3 style=\"text-align: center;\">Sobre o Semin\u00e1rio<\/h3><p style=\"text-align: center;\">A Ouvidorias em Rede \u2013 Goi\u00e1s, mantendo a tradi\u00e7\u00e3o de semin\u00e1rios anuais, promove o 8\u00ba Semin\u00e1rio Goiano de Ouvidorias P\u00fablicas, com a finalidade de expor metodologias utilizadas pelos poderes Executivo, Legislativo e Judici\u00e1rio, bem como por seus \u00f3rg\u00e3os e inst\u00e2ncias de assessoramento, para a avalia\u00e7\u00e3o e implanta\u00e7\u00e3o de a\u00e7\u00f5es de aprimoramento da gest\u00e3o das unidades de ouvidoria. Al\u00e9m de compartilhar boas pr\u00e1ticas das ouvidorias p\u00fablicas, a Rede goiana busca novos part\u00edcipes no \u00e2mbito do Estado, demonstrando os benef\u00edcios da participa\u00e7\u00e3o dos usu\u00e1rios de servi\u00e7os p\u00fablicos na gest\u00e3o e na forma\u00e7\u00e3o de pol\u00edticas p\u00fablicas efetivas, de forma a incentivar as prefeituras goianas \u00e0 cria\u00e7\u00e3o e estrutura\u00e7\u00e3o de suas ouvidorias.<\/p>\t\t\t\t\t\t\t\t<\/div>\n\t\t\t\t\t<\/div>\n\t\t\t\t<\/div>\n\t\t<div class=\"elementor-element elementor-element-181580e e-flex e-con-boxed e-con e-parent\" data-id=\"181580e\" data-element_type=\"container\" data-e-type=\"container\" data-settings=\"{&quot;background_background&quot;:&quot;classic&quot;}\">\n\t\t\t\t\t<div class=\"e-con-inner\">\n\t\t\t\t<div class=\"elementor-element elementor-element-b6ea540 elementor-widget elementor-widget-text-editor\" data-id=\"b6ea540\" data-element_type=\"widget\" data-e-type=\"widget\" data-widget_type=\"text-editor.default\">\n\t\t\t\t\t\t\t\t\t<p style=\"text-align: center;\"><span style=\"color: #ededed;\"><img decoding=\"async\" src=\"https:\/\/goias.gov.br\/controladoria\/wp-content\/uploads\/sites\/31\/2024\/07\/CC-1.png\" alt=\"Image\" \/><\/span><br \/><strong><span style=\"color: #ededed;\">PALESTRANTES<\/span><\/strong><\/p>\t\t\t\t\t\t\t\t<\/div>\n\t\t<div class=\"elementor-element elementor-element-bf09562 e-con-full e-flex e-con e-child\" data-id=\"bf09562\" data-element_type=\"container\" data-e-type=\"container\">\n\t\t<div class=\"elementor-element elementor-element-76f036f e-con-full e-flex e-con e-child\" data-id=\"76f036f\" data-element_type=\"container\" data-e-type=\"container\">\n\t\t\t\t<div class=\"elementor-element elementor-element-ea98284 elementor-position-top elementor-widget elementor-widget-image-box\" data-id=\"ea98284\" data-element_type=\"widget\" data-e-type=\"widget\" data-widget_type=\"image-box.default\">\n\t\t\t\t\t<div class=\"elementor-image-box-wrapper\"><figure class=\"elementor-image-box-img\"><img decoding=\"async\" src=\"https:\/\/goias.gov.br\/controladoria\/wp-content\/uploads\/sites\/31\/2024\/07\/Jussara.png\" title=\"\" alt=\"\" loading=\"lazy\" \/><\/figure><div class=\"elementor-image-box-content\"><h3 class=\"elementor-image-box-title\">Jussara Maria Pordeus e Silva<\/h3><p class=\"elementor-image-box-description\">Procuradora de Justi\u00e7a do MP-AM e presidente do Conselho Nacional de Ouvidores do Minist\u00e9rio P\u00fablico<\/p><\/div><\/div>\t\t\t\t<\/div>\n\t\t\t\t<\/div>\n\t\t<div class=\"elementor-element elementor-element-b5c3a45 e-con-full e-flex e-con e-child\" data-id=\"b5c3a45\" data-element_type=\"container\" data-e-type=\"container\">\n\t\t\t\t<div class=\"elementor-element elementor-element-39e3eac elementor-position-top elementor-widget elementor-widget-image-box\" data-id=\"39e3eac\" data-element_type=\"widget\" data-e-type=\"widget\" data-widget_type=\"image-box.default\">\n\t\t\t\t\t<div class=\"elementor-image-box-wrapper\"><figure class=\"elementor-image-box-img\"><img decoding=\"async\" src=\"https:\/\/goias.gov.br\/controladoria\/wp-content\/uploads\/sites\/31\/2024\/07\/paulo.png\" title=\"\" alt=\"\" loading=\"lazy\" \/><\/figure><div class=\"elementor-image-box-content\"><h3 class=\"elementor-image-box-title\">Paulo Henrique de Souza<\/h3><p class=\"elementor-image-box-description\">Gestor governamental do governo de Goi\u00e1s e gerente do Laborat\u00f3rio de Inova\u00e7\u00e3o e Desenvolvimento de Pessoas \u2013 PequiLab<\/p><\/div><\/div>\t\t\t\t<\/div>\n\t\t\t\t<\/div>\n\t\t\t\t<\/div>\n\t\t\t\t<div class=\"elementor-element elementor-element-b51e287 elementor-widget elementor-widget-text-editor\" data-id=\"b51e287\" data-element_type=\"widget\" data-e-type=\"widget\" data-widget_type=\"text-editor.default\">\n\t\t\t\t\t\t\t\t\t<p style=\"text-align: center;\"><span style=\"color: #ededed;\"><img decoding=\"async\" src=\"https:\/\/goias.gov.br\/controladoria\/wp-content\/uploads\/sites\/31\/2024\/07\/CC-1.png\" alt=\"Image\" \/><br \/><\/span><strong><span style=\"font-size: 14pt; color: #ffffff;\">PAINELISTAS<\/span><\/strong><\/p>\t\t\t\t\t\t\t\t<\/div>\n\t\t<div class=\"elementor-element elementor-element-398ad36 e-con-full e-flex e-con e-child\" data-id=\"398ad36\" data-element_type=\"container\" data-e-type=\"container\">\n\t\t<div class=\"elementor-element elementor-element-3b93876 e-con-full e-flex e-con e-child\" data-id=\"3b93876\" data-element_type=\"container\" data-e-type=\"container\">\n\t\t\t\t<div class=\"elementor-element elementor-element-f81a49f elementor-position-top elementor-widget elementor-widget-image-box\" data-id=\"f81a49f\" data-element_type=\"widget\" data-e-type=\"widget\" data-widget_type=\"image-box.default\">\n\t\t\t\t\t<div class=\"elementor-image-box-wrapper\"><figure class=\"elementor-image-box-img\"><img decoding=\"async\" src=\"https:\/\/goias.gov.br\/controladoria\/wp-content\/uploads\/sites\/31\/2024\/07\/Kathia-1.png\" title=\"\" alt=\"\" loading=\"lazy\" \/><\/figure><div class=\"elementor-image-box-content\"><h3 class=\"elementor-image-box-title\">Kathia Maria Bomtempo de Albuquerque <\/h3><p class=\"elementor-image-box-description\">Desembargadora do Trabalho e Ouvidora do Tribunal Regional do Trabalho da 18\u00aa Regi\u00e3o<\/p><\/div><\/div>\t\t\t\t<\/div>\n\t\t\t\t<\/div>\n\t\t<div class=\"elementor-element elementor-element-978c98a e-con-full e-flex e-con e-child\" data-id=\"978c98a\" data-element_type=\"container\" data-e-type=\"container\">\n\t\t\t\t<div class=\"elementor-element elementor-element-72e0b23 elementor-position-top elementor-widget elementor-widget-image-box\" data-id=\"72e0b23\" data-element_type=\"widget\" data-e-type=\"widget\" data-widget_type=\"image-box.default\">\n\t\t\t\t\t<div class=\"elementor-image-box-wrapper\"><figure class=\"elementor-image-box-img\"><img decoding=\"async\" src=\"https:\/\/goias.gov.br\/controladoria\/wp-content\/uploads\/sites\/31\/2024\/07\/Reonauto.png\" title=\"\" alt=\"\" loading=\"lazy\" \/><\/figure><div class=\"elementor-image-box-content\"><h3 class=\"elementor-image-box-title\">Reonauto da Silva Souza J\u00fanior <\/h3><p class=\"elementor-image-box-description\">Auditor de Finan\u00e7as e Controle na Controladoria-Geral da Uni\u00e3o e Corregedor da Capes<\/p><\/div><\/div>\t\t\t\t<\/div>\n\t\t\t\t<\/div>\n\t\t<div class=\"elementor-element elementor-element-74f4e32 e-con-full e-flex e-con e-child\" data-id=\"74f4e32\" data-element_type=\"container\" data-e-type=\"container\">\n\t\t\t\t<div class=\"elementor-element elementor-element-23e6224 elementor-position-top elementor-widget elementor-widget-image-box\" data-id=\"23e6224\" data-element_type=\"widget\" data-e-type=\"widget\" data-widget_type=\"image-box.default\">\n\t\t\t\t\t<div class=\"elementor-image-box-wrapper\"><figure class=\"elementor-image-box-img\"><img decoding=\"async\" src=\"https:\/\/goias.gov.br\/controladoria\/wp-content\/uploads\/sites\/31\/2024\/07\/Marina.png\" title=\"\" alt=\"\" loading=\"lazy\" \/><\/figure><div class=\"elementor-image-box-content\"><h3 class=\"elementor-image-box-title\">Marina Can\u00e7ado<\/h3><p class=\"elementor-image-box-description\">Psic\u00f3loga da Divis\u00e3o de Sa\u00fade do Tribunal Regional do Trabalho da 18\u00aa Regi\u00e3o<\/p><\/div><\/div>\t\t\t\t<\/div>\n\t\t\t\t<\/div>\n\t\t\t\t<\/div>\n\t\t\t\t\t<\/div>\n\t\t\t\t<\/div>\n\t\t<div class=\"elementor-element elementor-element-a667440 e-flex e-con-boxed e-con e-parent\" data-id=\"a667440\" data-element_type=\"container\" data-e-type=\"container\">\n\t\t\t\t\t<div class=\"e-con-inner\">\n\t\t\t\t<div class=\"elementor-element elementor-element-c740b1c elementor-widget elementor-widget-text-editor\" data-id=\"c740b1c\" data-element_type=\"widget\" data-e-type=\"widget\" data-widget_type=\"text-editor.default\">\n\t\t\t\t\t\t\t\t\t<p style=\"text-align: center;\"><img decoding=\"async\" class=\"aligncenter\" src=\"https:\/\/goias.gov.br\/controladoria\/wp-content\/uploads\/sites\/31\/2024\/07\/clock.png\" alt=\"Image\" \/><strong>PROGRAMA\u00c7\u00c3O<\/strong><\/p>\t\t\t\t\t\t\t\t<\/div>\n\t\t\t\t<div class=\"elementor-element elementor-element-041198c elementor-widget__width-initial elementor-widget elementor-widget-text-editor\" data-id=\"041198c\" data-element_type=\"widget\" data-e-type=\"widget\" data-widget_type=\"text-editor.default\">\n\t\t\t\t\t\t\t\t\t<p><strong><span style=\"color: #ffcc00;\">8h30<\/span> | <\/strong><strong>Recep\u00e7\u00e3o e coffee break<\/strong><\/p><p><strong><span style=\"color: #ffcc00;\">9 horas<\/span> | Solenidade de abertura<\/strong><\/p><p><strong><span style=\"color: #ffcc00;\">9h30<\/span> | Palestra: &#8220;Ouvidoria da Mulher e busca ativa de demandas&#8221;<\/strong><\/p><ul><li>Jussara Maria Pordeus e Silva &#8211; Procuradora de Justi\u00e7a do MP-AM e presidente do Conselho Nacional de Ouvidores do Minist\u00e9rio P\u00fablico<\/li><\/ul><p><strong><span style=\"color: #ffcc00;\">10h30<\/span> | Palestra: &#8220;Ouvidoria &#8211; Ressignificar para ir al\u00e9m&#8221;<\/strong><\/p><ul><li>Paulo Henrique de Souza &#8211; Gestor governamental do Estado de Goi\u00e1s e gerente do Laborat\u00f3rio de Inova\u00e7\u00e3o e Desenvolvimento de Pessoas \u2013 PequiLab<\/li><\/ul><p><strong><span style=\"color: #ffcc00;\">11h30<\/span> | Painel de discuss\u00e3o sobre ass\u00e9dio moral<\/strong><\/p><ul><li>Reonauto da Silva Souza J\u00fanior &#8211; Auditor de Finan\u00e7as e Controle na Controladoria-Geral da Uni\u00e3o e Corregedor da Capes<\/li><li><p>Kathia Maria Bomtempo de Albuquerque &#8211; Desembargadora do Trabalho e Ouvidora do Tribunal Regional do Trabalho da 18\u00aa Regi\u00e3o<\/p><\/li><li><p>Marina Can\u00e7ado &#8211; Psic\u00f3loga da Divis\u00e3o de Sa\u00fade do Tribunal Regional do Trabalho da 18\u00aa Regi\u00e3o<\/p><\/li><\/ul><p><span style=\"font-size: 10pt;\">Obs.: Programa\u00e7\u00e3o sujeita a altera\u00e7\u00f5es.<\/span><\/p>\t\t\t\t\t\t\t\t<\/div>\n\t\t\t\t\t<\/div>\n\t\t\t\t<\/div>\n\t\t<div class=\"elementor-element elementor-element-fdcde37 e-flex e-con-boxed e-con e-parent\" data-id=\"fdcde37\" data-element_type=\"container\" data-e-type=\"container\">\n\t\t\t\t\t<div class=\"e-con-inner\">\n\t\t<div class=\"elementor-element elementor-element-6278a3b e-con-full e-flex e-con e-child\" data-id=\"6278a3b\" data-element_type=\"container\" data-e-type=\"container\">\n\t\t\t\t<div class=\"elementor-element elementor-element-21039f7 elementor-widget elementor-widget-text-editor\" data-id=\"21039f7\" data-element_type=\"widget\" data-e-type=\"widget\" data-widget_type=\"text-editor.default\">\n\t\t\t\t\t\t\t\t\t<p style=\"text-align: center;\"><strong>Local:<\/strong> Audit\u00f3rio do Tribunal de Justi\u00e7a do Estado de Goi\u00e1s (TJGO)\u00a0 &#8211; Audit\u00f3rio Desembargador Jos\u00e9 Lenar de Melo Bandeira<\/p>\t\t\t\t\t\t\t\t<\/div>\n\t\t\t\t<div class=\"elementor-element elementor-element-465c8a0 elementor-widget elementor-widget-html\" data-id=\"465c8a0\" data-element_type=\"widget\" data-e-type=\"widget\" data-widget_type=\"html.default\">\n\t\t\t\t\t<iframe src=\"https:\/\/www.google.com\/maps\/embed?pb=!1m18!1m12!1m3!1d1351.2298486437685!2d-49.26157585082791!3d-16.684130083995854!2m3!1f0!2f0!3f0!3m2!1i1024!2i768!4f13.1!3m3!1m2!1s0x935e8ab4606148c3%3A0x68589b1e1d59953c!2sTribunal%20de%20Justi%C3%A7a%20do%20Estado%20de%20Goi%C3%A1s!5e0!3m2!1spt-BR!2sbr!4v1720640812746!5m2!1spt-BR!2sbr\" width=\"600\" height=\"450\" style=\"border:0;\" allowfullscreen=\"\" loading=\"lazy\" referrerpolicy=\"no-referrer-when-downgrade\"><\/iframe>\t\t\t\t<\/div>\n\t\t\t\t<\/div>\n\t\t<div class=\"elementor-element elementor-element-01cb42c e-con-full e-flex e-con e-child\" data-id=\"01cb42c\" data-element_type=\"container\" data-e-type=\"container\">\n\t\t\t\t<div class=\"elementor-element elementor-element-cc9df31 elementor-widget elementor-widget-text-editor\" data-id=\"cc9df31\" data-element_type=\"widget\" data-e-type=\"widget\" data-widget_type=\"text-editor.default\">\n\t\t\t\t\t\t\t\t\t<p><img decoding=\"async\" class=\"\" src=\"https:\/\/goias.gov.br\/controladoria\/wp-content\/uploads\/sites\/31\/2024\/07\/id.png\" width=\"53\" height=\"41\" \/><\/p>\t\t\t\t\t\t\t\t<\/div>\n\t\t\t\t<div class=\"elementor-element elementor-element-3cf605e elementor-widget elementor-widget-button\" data-id=\"3cf605e\" data-element_type=\"widget\" data-e-type=\"widget\" data-widget_type=\"button.default\">\n\t\t\t\t\t\t\t\t\t\t<a class=\"elementor-button elementor-button-link elementor-size-sm\" href=\"https:\/\/app.controladoria.go.gov.br\/certificados\/?p=Mw==\">\n\t\t\t\t\t\t<span class=\"elementor-button-content-wrapper\">\n\t\t\t\t\t\t\t\t\t<span class=\"elementor-button-text\">GERAR CERTIFICADO<\/span>\n\t\t\t\t\t<\/span>\n\t\t\t\t\t<\/a>\n\t\t\t\t\t\t\t\t<\/div>\n\t\t\t\t<\/div>\n\t\t\t\t\t<\/div>\n\t\t\t\t<\/div>\n\t\t<div class=\"elementor-element elementor-element-8f2861a e-flex e-con-boxed e-con e-parent\" data-id=\"8f2861a\" data-element_type=\"container\" data-e-type=\"container\">\n\t\t\t\t\t<div class=\"e-con-inner\">\n\t\t\t\t<div class=\"elementor-element elementor-element-430c455 elementor-widget elementor-widget-text-editor\" data-id=\"430c455\" data-element_type=\"widget\" data-e-type=\"widget\" data-widget_type=\"text-editor.default\">\n\t\t\t\t\t\t\t\t\t<p style=\"text-align: center;\"><strong>ORGANIZADORES<\/strong><\/p>\t\t\t\t\t\t\t\t<\/div>\n\t\t\t\t<div class=\"elementor-element elementor-element-f30a6c7 elementor-widget elementor-widget-image\" data-id=\"f30a6c7\" data-element_type=\"widget\" data-e-type=\"widget\" data-widget_type=\"image.default\">\n\t\t\t\t\t\t\t\t\t\t\t\t\t\t\t<img decoding=\"async\" src=\"https:\/\/goias.gov.br\/controladoria\/wp-content\/uploads\/sites\/31\/2024\/07\/Regua-de-logos.png\" title=\"\" alt=\"\" loading=\"lazy\" \/>\t\t\t\t\t\t\t\t\t\t\t\t\t\t\t<\/div>\n\t\t\t\t\t<\/div>\n\t\t\t\t<\/div>\n\t\t<div class=\"elementor-element elementor-element-46c5ea0 e-flex e-con-boxed e-con e-parent\" data-id=\"46c5ea0\" data-element_type=\"container\" data-e-type=\"container\">\n\t\t\t\t\t<div class=\"e-con-inner\">\n\t\t\t\t<div class=\"elementor-element elementor-element-43ddf76 elementor-widget elementor-widget-text-editor\" data-id=\"43ddf76\" data-element_type=\"widget\" data-e-type=\"widget\" data-widget_type=\"text-editor.default\">\n\t\t\t\t\t\t\t\t\t<p style=\"text-align: center;\"><strong>REALIZA\u00c7\u00c3O<\/strong><\/p>\t\t\t\t\t\t\t\t<\/div>\n\t\t\t\t<div class=\"elementor-element elementor-element-c3f41f8 elementor-widget elementor-widget-image\" data-id=\"c3f41f8\" data-element_type=\"widget\" data-e-type=\"widget\" data-widget_type=\"image.default\">\n\t\t\t\t\t\t\t\t\t\t\t\t\t\t\t<img decoding=\"async\" src=\"https:\/\/goias.gov.br\/controladoria\/wp-content\/uploads\/sites\/31\/2024\/07\/Regua-de-logos2.png\" title=\"\" alt=\"\" loading=\"lazy\" \/>\t\t\t\t\t\t\t\t\t\t\t\t\t\t\t<\/div>\n\t\t\t\t\t<\/div>\n\t\t\t\t<\/div>\n\t\t\t\t<\/div>\n\t\t","protected":false},"excerpt":{"rendered":"<p>4 a 12 de dezembro GERAR AQUI O CERTIFICADO Sobre o Semin\u00e1rio A Ouvidorias em Rede \u2013 Goi\u00e1s, mantendo a tradi\u00e7\u00e3o de semin\u00e1rios anuais, promove o 8\u00ba Semin\u00e1rio Goiano de Ouvidorias P\u00fablicas, com a finalidade de expor metodologias utilizadas pelos poderes Executivo, Legislativo e Judici\u00e1rio, bem como por seus \u00f3rg\u00e3os e inst\u00e2ncias de assessoramento, para [&hellip;]<\/p>\n","protected":false},"author":18,"featured_media":0,"parent":0,"menu_order":0,"comment_status":"closed","ping_status":"closed","template":"elementor_header_footer","meta":{"footnotes":""},"class_list":["post-22134","page","type-page","status-publish","hentry"],"rttpg_featured_image_url":null,"rttpg_author":{"display_name":"joaomsouza","author_link":"https:\/\/goias.gov.br\/controladoria\/author\/joaomsouza\/"},"rttpg_comment":0,"rttpg_category":null,"rttpg_excerpt":"4 a 12 de dezembro GERAR AQUI O CERTIFICADO Sobre o Semin\u00e1rio A Ouvidorias em Rede \u2013 Goi\u00e1s, mantendo a tradi\u00e7\u00e3o de semin\u00e1rios anuais, promove o 8\u00ba Semin\u00e1rio Goiano de Ouvidorias P\u00fablicas, com a finalidade de expor metodologias utilizadas pelos poderes Executivo, Legislativo e Judici\u00e1rio, bem como por seus \u00f3rg\u00e3os e inst\u00e2ncias de assessoramento, para&hellip;","_links":{"self":[{"href":"https:\/\/goias.gov.br\/controladoria\/wp-json\/wp\/v2\/pages\/22134","targetHints":{"allow":["GET"]}}],"collection":[{"href":"https:\/\/goias.gov.br\/controladoria\/wp-json\/wp\/v2\/pages"}],"about":[{"href":"https:\/\/goias.gov.br\/controladoria\/wp-json\/wp\/v2\/types\/page"}],"author":[{"embeddable":true,"href":"https:\/\/goias.gov.br\/controladoria\/wp-json\/wp\/v2\/users\/18"}],"replies":[{"embeddable":true,"href":"https:\/\/goias.gov.br\/controladoria\/wp-json\/wp\/v2\/comments?post=22134"}],"version-history":[{"count":2,"href":"https:\/\/goias.gov.br\/controladoria\/wp-json\/wp\/v2\/pages\/22134\/revisions"}],"predecessor-version":[{"id":221581,"href":"https:\/\/goias.gov.br\/controladoria\/wp-json\/wp\/v2\/pages\/22134\/revisions\/221581"}],"wp:attachment":[{"href":"https:\/\/goias.gov.br\/controladoria\/wp-json\/wp\/v2\/media?parent=22134"}],"curies":[{"name":"wp","href":"https:\/\/api.w.org\/{rel}","templated":true}]}}