

{"id":19365,"date":"2024-05-06T15:23:40","date_gmt":"2024-05-06T18:23:40","guid":{"rendered":"https:\/\/goias.gov.br\/controladoria\/?page_id=19365"},"modified":"2026-05-14T15:29:08","modified_gmt":"2026-05-14T18:29:08","slug":"edital-e-documentos","status":"publish","type":"page","link":"https:\/\/goias.gov.br\/controladoria\/pcm\/edital-e-documentos\/","title":{"rendered":"Edital e Documentos 2026"},"content":{"rendered":"\t\t<div data-elementor-type=\"wp-page\" data-elementor-id=\"19365\" class=\"elementor elementor-19365\">\n\t\t\t\t<div class=\"elementor-element elementor-element-2b6052c0 e-flex e-con-boxed e-con e-parent\" data-id=\"2b6052c0\" data-element_type=\"container\" data-e-type=\"container\" data-settings=\"{&quot;background_background&quot;:&quot;classic&quot;}\">\n\t\t\t\t\t<div class=\"e-con-inner\">\n\t\t<div class=\"elementor-element elementor-element-68f4a9bc e-con-full e-flex e-con e-child\" data-id=\"68f4a9bc\" data-element_type=\"container\" data-e-type=\"container\" data-settings=\"{&quot;background_background&quot;:&quot;gradient&quot;}\">\n\t\t\t\t<div class=\"elementor-element elementor-element-7ca69c56 elementor-widget elementor-widget-image\" data-id=\"7ca69c56\" data-element_type=\"widget\" data-e-type=\"widget\" data-widget_type=\"image.default\">\n\t\t\t\t\t\t\t\t\t\t\t\t\t\t\t\t<a href=\"https:\/\/goias.gov.br\/controladoria\/pcm\">\n\t\t\t\t\t\t\t<img fetchpriority=\"high\" decoding=\"async\" width=\"1024\" height=\"601\" src=\"https:\/\/goias.gov.br\/controladoria\/wp-content\/uploads\/sites\/31\/2026\/03\/Identidade-Visual-Final-com-fundo-verde-e-5-pontas-1024x601.png\" class=\"attachment-large size-large wp-image-253784\" alt=\"\" srcset=\"https:\/\/goias.gov.br\/controladoria\/wp-content\/uploads\/sites\/31\/2026\/03\/Identidade-Visual-Final-com-fundo-verde-e-5-pontas-1024x601.png 1024w, https:\/\/goias.gov.br\/controladoria\/wp-content\/uploads\/sites\/31\/2026\/03\/Identidade-Visual-Final-com-fundo-verde-e-5-pontas-300x176.png 300w, https:\/\/goias.gov.br\/controladoria\/wp-content\/uploads\/sites\/31\/2026\/03\/Identidade-Visual-Final-com-fundo-verde-e-5-pontas-768x451.png 768w, https:\/\/goias.gov.br\/controladoria\/wp-content\/uploads\/sites\/31\/2026\/03\/Identidade-Visual-Final-com-fundo-verde-e-5-pontas-1536x901.png 1536w, https:\/\/goias.gov.br\/controladoria\/wp-content\/uploads\/sites\/31\/2026\/03\/Identidade-Visual-Final-com-fundo-verde-e-5-pontas-2048x1202.png 2048w\" sizes=\"(max-width: 1024px) 100vw, 1024px\" \/>\t\t\t\t\t\t\t\t<\/a>\n\t\t\t\t\t\t\t\t\t\t\t\t\t\t\t<\/div>\n\t\t\t\t<\/div>\n\t\t<div class=\"elementor-element elementor-element-45989b1b e-con-full e-flex e-con e-child\" data-id=\"45989b1b\" data-element_type=\"container\" data-e-type=\"container\">\n\t\t\t\t<div class=\"elementor-element elementor-element-ce96b72 elementor-widget elementor-widget-button\" data-id=\"ce96b72\" data-element_type=\"widget\" data-e-type=\"widget\" data-widget_type=\"button.default\">\n\t\t\t\t\t\t\t\t\t\t<a class=\"elementor-button elementor-button-link elementor-size-sm\" href=\"https:\/\/goias.gov.br\/controladoria\/pcm\/edital-e-documentos\/\">\n\t\t\t\t\t\t<span class=\"elementor-button-content-wrapper\">\n\t\t\t\t\t\t\t\t\t<span class=\"elementor-button-text\">EDITAL E DOCUMENTOS<\/span>\n\t\t\t\t\t<\/span>\n\t\t\t\t\t<\/a>\n\t\t\t\t\t\t\t\t<\/div>\n\t\t\t\t<div class=\"elementor-element elementor-element-24eddfd3 elementor-widget elementor-widget-button\" data-id=\"24eddfd3\" data-element_type=\"widget\" data-e-type=\"widget\" data-widget_type=\"button.default\">\n\t\t\t\t\t\t\t\t\t\t<a class=\"elementor-button elementor-button-link elementor-size-sm\" href=\"https:\/\/goias.gov.br\/controladoria\/pcm\/cronograma-2026\/\">\n\t\t\t\t\t\t<span class=\"elementor-button-content-wrapper\">\n\t\t\t\t\t\t\t\t\t<span class=\"elementor-button-text\">CRONOGRAMA<\/span>\n\t\t\t\t\t<\/span>\n\t\t\t\t\t<\/a>\n\t\t\t\t\t\t\t\t<\/div>\n\t\t\t\t<div class=\"elementor-element elementor-element-170df31a elementor-widget elementor-widget-button\" data-id=\"170df31a\" data-element_type=\"widget\" data-e-type=\"widget\" data-widget_type=\"button.default\">\n\t\t\t\t\t\t\t\t\t\t<a class=\"elementor-button elementor-button-link elementor-size-sm\" href=\"https:\/\/goias.gov.br\/controladoria\/pcm\/plataformas\/\">\n\t\t\t\t\t\t<span class=\"elementor-button-content-wrapper\">\n\t\t\t\t\t\t\t\t\t<span class=\"elementor-button-text\">PLATAFORMAS<\/span>\n\t\t\t\t\t<\/span>\n\t\t\t\t\t<\/a>\n\t\t\t\t\t\t\t\t<\/div>\n\t\t\t\t<div class=\"elementor-element elementor-element-39d1959d elementor-widget elementor-widget-button\" data-id=\"39d1959d\" data-element_type=\"widget\" data-e-type=\"widget\" data-widget_type=\"button.default\">\n\t\t\t\t\t\t\t\t\t\t<a class=\"elementor-button elementor-button-link elementor-size-sm\" href=\"https:\/\/goias.gov.br\/controladoria\/pcm\/a-equipe\/\">\n\t\t\t\t\t\t<span class=\"elementor-button-content-wrapper\">\n\t\t\t\t\t\t\t\t\t<span class=\"elementor-button-text\">A EQUIPE<\/span>\n\t\t\t\t\t<\/span>\n\t\t\t\t\t<\/a>\n\t\t\t\t\t\t\t\t<\/div>\n\t\t\t\t<div class=\"elementor-element elementor-element-43d8e5ed elementor-widget elementor-widget-button\" data-id=\"43d8e5ed\" data-element_type=\"widget\" data-e-type=\"widget\" data-widget_type=\"button.default\">\n\t\t\t\t\t\t\t\t\t\t<a class=\"elementor-button elementor-button-link elementor-size-sm\" href=\"https:\/\/goias.gov.br\/controladoria\/pcm\/fale-conosco\/\">\n\t\t\t\t\t\t<span class=\"elementor-button-content-wrapper\">\n\t\t\t\t\t\t\t\t\t<span class=\"elementor-button-text\">FALE CONOSCO<\/span>\n\t\t\t\t\t<\/span>\n\t\t\t\t\t<\/a>\n\t\t\t\t\t\t\t\t<\/div>\n\t\t\t\t<\/div>\n\t\t\t\t\t<\/div>\n\t\t\t\t<\/div>\n\t\t<div class=\"elementor-element elementor-element-6711e4d e-flex e-con-boxed e-con e-parent\" data-id=\"6711e4d\" data-element_type=\"container\" data-e-type=\"container\">\n\t\t\t\t\t<div class=\"e-con-inner\">\n\t\t\t\t<div class=\"elementor-element elementor-element-f121827 elementor-widget elementor-widget-text-editor\" data-id=\"f121827\" data-element_type=\"widget\" data-e-type=\"widget\" data-widget_type=\"text-editor.default\">\n\t\t\t\t\t\t\t\t\t<section class=\"entry-header\"><h2 class=\"entry-title\" style=\"text-align: center;\"><span style=\"font-size: 18pt;\">EDITAL E ADITIVOS PCM 2026<\/span><\/h2><ul><li><a href=\"https:\/\/goias.gov.br\/controladoria\/wp-content\/uploads\/sites\/31\/2026\/04\/Edital-PCM.pdf\">Edital de chamamento p\u00fablico n\u00ba001\/2026\/CGE (06\/04\/2026)<\/a><\/li><li><a href=\"https:\/\/goias.gov.br\/controladoria\/wp-content\/uploads\/sites\/31\/2026\/04\/Anexo-I-Formulario-de-Inscricao.pdf\">Anexo I &#8211; Formul\u00e1rio de Inscri\u00e7\u00e3o<\/a><\/li><li><a href=\"https:\/\/goias.gov.br\/controladoria\/wp-content\/uploads\/sites\/31\/2026\/04\/Anexo-II-Pontuacao-de-Desempenho-e-Participaca.pdf\">Anexo II &#8211; Pontua\u00e7\u00e3o de Desempenho e Participa\u00e7\u00e3o<\/a><\/li><li><a href=\"https:\/\/goias.gov.br\/controladoria\/wp-content\/uploads\/sites\/31\/2026\/04\/Anexo-III-Capacitacoes.pdf\">Anexo III &#8211; Capacita\u00e7\u00f5es<\/a><\/li><li><a href=\"https:\/\/goias.gov.br\/controladoria\/wp-content\/uploads\/sites\/31\/2026\/04\/Anexo-IV-Atividades-do-Eixo-Governanca.pdf\">Anexo IV &#8211; Atividades do Eixo Governan\u00e7a<\/a><\/li><li><a href=\"https:\/\/goias.gov.br\/controladoria\/wp-content\/uploads\/sites\/31\/2026\/04\/Anexo-V-Atividades-do-Eixo-Etica.pdf\">Anexo V &#8211; Atividades do Eixo \u00c9tica<\/a><\/li><li><a href=\"https:\/\/goias.gov.br\/controladoria\/wp-content\/uploads\/sites\/31\/2026\/04\/Anexo-VI-Atividadedes-do-Eixo-Governo-Aberto.pdf\">Anexo VI &#8211; Atividadedes do Eixo Governo Aberto<\/a><\/li><li><a href=\"https:\/\/goias.gov.br\/controladoria\/wp-content\/uploads\/sites\/31\/2026\/04\/Anexo-VII-Conteudo-Programatico-das-Atividades-do-Programa.pdf\">Anexo VII &#8211; Conte\u00fado Program\u00e1tico das Atividades do Programa<\/a><\/li><li><a href=\"https:\/\/goias.gov.br\/controladoria\/wp-content\/uploads\/sites\/31\/2026\/04\/Anexo-VIII-Minuta-do-TCT-e-Plano-de-Trabalho.pdf\">Anexo VIII &#8211; Minuta do TCT e Plano de Trabalho<\/a><\/li><li><a href=\"https:\/\/goias.gov.br\/controladoria\/wp-content\/uploads\/sites\/31\/2026\/05\/Primeiro-Termo-Aditivo-ao-Edital-de-Chamamento-Publico-01-2026.pdf\">Primeiro Termo Aditivo ao Edital de Chamamento Pu\u0301blico n\u00ba001\/2026 (07\/05\/2026)<\/a><\/li><li><a href=\"https:\/\/goias.gov.br\/controladoria\/wp-content\/uploads\/sites\/31\/2026\/05\/Resultado-Preliminar-de-Selecao-para-a-5a-Edicao-do-PCM.pdf\">Resultado Preliminar de Selec\u0327a\u0303o para a 5\u00aa Edic\u0327a\u0303o do PCM (07\/05\/2026)<\/a><\/li><li><a href=\"https:\/\/goias.gov.br\/controladoria\/wp-content\/uploads\/sites\/31\/2026\/05\/SEI_90223512_Resultado_Final.pdf\">Resultado Final de Selec\u0327a\u0303o para a 5\u00aa Edic\u0327a\u0303o do PCM (12\/05\/2026)<\/a><\/li><li><a href=\"https:\/\/goias.gov.br\/controladoria\/wp-content\/uploads\/sites\/31\/2026\/05\/Termo-de-Homologacao-do-Resultado-Final-de-Selecao-PCM2026.pdf\">Termo de Homologa\u00e7\u00e3o do Resultado Final de Sele\u00e7\u00e3o (13\/05\/2026)<\/a><\/li><li><a href=\"https:\/\/goias.gov.br\/controladoria\/wp-content\/uploads\/sites\/31\/2026\/05\/Guia-de-Adesao.pdf\">Guia de Ades\u00e3o (14\/05\/2026)<\/a><\/li><\/ul><\/section>\t\t\t\t\t\t\t\t<\/div>\n\t\t\t\t\t<\/div>\n\t\t\t\t<\/div>\n\t\t<div class=\"elementor-element elementor-element-3b75201 e-flex e-con-boxed e-con e-parent\" data-id=\"3b75201\" data-element_type=\"container\" data-e-type=\"container\">\n\t\t\t\t\t<div class=\"e-con-inner\">\n\t\t\t\t<div class=\"elementor-element elementor-element-f473aa7 elementor-widget elementor-widget-text-editor\" data-id=\"f473aa7\" data-element_type=\"widget\" data-e-type=\"widget\" data-widget_type=\"text-editor.default\">\n\t\t\t\t\t\t\t\t\t<section class=\"entry-header\"><h2 class=\"entry-title\" style=\"text-align: center;\"><span style=\"font-size: 18pt;\"><span class=\"a_GcMg font-feature-liga-off font-feature-clig-off font-feature-calt-off text-decoration-none text-strikethrough-none\">MODELOS DE DOCUMENTOS PCM 2026<\/span><\/span><\/h2><\/section>\t\t\t\t\t\t\t\t<\/div>\n\t\t\t\t\t<\/div>\n\t\t\t\t<\/div>\n\t\t<div class=\"elementor-element elementor-element-986aa57 e-flex e-con-boxed e-con e-parent\" data-id=\"986aa57\" data-element_type=\"container\" data-e-type=\"container\">\n\t\t\t\t\t<div class=\"e-con-inner\">\n\t\t\t\t<div class=\"elementor-element elementor-element-79ea600 e-n-tabs-mobile elementor-widget elementor-widget-n-tabs\" data-id=\"79ea600\" data-element_type=\"widget\" data-e-type=\"widget\" data-settings=\"{&quot;tabs_justify_horizontal&quot;:&quot;start&quot;,&quot;horizontal_scroll&quot;:&quot;disable&quot;}\" data-widget_type=\"nested-tabs.default\">\n\t\t\t\t\t\t\t<div class=\"e-n-tabs\" data-widget-number=\"127837696\" aria-label=\"Abas. Abra itens com &quot;Enter&quot; ou &quot;Espa\u00e7o&quot;, feche com &quot;Escape&quot; e navegue usando as teclas de &quot;Seta&quot;.\">\n\t\t\t<div class=\"e-n-tabs-heading\" role=\"tablist\">\n\t\t\t\t\t<button id=\"e-n-tab-title-1278376961\" data-tab-title-id=\"e-n-tab-title-1278376961\" class=\"e-n-tab-title elementor-animation-shrink\" aria-selected=\"true\" data-tab-index=\"1\" role=\"tab\" tabindex=\"0\" aria-controls=\"e-n-tab-content-1278376961\" style=\"--n-tabs-title-order: 1;\">\n\t\t\t\t\t\t<span class=\"e-n-tab-title-text\">\n\t\t\t\tAdes\u00e3o\t\t\t<\/span>\n\t\t<\/button>\n\t\t\t\t<button id=\"e-n-tab-title-1278376962\" data-tab-title-id=\"e-n-tab-title-1278376962\" class=\"e-n-tab-title elementor-animation-shrink\" aria-selected=\"false\" data-tab-index=\"2\" role=\"tab\" tabindex=\"-1\" aria-controls=\"e-n-tab-content-1278376962\" style=\"--n-tabs-title-order: 2;\">\n\t\t\t\t\t\t<span class=\"e-n-tab-title-text\">\n\t\t\t\tGovernan\u00e7a\t\t\t<\/span>\n\t\t<\/button>\n\t\t\t\t<button id=\"e-n-tab-title-1278376963\" data-tab-title-id=\"e-n-tab-title-1278376963\" class=\"e-n-tab-title elementor-animation-shrink\" aria-selected=\"false\" data-tab-index=\"3\" role=\"tab\" tabindex=\"-1\" aria-controls=\"e-n-tab-content-1278376963\" style=\"--n-tabs-title-order: 3;\">\n\t\t\t\t\t\t<span class=\"e-n-tab-title-text\">\n\t\t\t\t\u00c9tica\t\t\t<\/span>\n\t\t<\/button>\n\t\t\t\t<button id=\"e-n-tab-title-1278376964\" data-tab-title-id=\"e-n-tab-title-1278376964\" class=\"e-n-tab-title elementor-animation-shrink\" aria-selected=\"false\" data-tab-index=\"4\" role=\"tab\" tabindex=\"-1\" aria-controls=\"e-n-tab-content-1278376964\" style=\"--n-tabs-title-order: 4;\">\n\t\t\t\t\t\t<span class=\"e-n-tab-title-text\">\n\t\t\t\tGoverno Aberto\t\t\t<\/span>\n\t\t<\/button>\n\t\t\t\t\t<\/div>\n\t\t\t<div class=\"e-n-tabs-content\">\n\t\t\t\t<div id=\"e-n-tab-content-1278376961\" role=\"tabpanel\" aria-labelledby=\"e-n-tab-title-1278376961\" data-tab-index=\"1\" style=\"--n-tabs-title-order: 1;\" class=\"e-active elementor-element elementor-element-8d7889c e-con-full e-flex e-con e-child\" data-id=\"8d7889c\" data-element_type=\"container\" data-e-type=\"container\">\n\t\t\t\t<div class=\"elementor-element elementor-element-c23916a elementor-widget elementor-widget-text-editor\" data-id=\"c23916a\" data-element_type=\"widget\" data-e-type=\"widget\" data-widget_type=\"text-editor.default\">\n\t\t\t\t\t\t\t\t\t<ul><li><a href=\"https:\/\/goias.gov.br\/controladoria\/wp-content\/uploads\/sites\/31\/2026\/05\/MODELO_TERMO-DE-COOPERACAO-TECNICA-No-XX_2026.docx\">Modelo do Termo de Coopera\u00e7\u00e3o T\u00e9cnica<\/a><\/li><li><a href=\"https:\/\/goias.gov.br\/controladoria\/wp-content\/uploads\/sites\/31\/2026\/05\/MODELO_Portaria-Composicao-do-Escritorio-de-Compliance.docx\">Modelo da Portaria de Composi\u00e7\u00e3o do Escrit\u00f3rio de Compliance<\/a><\/li><li><a href=\"https:\/\/goias.gov.br\/controladoria\/wp-content\/uploads\/sites\/31\/2026\/05\/MODELO_Decreto-Institui-PCM-e-CCPM.docx\">Modelo do Decreto que institui o PCM e CCPM<\/a><\/li><\/ul>\t\t\t\t\t\t\t\t<\/div>\n\t\t\t\t<\/div>\n\t\t<div id=\"e-n-tab-content-1278376962\" role=\"tabpanel\" aria-labelledby=\"e-n-tab-title-1278376962\" data-tab-index=\"2\" style=\"--n-tabs-title-order: 2;\" class=\" elementor-element elementor-element-39138c0 e-con-full e-flex e-con e-child\" data-id=\"39138c0\" data-element_type=\"container\" data-e-type=\"container\">\n\t\t\t\t<div class=\"elementor-element elementor-element-9a7256c elementor-widget elementor-widget-text-editor\" data-id=\"9a7256c\" data-element_type=\"widget\" data-e-type=\"widget\" data-widget_type=\"text-editor.default\">\n\t\t\t\t\t\t\t\t\t<ul><li>Em breve<\/li><\/ul>\t\t\t\t\t\t\t\t<\/div>\n\t\t\t\t<\/div>\n\t\t<div id=\"e-n-tab-content-1278376963\" role=\"tabpanel\" aria-labelledby=\"e-n-tab-title-1278376963\" data-tab-index=\"3\" style=\"--n-tabs-title-order: 3;\" class=\" elementor-element elementor-element-a8be66c e-con-full e-flex e-con e-child\" data-id=\"a8be66c\" data-element_type=\"container\" data-e-type=\"container\">\n\t\t\t\t<div class=\"elementor-element elementor-element-fe33d34 elementor-widget elementor-widget-text-editor\" data-id=\"fe33d34\" data-element_type=\"widget\" data-e-type=\"widget\" data-widget_type=\"text-editor.default\">\n\t\t\t\t\t\t\t\t\t<section class=\"entry-header\"><\/section><ul><li>Em breve<\/li><\/ul>\t\t\t\t\t\t\t\t<\/div>\n\t\t\t\t<\/div>\n\t\t<div id=\"e-n-tab-content-1278376964\" role=\"tabpanel\" aria-labelledby=\"e-n-tab-title-1278376964\" data-tab-index=\"4\" style=\"--n-tabs-title-order: 4;\" class=\" elementor-element elementor-element-c6a1fa9 e-con-full e-flex e-con e-child\" data-id=\"c6a1fa9\" data-element_type=\"container\" data-e-type=\"container\">\n\t\t\t\t<div class=\"elementor-element elementor-element-426dcf1 elementor-widget elementor-widget-text-editor\" data-id=\"426dcf1\" data-element_type=\"widget\" data-e-type=\"widget\" data-widget_type=\"text-editor.default\">\n\t\t\t\t\t\t\t\t\t<section class=\"entry-header\"><\/section><ul><li><section class=\"entry-header\"><\/section><ul><li>Em breve<\/li><\/ul><\/li><\/ul>\t\t\t\t\t\t\t\t<\/div>\n\t\t\t\t<\/div>\n\t\t\t\t\t<\/div>\n\t\t<\/div>\n\t\t\t\t\t\t<\/div>\n\t\t\t\t\t<\/div>\n\t\t\t\t<\/div>\n\t\t<div class=\"elementor-element elementor-element-f44c51d e-flex e-con-boxed e-con e-parent\" data-id=\"f44c51d\" data-element_type=\"container\" data-e-type=\"container\">\n\t\t\t\t\t<div class=\"e-con-inner\">\n\t\t\t\t<div class=\"elementor-element elementor-element-72b4ad5 elementor-widget elementor-widget-spacer\" data-id=\"72b4ad5\" data-element_type=\"widget\" data-e-type=\"widget\" data-widget_type=\"spacer.default\">\n\t\t\t\t\t\t\t<div class=\"elementor-spacer\">\n\t\t\t<div class=\"elementor-spacer-inner\"><\/div>\n\t\t<\/div>\n\t\t\t\t\t\t<\/div>\n\t\t\t\t\t<\/div>\n\t\t\t\t<\/div>\n\t\t<div class=\"elementor-element elementor-element-efb5621 e-flex e-con-boxed e-con e-parent\" data-id=\"efb5621\" data-element_type=\"container\" data-e-type=\"container\" data-settings=\"{&quot;background_background&quot;:&quot;classic&quot;}\">\n\t\t\t\t\t<div class=\"e-con-inner\">\n\t\t\t\t<div class=\"elementor-element elementor-element-383c9b00 elementor-widget elementor-widget-image\" data-id=\"383c9b00\" data-element_type=\"widget\" data-e-type=\"widget\" data-widget_type=\"image.default\">\n\t\t\t\t\t\t\t\t\t\t\t\t\t\t\t<img decoding=\"async\" width=\"1024\" height=\"145\" src=\"https:\/\/goias.gov.br\/controladoria\/wp-content\/uploads\/sites\/31\/2026\/03\/Site-CGE-PCM-2026-1024x145.png\" class=\"attachment-large size-large wp-image-254436\" alt=\"\" srcset=\"https:\/\/goias.gov.br\/controladoria\/wp-content\/uploads\/sites\/31\/2026\/03\/Site-CGE-PCM-2026-1024x145.png 1024w, https:\/\/goias.gov.br\/controladoria\/wp-content\/uploads\/sites\/31\/2026\/03\/Site-CGE-PCM-2026-300x43.png 300w, https:\/\/goias.gov.br\/controladoria\/wp-content\/uploads\/sites\/31\/2026\/03\/Site-CGE-PCM-2026-768x109.png 768w, https:\/\/goias.gov.br\/controladoria\/wp-content\/uploads\/sites\/31\/2026\/03\/Site-CGE-PCM-2026.png 1100w\" sizes=\"(max-width: 1024px) 100vw, 1024px\" \/>\t\t\t\t\t\t\t\t\t\t\t\t\t\t\t<\/div>\n\t\t\t\t\t<\/div>\n\t\t\t\t<\/div>\n\t\t\t\t<\/div>\n\t\t","protected":false},"excerpt":{"rendered":"<p>EDITAL E DOCUMENTOS CRONOGRAMA PLATAFORMAS A EQUIPE FALE CONOSCO EDITAL E ADITIVOS PCM 2026 Edital de chamamento p\u00fablico n\u00ba001\/2026\/CGE (06\/04\/2026) Anexo I &#8211; Formul\u00e1rio de Inscri\u00e7\u00e3o Anexo II &#8211; Pontua\u00e7\u00e3o de Desempenho e Participa\u00e7\u00e3o Anexo III &#8211; Capacita\u00e7\u00f5es Anexo IV &#8211; Atividades do Eixo Governan\u00e7a Anexo V &#8211; Atividades do Eixo \u00c9tica Anexo VI &#8211; [&hellip;]<\/p>\n","protected":false},"author":18,"featured_media":0,"parent":19157,"menu_order":0,"comment_status":"closed","ping_status":"closed","template":"elementor_header_footer","meta":{"footnotes":""},"class_list":["post-19365","page","type-page","status-publish","hentry"],"rttpg_featured_image_url":null,"rttpg_author":{"display_name":"joaomsouza","author_link":"https:\/\/goias.gov.br\/controladoria\/author\/joaomsouza\/"},"rttpg_comment":0,"rttpg_category":null,"rttpg_excerpt":"EDITAL E DOCUMENTOS CRONOGRAMA PLATAFORMAS A EQUIPE FALE CONOSCO EDITAL E ADITIVOS PCM 2026 Edital de chamamento p\u00fablico n\u00ba001\/2026\/CGE (06\/04\/2026) Anexo I &#8211; Formul\u00e1rio de Inscri\u00e7\u00e3o Anexo II &#8211; Pontua\u00e7\u00e3o de Desempenho e Participa\u00e7\u00e3o Anexo III &#8211; Capacita\u00e7\u00f5es Anexo IV &#8211; Atividades do Eixo Governan\u00e7a Anexo V &#8211; Atividades do Eixo \u00c9tica Anexo VI &#8211;&hellip;","_links":{"self":[{"href":"https:\/\/goias.gov.br\/controladoria\/wp-json\/wp\/v2\/pages\/19365","targetHints":{"allow":["GET"]}}],"collection":[{"href":"https:\/\/goias.gov.br\/controladoria\/wp-json\/wp\/v2\/pages"}],"about":[{"href":"https:\/\/goias.gov.br\/controladoria\/wp-json\/wp\/v2\/types\/page"}],"author":[{"embeddable":true,"href":"https:\/\/goias.gov.br\/controladoria\/wp-json\/wp\/v2\/users\/18"}],"replies":[{"embeddable":true,"href":"https:\/\/goias.gov.br\/controladoria\/wp-json\/wp\/v2\/comments?post=19365"}],"version-history":[{"count":2,"href":"https:\/\/goias.gov.br\/controladoria\/wp-json\/wp\/v2\/pages\/19365\/revisions"}],"predecessor-version":[{"id":281908,"href":"https:\/\/goias.gov.br\/controladoria\/wp-json\/wp\/v2\/pages\/19365\/revisions\/281908"}],"up":[{"embeddable":true,"href":"https:\/\/goias.gov.br\/controladoria\/wp-json\/wp\/v2\/pages\/19157"}],"wp:attachment":[{"href":"https:\/\/goias.gov.br\/controladoria\/wp-json\/wp\/v2\/media?parent=19365"}],"curies":[{"name":"wp","href":"https:\/\/api.w.org\/{rel}","templated":true}]}}