

{"id":19172,"date":"2024-04-18T14:31:21","date_gmt":"2024-04-18T17:31:21","guid":{"rendered":"https:\/\/goias.gov.br\/controladoria\/?page_id=19172"},"modified":"2025-11-19T11:04:32","modified_gmt":"2025-11-19T14:04:32","slug":"eixos","status":"publish","type":"page","link":"https:\/\/goias.gov.br\/controladoria\/pcm\/eixos\/","title":{"rendered":"Eixos"},"content":{"rendered":"\t\t<div data-elementor-type=\"wp-page\" data-elementor-id=\"19172\" class=\"elementor elementor-19172\">\n\t\t\t\t<div class=\"elementor-element elementor-element-312f66e e-flex e-con-boxed e-con e-parent\" data-id=\"312f66e\" data-element_type=\"container\" data-e-type=\"container\" data-settings=\"{&quot;background_background&quot;:&quot;classic&quot;}\">\n\t\t\t\t\t<div class=\"e-con-inner\">\n\t\t<div class=\"elementor-element elementor-element-2be58b8 e-con-full e-flex e-con e-child\" data-id=\"2be58b8\" data-element_type=\"container\" data-e-type=\"container\">\n\t\t\t\t<div class=\"elementor-element elementor-element-3d301c4 elementor-widget elementor-widget-image\" data-id=\"3d301c4\" data-element_type=\"widget\" data-e-type=\"widget\" data-widget_type=\"image.default\">\n\t\t\t\t\t\t\t\t\t\t\t\t\t\t\t\t<a href=\"https:\/\/goias.gov.br\/controladoria\/pcm\">\n\t\t\t\t\t\t\t<img decoding=\"async\" src=\"https:\/\/goias.gov.br\/controladoria\/wp-content\/uploads\/sites\/31\/2024\/04\/Logo-03.png\" title=\"\" alt=\"\" loading=\"lazy\" \/>\t\t\t\t\t\t\t\t<\/a>\n\t\t\t\t\t\t\t\t\t\t\t\t\t\t\t<\/div>\n\t\t\t\t<\/div>\n\t\t<div class=\"elementor-element elementor-element-419c46a e-con-full e-flex e-con e-child\" data-id=\"419c46a\" data-element_type=\"container\" data-e-type=\"container\">\n\t\t\t\t<div class=\"elementor-element elementor-element-808ba3f elementor-widget elementor-widget-button\" data-id=\"808ba3f\" data-element_type=\"widget\" data-e-type=\"widget\" data-widget_type=\"button.default\">\n\t\t\t\t\t\t\t\t\t\t<a class=\"elementor-button elementor-button-link elementor-size-sm\" href=\"https:\/\/goias.gov.br\/controladoria\/programa-de-compliance-publico-municipal\/o-programa\/\">\n\t\t\t\t\t\t<span class=\"elementor-button-content-wrapper\">\n\t\t\t\t\t\t\t\t\t<span class=\"elementor-button-text\">O PROGRAMA<\/span>\n\t\t\t\t\t<\/span>\n\t\t\t\t\t<\/a>\n\t\t\t\t\t\t\t\t<\/div>\n\t\t\t\t<div class=\"elementor-element elementor-element-08ec539 elementor-widget elementor-widget-button\" data-id=\"08ec539\" data-element_type=\"widget\" data-e-type=\"widget\" data-widget_type=\"button.default\">\n\t\t\t\t\t\t\t\t\t\t<a class=\"elementor-button elementor-button-link elementor-size-sm\" href=\"https:\/\/goias.gov.br\/controladoria\/programa-de-compliance-publico-municipal\/a-equipe\/\">\n\t\t\t\t\t\t<span class=\"elementor-button-content-wrapper\">\n\t\t\t\t\t\t\t\t\t<span class=\"elementor-button-text\">A EQUIPE<\/span>\n\t\t\t\t\t<\/span>\n\t\t\t\t\t<\/a>\n\t\t\t\t\t\t\t\t<\/div>\n\t\t\t\t<div class=\"elementor-element elementor-element-4f8cb98 elementor-widget elementor-widget-button\" data-id=\"4f8cb98\" data-element_type=\"widget\" data-e-type=\"widget\" data-widget_type=\"button.default\">\n\t\t\t\t\t\t\t\t\t\t<a class=\"elementor-button elementor-button-link elementor-size-sm\" href=\"https:\/\/goias.gov.br\/controladoria\/pcm\/cronograma-2025\/\">\n\t\t\t\t\t\t<span class=\"elementor-button-content-wrapper\">\n\t\t\t\t\t\t\t\t\t<span class=\"elementor-button-text\">CRONOGRAMA 2025<\/span>\n\t\t\t\t\t<\/span>\n\t\t\t\t\t<\/a>\n\t\t\t\t\t\t\t\t<\/div>\n\t\t\t\t<div class=\"elementor-element elementor-element-29242ad elementor-widget elementor-widget-button\" data-id=\"29242ad\" data-element_type=\"widget\" data-e-type=\"widget\" data-widget_type=\"button.default\">\n\t\t\t\t\t\t\t\t\t\t<a class=\"elementor-button elementor-button-link elementor-size-sm\" href=\"https:\/\/goias.gov.br\/controladoria\/programa-de-compliance-publico-municipal\/fale-conosco\/\">\n\t\t\t\t\t\t<span class=\"elementor-button-content-wrapper\">\n\t\t\t\t\t\t\t\t\t<span class=\"elementor-button-text\">FALE CONOSCO<\/span>\n\t\t\t\t\t<\/span>\n\t\t\t\t\t<\/a>\n\t\t\t\t\t\t\t\t<\/div>\n\t\t\t\t<\/div>\n\t\t\t\t\t<\/div>\n\t\t\t\t<\/div>\n\t\t<div class=\"elementor-element elementor-element-1005f60 e-flex e-con-boxed e-con e-parent\" data-id=\"1005f60\" data-element_type=\"container\" data-e-type=\"container\">\n\t\t\t\t\t<div class=\"e-con-inner\">\n\t\t<div class=\"elementor-element elementor-element-9ff5c76 e-con-full e-flex e-con e-child\" data-id=\"9ff5c76\" data-element_type=\"container\" data-e-type=\"container\">\n\t\t\t\t<div class=\"elementor-element elementor-element-7e0893e elementor-widget elementor-widget-text-editor\" data-id=\"7e0893e\" data-element_type=\"widget\" data-e-type=\"widget\" data-widget_type=\"text-editor.default\">\n\t\t\t\t\t\t\t\t\t<div class=\"wppb-row-parent wppb-row-1713466286785 \"><div class=\"wppb-container \"><div class=\"wppb-row\"><div class=\"wppb-column-parent wppb-column-parent-view wppb-col-1713466286786 \"><div class=\"wppb-column\"><div class=\"wppb-builder-addons\"><div class=\"wppb-builder-addon wppb-addon-1713466286787\" data-addon-id=\"1713466286787\"><div class=\"wppb-addon\"><div class=\"wppb-headline-addon\"><div class=\"wppb-headline-content\"><h2 class=\"wppb-addon-title\">O Programa<\/h2><\/div><\/div><\/div><\/div><\/div><\/div><\/div><\/div><\/div><\/div>\t\t\t\t\t\t\t\t<\/div>\n\t\t\t\t<\/div>\n\t\t<div class=\"elementor-element elementor-element-0abb25d e-con-full e-flex e-con e-child\" data-id=\"0abb25d\" data-element_type=\"container\" data-e-type=\"container\">\n\t\t\t\t<div class=\"elementor-element elementor-element-af32d7b elementor-widget elementor-widget-button\" data-id=\"af32d7b\" data-element_type=\"widget\" data-e-type=\"widget\" data-widget_type=\"button.default\">\n\t\t\t\t\t\t\t\t\t\t<a class=\"elementor-button elementor-button-link elementor-size-sm\" href=\"https:\/\/goias.gov.br\/controladoria\/programa-de-compliance-publico-municipal\/o-programa\/\" target=\"_blank\">\n\t\t\t\t\t\t<span class=\"elementor-button-content-wrapper\">\n\t\t\t\t\t\t\t\t\t<span class=\"elementor-button-text\">VIS\u00c3O GERAL<\/span>\n\t\t\t\t\t<\/span>\n\t\t\t\t\t<\/a>\n\t\t\t\t\t\t\t\t<\/div>\n\t\t\t\t<div class=\"elementor-element elementor-element-7cfc43b elementor-widget elementor-widget-button\" data-id=\"7cfc43b\" data-element_type=\"widget\" data-e-type=\"widget\" data-widget_type=\"button.default\">\n\t\t\t\t\t\t\t\t\t\t<a class=\"elementor-button elementor-button-link elementor-size-sm\" href=\"#\" target=\"_blank\">\n\t\t\t\t\t\t<span class=\"elementor-button-content-wrapper\">\n\t\t\t\t\t\t\t\t\t<span class=\"elementor-button-text\">Eixos<\/span>\n\t\t\t\t\t<\/span>\n\t\t\t\t\t<\/a>\n\t\t\t\t\t\t\t\t<\/div>\n\t\t\t\t<div class=\"elementor-element elementor-element-d190f20 elementor-widget elementor-widget-button\" data-id=\"d190f20\" data-element_type=\"widget\" data-e-type=\"widget\" data-widget_type=\"button.default\">\n\t\t\t\t\t\t\t\t\t\t<a class=\"elementor-button elementor-button-link elementor-size-sm\" href=\"https:\/\/goias.gov.br\/controladoria\/programa-de-compliance-publico-municipal\/edicoes-anteriores\/\" target=\"_blank\">\n\t\t\t\t\t\t<span class=\"elementor-button-content-wrapper\">\n\t\t\t\t\t\t\t\t\t<span class=\"elementor-button-text\">EDI\u00c7\u00d5ES ANTERIORES<\/span>\n\t\t\t\t\t<\/span>\n\t\t\t\t\t<\/a>\n\t\t\t\t\t\t\t\t<\/div>\n\t\t\t\t<div class=\"elementor-element elementor-element-fdbe58a elementor-widget elementor-widget-button\" data-id=\"fdbe58a\" data-element_type=\"widget\" data-e-type=\"widget\" data-widget_type=\"button.default\">\n\t\t\t\t\t\t\t\t\t\t<a class=\"elementor-button elementor-button-link elementor-size-sm\" href=\"https:\/\/goias.gov.br\/controladoria\/programa-de-compliance-publico-municipal\/ebook-edicao-2023\/\">\n\t\t\t\t\t\t<span class=\"elementor-button-content-wrapper\">\n\t\t\t\t\t\t\t\t\t<span class=\"elementor-button-text\">EBOOK<\/span>\n\t\t\t\t\t<\/span>\n\t\t\t\t\t<\/a>\n\t\t\t\t\t\t\t\t<\/div>\n\t\t\t\t<\/div>\n\t\t\t\t\t<\/div>\n\t\t\t\t<\/div>\n\t\t<div class=\"elementor-element elementor-element-de065ea e-flex e-con-boxed e-con e-parent\" data-id=\"de065ea\" data-element_type=\"container\" data-e-type=\"container\">\n\t\t\t\t\t<div class=\"e-con-inner\">\n\t\t\t\t<div class=\"elementor-element elementor-element-669d299 elementor-widget elementor-widget-text-editor\" data-id=\"669d299\" data-element_type=\"widget\" data-e-type=\"widget\" data-widget_type=\"text-editor.default\">\n\t\t\t\t\t\t\t\t\t<p style=\"text-align: center;\"><strong><span style=\"font-size: 24pt;\">Eixos<\/span><\/strong><\/p>\t\t\t\t\t\t\t\t<\/div>\n\t\t\t\t<div class=\"elementor-element elementor-element-be77f60 e-n-tabs-mobile elementor-widget elementor-widget-n-tabs\" data-id=\"be77f60\" data-element_type=\"widget\" data-e-type=\"widget\" data-settings=\"{&quot;tabs_justify_horizontal&quot;:&quot;stretch&quot;,&quot;horizontal_scroll&quot;:&quot;disable&quot;}\" data-widget_type=\"nested-tabs.default\">\n\t\t\t\t\t\t\t<div class=\"e-n-tabs\" data-widget-number=\"199720800\" aria-label=\"Abas. Abra itens com &quot;Enter&quot; ou &quot;Espa\u00e7o&quot;, feche com &quot;Escape&quot; e navegue usando as teclas de &quot;Seta&quot;.\">\n\t\t\t<div class=\"e-n-tabs-heading\" role=\"tablist\">\n\t\t\t\t\t<button id=\"e-n-tab-title-1997208001\" data-tab-title-id=\"e-n-tab-title-1997208001\" class=\"e-n-tab-title\" aria-selected=\"true\" data-tab-index=\"1\" role=\"tab\" tabindex=\"0\" aria-controls=\"e-n-tab-content-1997208001\" style=\"--n-tabs-title-order: 1;\">\n\t\t\t\t\t\t<span class=\"e-n-tab-title-text\">\n\t\t\t\tGest\u00e3o de Riscos\t\t\t<\/span>\n\t\t<\/button>\n\t\t\t\t<button id=\"e-n-tab-title-1997208002\" data-tab-title-id=\"e-n-tab-title-1997208002\" class=\"e-n-tab-title\" aria-selected=\"false\" data-tab-index=\"2\" role=\"tab\" tabindex=\"-1\" aria-controls=\"e-n-tab-content-1997208002\" style=\"--n-tabs-title-order: 2;\">\n\t\t\t\t\t\t<span class=\"e-n-tab-title-text\">\n\t\t\t\t\u00c9tica\t\t\t<\/span>\n\t\t<\/button>\n\t\t\t\t<button id=\"e-n-tab-title-1997208003\" data-tab-title-id=\"e-n-tab-title-1997208003\" class=\"e-n-tab-title\" aria-selected=\"false\" data-tab-index=\"3\" role=\"tab\" tabindex=\"-1\" aria-controls=\"e-n-tab-content-1997208003\" style=\"--n-tabs-title-order: 3;\">\n\t\t\t\t\t\t<span class=\"e-n-tab-title-text\">\n\t\t\t\tTranspar\u00eancia e Ouvidoria\t\t\t<\/span>\n\t\t<\/button>\n\t\t\t\t\t<\/div>\n\t\t\t<div class=\"e-n-tabs-content\">\n\t\t\t\t<div id=\"e-n-tab-content-1997208001\" role=\"tabpanel\" aria-labelledby=\"e-n-tab-title-1997208001\" data-tab-index=\"1\" style=\"--n-tabs-title-order: 1;\" class=\"e-active elementor-element elementor-element-74c7a55 e-con-full e-flex e-con e-child\" data-id=\"74c7a55\" data-element_type=\"container\" data-e-type=\"container\">\n\t\t\t\t<div class=\"elementor-element elementor-element-796f8d6 elementor-widget elementor-widget-text-editor\" data-id=\"796f8d6\" data-element_type=\"widget\" data-e-type=\"widget\" data-widget_type=\"text-editor.default\">\n\t\t\t\t\t\t\t\t\t<p><span style=\"color: #2a2a2a;\">Tem como objetivo ensinar e fornecer ferramentas para que a gest\u00e3o seja capaz de identificar, analisar e responder aos potenciais riscos que podem afetar a consecu\u00e7\u00e3o dos objetivos municipais, visando-se, assim, assegurar a continuidade operacional e a tomada de decis\u00f5es embasadas.<\/span><\/p>\t\t\t\t\t\t\t\t<\/div>\n\t\t\t\t<\/div>\n\t\t<div id=\"e-n-tab-content-1997208002\" role=\"tabpanel\" aria-labelledby=\"e-n-tab-title-1997208002\" data-tab-index=\"2\" style=\"--n-tabs-title-order: 2;\" class=\" elementor-element elementor-element-e342cfd e-con-full e-flex e-con e-child\" data-id=\"e342cfd\" data-element_type=\"container\" data-e-type=\"container\">\n\t\t\t\t<div class=\"elementor-element elementor-element-05e2293 elementor-widget elementor-widget-text-editor\" data-id=\"05e2293\" data-element_type=\"widget\" data-e-type=\"widget\" data-widget_type=\"text-editor.default\">\n\t\t\t\t\t\t\t\t\t<p><span style=\"color: #2a2a2a;\">Tem como objetivo trabalhar um conjunto de valores respons\u00e1veis por delimitar o escopo de atua\u00e7\u00e3o do servidor p\u00fablico no exerc\u00edcio de suas fun\u00e7\u00f5es, alinhando-os com as expectativas da popula\u00e7\u00e3o do munic\u00edpio. Estabelecendo padr\u00f5es \u00e9ticos que promovam uma conduta dos servidores que inspire confian\u00e7a, respeito e transpar\u00eancia no exerc\u00edcio de suas atividades.<\/span><\/p>\t\t\t\t\t\t\t\t<\/div>\n\t\t\t\t<\/div>\n\t\t<div id=\"e-n-tab-content-1997208003\" role=\"tabpanel\" aria-labelledby=\"e-n-tab-title-1997208003\" data-tab-index=\"3\" style=\"--n-tabs-title-order: 3;\" class=\" elementor-element elementor-element-0231fbc e-con-full e-flex e-con e-child\" data-id=\"0231fbc\" data-element_type=\"container\" data-e-type=\"container\">\n\t\t\t\t<div class=\"elementor-element elementor-element-a75da14 elementor-widget elementor-widget-text-editor\" data-id=\"a75da14\" data-element_type=\"widget\" data-e-type=\"widget\" data-widget_type=\"text-editor.default\">\n\t\t\t\t\t\t\t\t\t<p><span style=\"color: #2a2a2a;\">Tem como objetivo tornar a gest\u00e3o municipal mais transparente e participativa, por meio de a\u00e7\u00f5es que auxiliem os munic\u00edpios a atenderem aos mais elevados crit\u00e9rios de transpar\u00eancia existentes, bem como normatizando e fomentando o uso da Ouvidoria P\u00fablica enquanto canal de comunica\u00e7\u00e3o entre a gest\u00e3o e a popula\u00e7\u00e3o.<\/span><\/p>\t\t\t\t\t\t\t\t<\/div>\n\t\t\t\t<\/div>\n\t\t\t\t\t<\/div>\n\t\t<\/div>\n\t\t\t\t\t\t<\/div>\n\t\t\t\t\t<\/div>\n\t\t\t\t<\/div>\n\t\t<div class=\"elementor-element elementor-element-2dec67b e-flex e-con-boxed e-con e-parent\" data-id=\"2dec67b\" data-element_type=\"container\" data-e-type=\"container\">\n\t\t\t\t\t<div class=\"e-con-inner\">\n\t\t\t\t<div class=\"elementor-element elementor-element-50bc425 elementor-widget elementor-widget-text-editor\" data-id=\"50bc425\" data-element_type=\"widget\" data-e-type=\"widget\" data-widget_type=\"text-editor.default\">\n\t\t\t\t\t\t\t\t\t<p style=\"background: white;\"><span style=\"font-family: 'Opensans',serif; color: #666666;\">A execu\u00e7\u00e3o das atividades propostas no PCM \u00e9 acompanhada por um time de servidores altamente capacitados do TCMGO e da CGE-GO. Atrav\u00e9s deles, o PCM oferece mentorias online especializadas para orientar os munic\u00edpios na adapta\u00e7\u00e3o das diretrizes do programa \u00e0 sua realidade espec\u00edfica, promovendo a efetiva\u00e7\u00e3o das melhores pr\u00e1ticas conforme as peculiaridades locais.\u00a0<\/span><\/p><p style=\"background: white;\"><span style=\"font-family: 'Opensans',serif; color: #666666;\">Al\u00e9m da promo\u00e7\u00e3o de atividades e mentorias, com o intuito de garantir o melhor desenvolvimento das a\u00e7\u00f5es propostas e a efetiva transforma\u00e7\u00e3o da realidade dos munic\u00edpios goianos, o PCM visa capacitar os servidores municipais. Para isso, atrav\u00e9s da plataforma de educa\u00e7\u00e3o do TCMGO, o Programa oferece capacita\u00e7\u00f5es online em cada um de seus eixos tem\u00e1ticos.\u00a0<\/span><\/p><p style=\"background: white;\"><span style=\"font-family: 'Opensans',serif; color: #666666;\">Todas as a\u00e7\u00f5es desenvolvidas no decorrer do PCM s\u00e3o avaliadas e, ao fim de cada edi\u00e7\u00e3o, os munic\u00edpios recebem o reconhecimento de todos os seus esfor\u00e7os em evento de encerramento e premia\u00e7\u00e3o.\u00a0<\/span><\/p>\t\t\t\t\t\t\t\t<\/div>\n\t\t\t\t\t<\/div>\n\t\t\t\t<\/div>\n\t\t\t\t<\/div>\n\t\t","protected":false},"excerpt":{"rendered":"<p>O PROGRAMA A EQUIPE CRONOGRAMA 2025 FALE CONOSCO O Programa VIS\u00c3O GERAL Eixos EDI\u00c7\u00d5ES ANTERIORES EBOOK Eixos Gest\u00e3o de Riscos \u00c9tica Transpar\u00eancia e Ouvidoria Tem como objetivo ensinar e fornecer ferramentas para que a gest\u00e3o seja capaz de identificar, analisar e responder aos potenciais riscos que podem afetar a consecu\u00e7\u00e3o dos objetivos municipais, visando-se, assim, [&hellip;]<\/p>\n","protected":false},"author":18,"featured_media":0,"parent":19157,"menu_order":2,"comment_status":"closed","ping_status":"closed","template":"elementor_header_footer","meta":{"footnotes":""},"class_list":["post-19172","page","type-page","status-publish","hentry"],"rttpg_featured_image_url":null,"rttpg_author":{"display_name":"joaomsouza","author_link":"https:\/\/goias.gov.br\/controladoria\/author\/joaomsouza\/"},"rttpg_comment":0,"rttpg_category":null,"rttpg_excerpt":"O PROGRAMA A EQUIPE CRONOGRAMA 2025 FALE CONOSCO O Programa VIS\u00c3O GERAL Eixos EDI\u00c7\u00d5ES ANTERIORES EBOOK Eixos Gest\u00e3o de Riscos \u00c9tica Transpar\u00eancia e Ouvidoria Tem como objetivo ensinar e fornecer ferramentas para que a gest\u00e3o seja capaz de identificar, analisar e responder aos potenciais riscos que podem afetar a consecu\u00e7\u00e3o dos objetivos municipais, visando-se, assim,&hellip;","_links":{"self":[{"href":"https:\/\/goias.gov.br\/controladoria\/wp-json\/wp\/v2\/pages\/19172","targetHints":{"allow":["GET"]}}],"collection":[{"href":"https:\/\/goias.gov.br\/controladoria\/wp-json\/wp\/v2\/pages"}],"about":[{"href":"https:\/\/goias.gov.br\/controladoria\/wp-json\/wp\/v2\/types\/page"}],"author":[{"embeddable":true,"href":"https:\/\/goias.gov.br\/controladoria\/wp-json\/wp\/v2\/users\/18"}],"replies":[{"embeddable":true,"href":"https:\/\/goias.gov.br\/controladoria\/wp-json\/wp\/v2\/comments?post=19172"}],"version-history":[{"count":2,"href":"https:\/\/goias.gov.br\/controladoria\/wp-json\/wp\/v2\/pages\/19172\/revisions"}],"predecessor-version":[{"id":218352,"href":"https:\/\/goias.gov.br\/controladoria\/wp-json\/wp\/v2\/pages\/19172\/revisions\/218352"}],"up":[{"embeddable":true,"href":"https:\/\/goias.gov.br\/controladoria\/wp-json\/wp\/v2\/pages\/19157"}],"wp:attachment":[{"href":"https:\/\/goias.gov.br\/controladoria\/wp-json\/wp\/v2\/media?parent=19172"}],"curies":[{"name":"wp","href":"https:\/\/api.w.org\/{rel}","templated":true}]}}