

{"id":137487,"date":"2025-06-24T13:26:37","date_gmt":"2025-06-24T16:26:37","guid":{"rendered":"https:\/\/goias.gov.br\/controladoria\/?page_id=137487"},"modified":"2025-06-24T13:26:37","modified_gmt":"2025-06-24T16:26:37","slug":"parceria-com-oscs","status":"publish","type":"page","link":"https:\/\/goias.gov.br\/controladoria\/institucional\/parceria-com-oscs\/","title":{"rendered":"Parceria com OSCs"},"content":{"rendered":"\n<p>Atualizado em: 24 de junho de 2025<\/p>\n\n\n\n<p>Com base no princ\u00edpio da transpar\u00eancia p\u00fablica e em conformidade com\u00a0o Arts. 5\u00b0, inciso IV, art. 6\u00b0, inciso V, art. 10 e art. 11 da Lei Federal 13.019\/2014, a Controladoria-Geral do Estado de Goi\u00e1s declara que, nos \u00faltimos (3) tr\u00eas anos, e at\u00e9 a presente data, n\u00e3o possuiu parcerias firmadas com organiza\u00e7\u00f5es da sociedade civil.<\/p>\n","protected":false},"excerpt":{"rendered":"<p>Atualizado em: 24 de junho de 2025 Com base no princ\u00edpio da transpar\u00eancia p\u00fablica e em conformidade com\u00a0o Arts. 5\u00b0, inciso IV, art. 6\u00b0, inciso V, art. 10 e art. 11 da Lei Federal 13.019\/2014, a Controladoria-Geral do Estado de Goi\u00e1s declara que, nos \u00faltimos (3) tr\u00eas anos, e at\u00e9 a presente data, n\u00e3o possuiu [&hellip;]<\/p>\n","protected":false},"author":657,"featured_media":0,"parent":10810,"menu_order":0,"comment_status":"closed","ping_status":"closed","template":"","meta":{"footnotes":""},"class_list":["post-137487","page","type-page","status-publish","hentry"],"rttpg_featured_image_url":null,"rttpg_author":{"display_name":"anamorais","author_link":"https:\/\/goias.gov.br\/controladoria\/author\/anamorais\/"},"rttpg_comment":0,"rttpg_category":null,"rttpg_excerpt":"Atualizado em: 24 de junho de 2025 Com base no princ\u00edpio da transpar\u00eancia p\u00fablica e em conformidade com\u00a0o Arts. 5\u00b0, inciso IV, art. 6\u00b0, inciso V, art. 10 e art. 11 da Lei Federal 13.019\/2014, a Controladoria-Geral do Estado de Goi\u00e1s declara que, nos \u00faltimos (3) tr\u00eas anos, e at\u00e9 a presente data, n\u00e3o possuiu&hellip;","_links":{"self":[{"href":"https:\/\/goias.gov.br\/controladoria\/wp-json\/wp\/v2\/pages\/137487","targetHints":{"allow":["GET"]}}],"collection":[{"href":"https:\/\/goias.gov.br\/controladoria\/wp-json\/wp\/v2\/pages"}],"about":[{"href":"https:\/\/goias.gov.br\/controladoria\/wp-json\/wp\/v2\/types\/page"}],"author":[{"embeddable":true,"href":"https:\/\/goias.gov.br\/controladoria\/wp-json\/wp\/v2\/users\/657"}],"replies":[{"embeddable":true,"href":"https:\/\/goias.gov.br\/controladoria\/wp-json\/wp\/v2\/comments?post=137487"}],"version-history":[{"count":1,"href":"https:\/\/goias.gov.br\/controladoria\/wp-json\/wp\/v2\/pages\/137487\/revisions"}],"predecessor-version":[{"id":137499,"href":"https:\/\/goias.gov.br\/controladoria\/wp-json\/wp\/v2\/pages\/137487\/revisions\/137499"}],"up":[{"embeddable":true,"href":"https:\/\/goias.gov.br\/controladoria\/wp-json\/wp\/v2\/pages\/10810"}],"wp:attachment":[{"href":"https:\/\/goias.gov.br\/controladoria\/wp-json\/wp\/v2\/media?parent=137487"}],"curies":[{"name":"wp","href":"https:\/\/api.w.org\/{rel}","templated":true}]}}