

{"id":134084,"date":"2025-06-11T14:55:41","date_gmt":"2025-06-11T17:55:41","guid":{"rendered":"https:\/\/goias.gov.br\/controladoria\/?page_id=134084"},"modified":"2025-12-19T12:09:10","modified_gmt":"2025-12-19T15:09:10","slug":"obras-paralisadas","status":"publish","type":"page","link":"https:\/\/goias.gov.br\/controladoria\/institucional\/obras-paralisadas\/","title":{"rendered":"Obras Paralisadas"},"content":{"rendered":"\n<p>Atualizado em: 19 de dezembro de 2025<\/p>\n\n\n\n<p>Com base no princ\u00edpio da transpar\u00eancia p\u00fablica e em conformidade com o Art. 8\u00ba, \u00a71\u00ba, V, da Lei Federal n\u00ba 12.527\/2011; Art. 6\u00ba \u00a7 1\u00ba, II, da Lei Estadual n\u00ba 18.025\/2013 e Art. 115, \u00a7 6\u00ba, da Lei Federal n\u00ba 14.133\/2021, Lei Estadual n\u00ba 20.726\/2020 e Portaria SEGES\/ME n\u00ba 25.405\/2020, a Controladoria-Geral do Estado de Goi\u00e1s declara que, nos \u00faltimos (3) tr\u00eas anos, e at\u00e9 a presente data, n\u00e3o possuiu Obras Paralisadas.<\/p>\n","protected":false},"excerpt":{"rendered":"<p>Atualizado em: 19 de dezembro de 2025 Com base no princ\u00edpio da transpar\u00eancia p\u00fablica e em conformidade com o Art. 8\u00ba, \u00a71\u00ba, V, da Lei Federal n\u00ba 12.527\/2011; Art. 6\u00ba \u00a7 1\u00ba, II, da Lei Estadual n\u00ba 18.025\/2013 e Art. 115, \u00a7 6\u00ba, da Lei Federal n\u00ba 14.133\/2021, Lei Estadual n\u00ba 20.726\/2020 e Portaria SEGES\/ME [&hellip;]<\/p>\n","protected":false},"author":657,"featured_media":0,"parent":10810,"menu_order":0,"comment_status":"closed","ping_status":"closed","template":"","meta":{"footnotes":""},"class_list":["post-134084","page","type-page","status-publish","hentry"],"rttpg_featured_image_url":null,"rttpg_author":{"display_name":"anamorais","author_link":"https:\/\/goias.gov.br\/controladoria\/author\/anamorais\/"},"rttpg_comment":0,"rttpg_category":null,"rttpg_excerpt":"Atualizado em: 19 de dezembro de 2025 Com base no princ\u00edpio da transpar\u00eancia p\u00fablica e em conformidade com o Art. 8\u00ba, \u00a71\u00ba, V, da Lei Federal n\u00ba 12.527\/2011; Art. 6\u00ba \u00a7 1\u00ba, II, da Lei Estadual n\u00ba 18.025\/2013 e Art. 115, \u00a7 6\u00ba, da Lei Federal n\u00ba 14.133\/2021, Lei Estadual n\u00ba 20.726\/2020 e Portaria SEGES\/ME&hellip;","_links":{"self":[{"href":"https:\/\/goias.gov.br\/controladoria\/wp-json\/wp\/v2\/pages\/134084","targetHints":{"allow":["GET"]}}],"collection":[{"href":"https:\/\/goias.gov.br\/controladoria\/wp-json\/wp\/v2\/pages"}],"about":[{"href":"https:\/\/goias.gov.br\/controladoria\/wp-json\/wp\/v2\/types\/page"}],"author":[{"embeddable":true,"href":"https:\/\/goias.gov.br\/controladoria\/wp-json\/wp\/v2\/users\/657"}],"replies":[{"embeddable":true,"href":"https:\/\/goias.gov.br\/controladoria\/wp-json\/wp\/v2\/comments?post=134084"}],"version-history":[{"count":2,"href":"https:\/\/goias.gov.br\/controladoria\/wp-json\/wp\/v2\/pages\/134084\/revisions"}],"predecessor-version":[{"id":231180,"href":"https:\/\/goias.gov.br\/controladoria\/wp-json\/wp\/v2\/pages\/134084\/revisions\/231180"}],"up":[{"embeddable":true,"href":"https:\/\/goias.gov.br\/controladoria\/wp-json\/wp\/v2\/pages\/10810"}],"wp:attachment":[{"href":"https:\/\/goias.gov.br\/controladoria\/wp-json\/wp\/v2\/media?parent=134084"}],"curies":[{"name":"wp","href":"https:\/\/api.w.org\/{rel}","templated":true}]}}