

{"id":131079,"date":"2025-06-09T15:32:29","date_gmt":"2025-06-09T18:32:29","guid":{"rendered":"https:\/\/goias.gov.br\/controladoria\/?page_id=131079"},"modified":"2025-10-01T13:59:49","modified_gmt":"2025-10-01T16:59:49","slug":"emendas-parlamentares-federais","status":"publish","type":"page","link":"https:\/\/goias.gov.br\/controladoria\/institucional\/emendas-parlamentares-federais\/","title":{"rendered":"Emendas Parlamentares Federais"},"content":{"rendered":"\n<p>\u00daltima atualiza\u00e7\u00e3o: 01\/10\/2025 \u00e0s 14:00<\/p>\n\n\n\n<p>Com base no princ\u00edpio da transpar\u00eancia p\u00fablica e em conformidade com o Art. 166-A, I (Emenda \u00e0 Constitui\u00e7\u00e3o n\u00ba 105\/2019), Portaria Interministerial ME\/SEGOV no 6.411\/2021, art. 19, Nota Recomendat\u00f3ria Atricon no 01\/2022, Ac\u00f3rd\u00e3o n\u00ba 518\/2023 \u2013 TCU-Plen\u00e1rio, Portaria Conjunta MF\/MPO\/MGI\/SRI-PR n\u00ba 1, de 1\u00ba de abril de 2024 , art. 48, \u00a7 1\u00ba, inciso II da Lei Complementar 101\/2000 e Decreto Estadual n\u00ba 10.653\/2025, a Controladoria-Geral do Estado de Goi\u00e1s declara que,<strong>&nbsp;nos \u00faltimos (5) cinco anos, e at\u00e9 a presente data, n\u00e3o recebeu recursos via emendas do or\u00e7amento federal, incluindo recursos repassados via transfer\u00eancias especiais (\u201cemendas pix\u201d).<\/strong><\/p>\n","protected":false},"excerpt":{"rendered":"<p>\u00daltima atualiza\u00e7\u00e3o: 01\/10\/2025 \u00e0s 14:00 Com base no princ\u00edpio da transpar\u00eancia p\u00fablica e em conformidade com o Art. 166-A, I (Emenda \u00e0 Constitui\u00e7\u00e3o n\u00ba 105\/2019), Portaria Interministerial ME\/SEGOV no 6.411\/2021, art. 19, Nota Recomendat\u00f3ria Atricon no 01\/2022, Ac\u00f3rd\u00e3o n\u00ba 518\/2023 \u2013 TCU-Plen\u00e1rio, Portaria Conjunta MF\/MPO\/MGI\/SRI-PR n\u00ba 1, de 1\u00ba de abril de 2024 , art. [&hellip;]<\/p>\n","protected":false},"author":657,"featured_media":0,"parent":10810,"menu_order":0,"comment_status":"closed","ping_status":"closed","template":"","meta":{"footnotes":""},"class_list":["post-131079","page","type-page","status-publish","hentry"],"rttpg_featured_image_url":null,"rttpg_author":{"display_name":"anamorais","author_link":"https:\/\/goias.gov.br\/controladoria\/author\/anamorais\/"},"rttpg_comment":0,"rttpg_category":null,"rttpg_excerpt":"\u00daltima atualiza\u00e7\u00e3o: 01\/10\/2025 \u00e0s 14:00 Com base no princ\u00edpio da transpar\u00eancia p\u00fablica e em conformidade com o Art. 166-A, I (Emenda \u00e0 Constitui\u00e7\u00e3o n\u00ba 105\/2019), Portaria Interministerial ME\/SEGOV no 6.411\/2021, art. 19, Nota Recomendat\u00f3ria Atricon no 01\/2022, Ac\u00f3rd\u00e3o n\u00ba 518\/2023 \u2013 TCU-Plen\u00e1rio, Portaria Conjunta MF\/MPO\/MGI\/SRI-PR n\u00ba 1, de 1\u00ba de abril de 2024 , art.&hellip;","_links":{"self":[{"href":"https:\/\/goias.gov.br\/controladoria\/wp-json\/wp\/v2\/pages\/131079","targetHints":{"allow":["GET"]}}],"collection":[{"href":"https:\/\/goias.gov.br\/controladoria\/wp-json\/wp\/v2\/pages"}],"about":[{"href":"https:\/\/goias.gov.br\/controladoria\/wp-json\/wp\/v2\/types\/page"}],"author":[{"embeddable":true,"href":"https:\/\/goias.gov.br\/controladoria\/wp-json\/wp\/v2\/users\/657"}],"replies":[{"embeddable":true,"href":"https:\/\/goias.gov.br\/controladoria\/wp-json\/wp\/v2\/comments?post=131079"}],"version-history":[{"count":2,"href":"https:\/\/goias.gov.br\/controladoria\/wp-json\/wp\/v2\/pages\/131079\/revisions"}],"predecessor-version":[{"id":190443,"href":"https:\/\/goias.gov.br\/controladoria\/wp-json\/wp\/v2\/pages\/131079\/revisions\/190443"}],"up":[{"embeddable":true,"href":"https:\/\/goias.gov.br\/controladoria\/wp-json\/wp\/v2\/pages\/10810"}],"wp:attachment":[{"href":"https:\/\/goias.gov.br\/controladoria\/wp-json\/wp\/v2\/media?parent=131079"}],"curies":[{"name":"wp","href":"https:\/\/api.w.org\/{rel}","templated":true}]}}