

{"id":10906,"date":"2023-11-14T14:17:25","date_gmt":"2023-11-14T17:17:25","guid":{"rendered":"https:\/\/siteshom.goias.gov.br\/controladoria\/agenda-de-autoridades\/"},"modified":"2026-05-06T06:47:55","modified_gmt":"2026-05-06T09:47:55","slug":"agenda-de-autoridades","status":"publish","type":"page","link":"https:\/\/goias.gov.br\/controladoria\/agenda-de-autoridades\/","title":{"rendered":"Agenda de Autoridades"},"content":{"rendered":"<p><strong style='margin-block-end: -1.8rem'><a href='https:\/\/goias.gov.br\/controladoria\/secretario-chefe-da-controladoria-geral\/'>Secret\u00e1rio-chefe da Controladoria Geral<\/a><\/strong><br \/>ANTONIO FLAVIO DE OLIVEIRA<\/p>\n<p><strong style='margin-block-end: -1.8rem'><a href='https:\/\/goias.gov.br\/controladoria\/subcontroladoria-de-auditoria-interna-e-controle\/'>Subcontroladoria de Auditoria Interna e Controle<\/a><\/strong><br \/>LUIS HENRIQUE CRISPIM<\/p>\n<p><strong style='margin-block-end: -1.8rem'><a href='https:\/\/goias.gov.br\/controladoria\/subcontroladoria-de-governo-aberto-e-ouvidoria-geral\/'>Subcontroladoria de Governo Aberto e Ouvidoria Geral<\/a><\/strong><br \/>WEYK WAGNE BARBOSA GOMES<\/p>\n<p><strong style='margin-block-end: -1.8rem'><a href='https:\/\/goias.gov.br\/controladoria\/subcontroladoria-do-sistema-de-correicao-e-contas\/'>Subcontroladoria do Sistema de Correi\u00e7\u00e3o e Contas<\/a><\/strong><br \/>BRUNO MENDES DIAS<\/p>\n<p><strong style='margin-block-end: -1.8rem'><a href='https:\/\/goias.gov.br\/controladoria\/subcontroladoria-de-operacoes-especiais\/'>Subcontroladoria de Opera\u00e7\u00f5es Especiais<\/a><\/strong><br \/>ADRIANO ABREU DE CASTRO<\/p>\n<p><strong style='margin-block-end: -1.8rem'><a href='https:\/\/goias.gov.br\/controladoria\/chefe-de-gabinete\/'>Chefe de Gabinete<\/a><\/strong><br \/>ALESSANDRA DOS SANTOS PAZ ESTEVES SCARTEZINI<\/p>\n<p><strong style='margin-block-end: -1.8rem'><a href='https:\/\/goias.gov.br\/controladoria\/chefe-da-procuradoria-setorial\/'>Chefe da Procuradoria Setorial<\/a><\/strong><br \/>DANIEL BOAVENTURA FRAN\u00c7A<\/p>\n<p><strong style='margin-block-end: -1.8rem'><a href='https:\/\/goias.gov.br\/controladoria\/chefe-da-comunicacao-setorial\/'>Chefe da Comunica\u00e7\u00e3o Setorial<\/a><\/strong><br \/>CAROLINA AUGUSTA DE OLIVEIRA ALVAREZ LIMA<\/p>\n<p><strong style='margin-block-end: -1.8rem'><a href='https:\/\/goias.gov.br\/controladoria\/chefe-de-escritorio-de-projetos-setorial\/'>Chefe de Escrit\u00f3rio de Projetos Setorial<\/a><\/strong><br \/>YURI FERNANDES BRAGANCA DE FARIA<\/p>\n<p><strong style='margin-block-end: -1.8rem'><a href='https:\/\/goias.gov.br\/controladoria\/superintendente-da-superintendencia-de-gestao-integrada\/'>Superintendente da Superintend\u00eancia de Gest\u00e3o Integrada<\/a><\/strong><br \/>FABR\u00cdCIO FERNANDO CARPANEDA SILVA<\/p>\n<p><strong style='margin-block-end: -1.8rem'><a href='https:\/\/goias.gov.br\/controladoria\/superintendencia-da-controladoria-especializada-em-acoes-especiais-e-inteligencia\/'>Superintend\u00eancia da Controladoria Especializada em A\u00e7\u00f5es Especiais e Intelig\u00eancia<\/a><\/strong><br \/>Robinson Vesp\u00facio Vaz<\/p>\n<p><strong style='margin-block-end: -1.8rem'><a href='https:\/\/goias.gov.br\/controladoria\/superintendencia-da-controladoria-especializada-em-inspecoes\/'>Superintend\u00eancia da Controladoria Especializada em Inspe\u00e7\u00f5es<\/a><\/strong><br \/>RAFAEL REZENDE AIDAR<\/p>\n<p><strong style='margin-block-end: -1.8rem'><a href='https:\/\/goias.gov.br\/controladoria\/superintendencia-da-controladoria-especializada-em-transparencia\/'>Superintend\u00eancia da Controladoria Especializada em Transpar\u00eancia<\/a><\/strong><br \/>JUNIOR JOSE COSTA<\/p>\n<p><strong style='margin-block-end: -1.8rem'><a href='https:\/\/goias.gov.br\/controladoria\/superintendencia-da-controladoria-especializada-em-participacao-cidada\/'>Superintend\u00eancia da Controladoria Especializada em Participa\u00e7\u00e3o Cidad\u00e3<\/a><\/strong><br \/>EDNILSON LINS RODRIGUES<\/p>\n<p><strong style='margin-block-end: -1.8rem'><a href='https:\/\/goias.gov.br\/controladoria\/controladoria-especializada-em-consultoria-da-atividade-correcional-e-contas\/'>Controladoria Especializada em Consultoria da Atividade Correcional e Contas<\/a><\/strong><br \/>MARIA DO CARMO RODRIGUES POVOA<\/p>\n<p><strong style='margin-block-end: -1.8rem'><a href='https:\/\/goias.gov.br\/controladoria\/auditoria-interna-de-harmonizacao-e-gestao-estrategica\/'>Auditoria Interna de Harmoniza\u00e7\u00e3o e Gest\u00e3o Estrat\u00e9gica<\/a><\/strong><br \/>ANTONIO FABIO JUBE RIBEIRO<\/p>\n<p><strong style='margin-block-end: -1.8rem'><a href='https:\/\/goias.gov.br\/controladoria\/auditoria-interna-de-desenvolvimento-sustentavel\/'>Auditoria Interna de Desenvolvimento Sustent\u00e1vel<\/a><\/strong><br \/>FERNANDA CRISTINA BATISTA BERNARDES<\/p>\n<p><strong style='margin-block-end: -1.8rem'><a href='https:\/\/goias.gov.br\/controladoria\/auditoria-interna-de-politicas-sociais-e-inovacao\/'>Auditoria Interna de Pol\u00edticas Sociais e Inova\u00e7\u00e3o<\/a><\/strong><br \/>ELLYSSON FERNANDES ROSA<\/p>\n<p><strong style='margin-block-end: -1.8rem'><a href='https:\/\/goias.gov.br\/controladoria\/auditoria-interna-de-seguranca-publica\/'>Auditoria Interna de Seguran\u00e7a P\u00fablica<\/a><\/strong><br \/>CINTIA MARIA GONDIM VILLAC<\/p>\n<p><strong style='margin-block-end: -1.8rem'><a href='https:\/\/goias.gov.br\/controladoria\/auditoria-interna-de-politicas-economicas-e-de-gestao\/'>Auditoria Interna de Pol\u00edticas Econ\u00f4micas e de Gest\u00e3o<\/a><\/strong><br \/>LUCIENE XAVIER VIDAL (Carga Hor\u00e1ria reduzida conforme Portaria CGE n\u00ba 149\/2024)<\/p>\n<p><strong style='margin-block-end: -1.8rem'><a href='https:\/\/goias.gov.br\/controladoria\/auditoria-interna-de-mobilidade-e-regulacao\/'>Auditoria Interna de Mobilidade e Regula\u00e7\u00e3o<\/a><\/strong><br \/>JOS\u00c9 AUGUSTO CARNEIRO<\/p>\n","protected":false},"excerpt":{"rendered":"<p>Secret\u00e1rio-chefe da Controladoria GeralANTONIO FLAVIO DE OLIVEIRA Subcontroladoria de Auditoria Interna e ControleLUIS HENRIQUE CRISPIM Subcontroladoria de Governo Aberto e Ouvidoria GeralWEYK WAGNE BARBOSA GOMES Subcontroladoria do Sistema de Correi\u00e7\u00e3o e ContasBRUNO MENDES DIAS Subcontroladoria de Opera\u00e7\u00f5es EspeciaisADRIANO ABREU DE CASTRO Chefe de GabineteALESSANDRA DOS SANTOS PAZ ESTEVES SCARTEZINI Chefe da Procuradoria SetorialDANIEL BOAVENTURA FRAN\u00c7A [&hellip;]<\/p>\n","protected":false},"author":549,"featured_media":0,"parent":0,"menu_order":0,"comment_status":"closed","ping_status":"closed","template":"","meta":{"footnotes":""},"class_list":["post-10906","page","type-page","status-publish","hentry"],"rttpg_featured_image_url":null,"rttpg_author":{"display_name":"guilhermefferreira","author_link":"https:\/\/goias.gov.br\/controladoria\/author\/guilherme-fferreiragoias-gov-br\/"},"rttpg_comment":0,"rttpg_category":null,"rttpg_excerpt":"Secret\u00e1rio-chefe da Controladoria GeralANTONIO FLAVIO DE OLIVEIRA Subcontroladoria de Auditoria Interna e ControleLUIS HENRIQUE CRISPIM Subcontroladoria de Governo Aberto e Ouvidoria GeralWEYK WAGNE BARBOSA GOMES Subcontroladoria do Sistema de Correi\u00e7\u00e3o e ContasBRUNO MENDES DIAS Subcontroladoria de Opera\u00e7\u00f5es EspeciaisADRIANO ABREU DE CASTRO Chefe de GabineteALESSANDRA DOS SANTOS PAZ ESTEVES SCARTEZINI Chefe da Procuradoria SetorialDANIEL BOAVENTURA FRAN\u00c7A&hellip;","_links":{"self":[{"href":"https:\/\/goias.gov.br\/controladoria\/wp-json\/wp\/v2\/pages\/10906","targetHints":{"allow":["GET"]}}],"collection":[{"href":"https:\/\/goias.gov.br\/controladoria\/wp-json\/wp\/v2\/pages"}],"about":[{"href":"https:\/\/goias.gov.br\/controladoria\/wp-json\/wp\/v2\/types\/page"}],"author":[{"embeddable":true,"href":"https:\/\/goias.gov.br\/controladoria\/wp-json\/wp\/v2\/users\/549"}],"replies":[{"embeddable":true,"href":"https:\/\/goias.gov.br\/controladoria\/wp-json\/wp\/v2\/comments?post=10906"}],"version-history":[{"count":2,"href":"https:\/\/goias.gov.br\/controladoria\/wp-json\/wp\/v2\/pages\/10906\/revisions"}],"predecessor-version":[{"id":279171,"href":"https:\/\/goias.gov.br\/controladoria\/wp-json\/wp\/v2\/pages\/10906\/revisions\/279171"}],"wp:attachment":[{"href":"https:\/\/goias.gov.br\/controladoria\/wp-json\/wp\/v2\/media?parent=10906"}],"curies":[{"name":"wp","href":"https:\/\/api.w.org\/{rel}","templated":true}]}}