

{"id":3861,"date":"2024-07-12T10:32:06","date_gmt":"2024-07-12T13:32:06","guid":{"rendered":"https:\/\/goias.gov.br\/comunicacao\/agenda-de-autoridades\/"},"modified":"2024-07-12T11:55:31","modified_gmt":"2024-07-12T14:55:31","slug":"agenda-de-autoridades-2","status":"publish","type":"page","link":"https:\/\/goias.gov.br\/comunicacao\/institucional\/agenda-de-autoridades-2\/","title":{"rendered":"Agenda de Autoridades"},"content":{"rendered":"<p><strong style=\"margin-block-end: -1.8rem;\"><a href=\"https:\/\/goias.gov.br\/comunicacao\/secretario-de-estado\/\">Secret\u00e1rio de Estado<\/a><\/strong><br \/>\nGEAN CARLO CARVALHO<\/p>\n<p><strong style=\"margin-block-end: -1.8rem;\"><a href=\"https:\/\/goias.gov.br\/comunicacao\/subsecretario-de-comunicacao\/\">Subsecret\u00e1rio de Comunica\u00e7\u00e3o<\/a><\/strong><br \/>\nBRUNO CARVALHO DA ROCHA LIMA<\/p>\n<p><strong style=\"margin-block-end: -1.8rem;\"><a href=\"https:\/\/goias.gov.br\/comunicacao\/chefe-de-gabinete\/\">Chefe de Gabinete<\/a><\/strong><br \/>\nCRISTINA ALVES NOGUEIRA GOMES<\/p>\n<p><strong style=\"margin-block-end: -1.8rem;\"><a href=\"https:\/\/goias.gov.br\/comunicacao\/procurador-setorial\/\">Procurador Setorial<\/a><\/strong><br \/>\nKELLY DE OLIVEIRA SOUZA<\/p>\n<p><strong style=\"margin-block-end: -1.8rem;\"><a href=\"https:\/\/goias.gov.br\/comunicacao\/superintendente-de-gestao-integrada\/\">Superintendente de Gest\u00e3o Integrada<\/a><\/strong><br \/>\nALESSANDRO MELO DA SILVA<\/p>\n<p><strong style=\"margin-block-end: -1.8rem;\"><a href=\"https:\/\/goias.gov.br\/comunicacao\/superintendente-de-imprensa\/\">Superintendente de Imprensa<\/a><\/strong><br \/>\nFILEMON PEREIRA MIGUEL<\/p>\n<p><strong style=\"margin-block-end: -1.8rem;\"><a href=\"https:\/\/goias.gov.br\/comunicacao\/superintendente-de-midias-digitais\/\">Superintendente de M\u00eddias Digitais<\/a><\/strong><br \/>\nGABRIEL CORREIA PONTES<\/p>\n<p><strong style=\"margin-block-end: -1.8rem;\"><a href=\"https:\/\/goias.gov.br\/comunicacao\/superintendente-de-publicidade\/\">Superintendente de Publicidade<\/a><\/strong><br \/>\nBRUNO LEONARDO DE SOUSA FARIAS<\/p>\n","protected":false},"excerpt":{"rendered":"<p>Secret\u00e1rio de Estado GEAN CARLO CARVALHO Subsecret\u00e1rio de Comunica\u00e7\u00e3o BRUNO CARVALHO DA ROCHA LIMA Chefe de Gabinete CRISTINA ALVES NOGUEIRA GOMES Procurador Setorial KELLY DE OLIVEIRA SOUZA Superintendente de Gest\u00e3o Integrada ALESSANDRO MELO DA SILVA Superintendente de Imprensa FILEMON PEREIRA MIGUEL Superintendente de M\u00eddias Digitais GABRIEL CORREIA PONTES Superintendente de Publicidade BRUNO LEONARDO DE SOUSA [&hellip;]<\/p>\n","protected":false},"author":33,"featured_media":0,"parent":660,"menu_order":0,"comment_status":"closed","ping_status":"closed","template":"","meta":{"footnotes":""},"class_list":["post-3861","page","type-page","status-publish","hentry"],"rttpg_featured_image_url":null,"rttpg_author":{"display_name":"ricardocosta","author_link":"https:\/\/goias.gov.br\/comunicacao\/author\/ricardocosta\/"},"rttpg_comment":0,"rttpg_category":null,"rttpg_excerpt":"Secret\u00e1rio de Estado GEAN CARLO CARVALHO Subsecret\u00e1rio de Comunica\u00e7\u00e3o BRUNO CARVALHO DA ROCHA LIMA Chefe de Gabinete CRISTINA ALVES NOGUEIRA GOMES Procurador Setorial KELLY DE OLIVEIRA SOUZA Superintendente de Gest\u00e3o Integrada ALESSANDRO MELO DA SILVA Superintendente de Imprensa FILEMON PEREIRA MIGUEL Superintendente de M\u00eddias Digitais GABRIEL CORREIA PONTES Superintendente de Publicidade BRUNO LEONARDO DE SOUSA&hellip;","_links":{"self":[{"href":"https:\/\/goias.gov.br\/comunicacao\/wp-json\/wp\/v2\/pages\/3861","targetHints":{"allow":["GET"]}}],"collection":[{"href":"https:\/\/goias.gov.br\/comunicacao\/wp-json\/wp\/v2\/pages"}],"about":[{"href":"https:\/\/goias.gov.br\/comunicacao\/wp-json\/wp\/v2\/types\/page"}],"author":[{"embeddable":true,"href":"https:\/\/goias.gov.br\/comunicacao\/wp-json\/wp\/v2\/users\/33"}],"replies":[{"embeddable":true,"href":"https:\/\/goias.gov.br\/comunicacao\/wp-json\/wp\/v2\/comments?post=3861"}],"version-history":[{"count":2,"href":"https:\/\/goias.gov.br\/comunicacao\/wp-json\/wp\/v2\/pages\/3861\/revisions"}],"predecessor-version":[{"id":3968,"href":"https:\/\/goias.gov.br\/comunicacao\/wp-json\/wp\/v2\/pages\/3861\/revisions\/3968"}],"up":[{"embeddable":true,"href":"https:\/\/goias.gov.br\/comunicacao\/wp-json\/wp\/v2\/pages\/660"}],"wp:attachment":[{"href":"https:\/\/goias.gov.br\/comunicacao\/wp-json\/wp\/v2\/media?parent=3861"}],"curies":[{"name":"wp","href":"https:\/\/api.w.org\/{rel}","templated":true}]}}