

{"id":2477,"date":"2024-07-01T15:01:53","date_gmt":"2024-07-01T18:01:53","guid":{"rendered":"https:\/\/goias.gov.br\/comunicacao\/?page_id=2477"},"modified":"2024-07-12T11:03:05","modified_gmt":"2024-07-12T14:03:05","slug":"monitoramento-de-programas-projetos-acoes-e-atividades","status":"publish","type":"page","link":"https:\/\/goias.gov.br\/comunicacao\/institucional\/monitoramento-de-programas-projetos-acoes-e-atividades\/","title":{"rendered":"Monitoramento de Programas, Projetos, A\u00e7\u00f5es e Atividades"},"content":{"rendered":"<h3><span style=\"color: #008000;\">INSTITUCIONAL<\/span><\/h3>\n<p><strong>1. Gestor<\/strong><\/p>\n<p>Gean Carlo Carvalho\u00a0 \u00a0<\/p>\n<p><strong>2. Vis\u00e3o Institucional<\/strong><\/p>\n<p><strong>2.1 Objetivo Institucional<\/strong><\/p>\n<p>Planejar e executar a pol\u00edtica de comunica\u00e7\u00e3o do Estado de Goi\u00e1s, maximizando o acesso do cidad\u00e3o \u00e0s informa\u00e7\u00f5es de interesse<br \/>p\u00fablico e garantindo transpar\u00eancia e proximidade com a sociedade.<\/p>\n<p><strong>2.2 Legisla\u00e7\u00e3o<\/strong><\/p>\n<p><a href=\"https:\/\/legisla.casacivil.go.gov.br\/pesquisa_legislacao\/100357\/lei-20417\" target=\"_blank\" rel=\"noopener\">Lei da Cria\u00e7\u00e3o no 20.417 de 06 de fevereiro de 2019<\/a>\u00a0(Cria\u00e7\u00e3o da Secretaria de Estado de Comunica\u00e7\u00e3o \u2013 SECOM)<br \/><a href=\"https:\/\/legisla.casacivil.go.gov.br\/pesquisa_legislacao\/106749\/lei-21792\" target=\"_blank\" rel=\"noopener\">Lei no 21.792, de 16 de fevereiro de 2023<\/a>\u00a0(Organiza\u00e7\u00e3o administrativa do Poder Executivo do Estado de Goi\u00e1s)<br \/><a href=\"https:\/\/legisla.casacivil.go.gov.br\/pesquisa_legislacao\/106750\/decreto-10218\" target=\"_blank\" rel=\"noopener\">Decreto no 10.218, de 16 de fevereiro de 2023<\/a>\u00a0(Composi\u00e7\u00e3o da estrutura b\u00e1sica da Secretaria de Estado de Comunica\u00e7\u00e3o)<br \/><a href=\"https:\/\/legisla.casacivil.go.gov.br\/pesquisa_legislacao\/108103\/decreto-10345\" target=\"_blank\" rel=\"noopener\">Decreto no 10.345, de 20 de novembro de 2023<\/a>\u00a0(Aprova o regulamento da SECOM).<\/p>\n<p><strong>3. Auto-Avalia\u00e7\u00e3o da Gest\u00e3o<\/strong><\/p>\n<p><strong>3.1 S\u00edntese da Gest\u00e3o \u2013 Aspectos Gerais<\/strong><\/p>\n<p>No exerc\u00edcio de 2023 a Secretaria de Estado de Comunica\u00e7\u00e3o cumpriu com suas atribui\u00e7\u00f5es determinada pela\u00a0<a href=\"https:\/\/legisla.casacivil.go.gov.br\/pesquisa_legislacao\/100701\/lei-20491\" target=\"_blank\" rel=\"noopener\">Lei Estadual no 20.491, de 25 de Junho de 2019<\/a>, sendo:<\/p>\n<h4>Art. 31. \u00c0 Secretaria de Estado de Comunica\u00e7\u00e3o compete:<\/h4>\n<p>I\u2013 a coordena\u00e7\u00e3o das a\u00e7\u00f5es de comunica\u00e7\u00e3o social, propaganda, publicidade e divulga\u00e7\u00e3o na imprensa local, regional e nacional dos<br \/>atos e das atividades do Poder Executivo estadual, bem como da gest\u00e3o das redes e m\u00eddias sociais;<\/p>\n<p>II \u2013 o assessoramento ao Governador do Estado e a coordena\u00e7\u00e3o do assessoramento aos Secret\u00e1rios de Estado e seus equivalentes hier\u00e1rquicos, aos dirigentes superiores de autarquias e funda\u00e7\u00f5es, no relacionamento com a imprensa e outros meios de comunica\u00e7\u00e3o.<\/p>\n<p>A comunica\u00e7\u00e3o social \u00e9 essencial ao processo democr\u00e1tico, cumprindo o relevante papel de dar maior transpar\u00eancia aos atos de governo\u00a0conforme disposto no artigo 37, \u00a7 1o, da Constitui\u00e7\u00e3o Federal.<br \/>O servi\u00e7o de publicidade tem car\u00e1ter educativo e informativo e deve atender \u00e0 necessidade de promover a publicidade dos atos,programas, obras, servi\u00e7os e campanhas dos \u00f3rg\u00e3os p\u00fablicos, que devem ter car\u00e1ter educativo, informativo ou de orienta\u00e7\u00e3o social.<\/p>\n<p><strong>3.2 Planejamento \u2013 Instrumentos Utilizados al\u00e9m do PPA\/LOA<\/strong><\/p>\n<p>A Secretaria de Estado de Comunica\u00e7\u00e3o, al\u00e9m do Mapa estrat\u00e9gico que direciona as a\u00e7\u00f5es do \u00f3rg\u00e3o, conta tamb\u00e9m com o Plano Anual de Comunica\u00e7\u00e3o, ferramenta utilizada para o desenvolvimento das campanhas publicit\u00e1rias.<\/p>\n<p><strong>3.3 Descri\u00e7\u00e3o dos Principais Indicadores de Desempenho<\/strong><\/p>\n<p>Na elabora\u00e7\u00e3o do\u00a0<a href=\"https:\/\/legisla.casacivil.go.gov.br\/api\/v1\/arquivos\/8764\" target=\"_blank\" rel=\"noopener\">PPA 2020\/2023<\/a>\u00a0a meta para o indicador \u201cCampanha de Utilidade P\u00fablica Realizada\u201d foi estimada em 8, por\u00e9m, tendo em vista os contratos de publicidade vigentes, no valor de R$ 100 milh\u00f5es, foram realizadas 55 campanhas.<\/p>\n<h3><span style=\"color: #0000ff;\">PROGRAMAS DE GOVERNO<\/span><\/h3>\n<h4><span style=\"color: #008000;\">PROGRAMA: 1013 \u2013 PARTICIPA\u00c7\u00c3O E CONTROLE SOCIAL<\/span><br \/><span style=\"color: #008000;\">A\u00c7\u00c3O: 3019 \u2013 PUBLICIZA\u00c7\u00c3O DAS A\u00c7\u00d5ES DO GOVERNO<\/span><br \/><span style=\"color: #008000;\">\u00d3RG\u00c3O RESPONS\u00c1VEL: 1200 \u2013 SECRETARIA DE ESTADO DE COMUNICA\u00c7\u00c3O<\/span><br \/><span style=\"color: #008000;\">U.O.: 1201 \u2013 GABINETE DA SECRETARIA DE ESTADO DE COMUNICA\u00c7\u00c3O<\/span><\/h4>\n<h4><span style=\"color: #0000ff;\">REALIZA\u00c7\u00d5ES<\/span><\/h4>\n<p>A Secretaria de Comunica\u00e7\u00e3o desempenhou em 2023 a\u00e7\u00f5es de comunica\u00e7\u00e3o social, propaganda, publicidade e divulga\u00e7\u00e3o dos atos e das atividades do Poder Executivo estadual nas imprensas local, regional e nacional, bem como a gest\u00e3o das redes e das m\u00eddias sociais do Estado e do governador.<br \/>Respons\u00e1vel por coordenar as diretrizes que norteriam tamb\u00e9m as demais pastas e seus equivalentes hier\u00e1rquicos, bem como aos dirigentes superiores e autarquias e funda\u00e7\u00f5es, no relacionamento com a imprensa e outros meios de comunica\u00e7\u00e3o, a Secom realizou 384 coberturas neste ano.<\/p>\n<p>Ao longo de 2023, a SECOM atuou com seriedade e dedica\u00e7\u00e3o para levar \u00e0 sociedade o reconhecimento das a\u00e7\u00f5es promovidas pelo Estado. A Secom seguiu \u00e0 risca as diretrizes da gest\u00e3o que tem como foco o social e o combate a pobreza.\u00a0<\/p>\n<p>Em janeiro a SECOM realizou a cobertura da visita do governador Ronaldo Caiado ao presidente Luis In\u00e1cio Lula da Silva para discutir projetos para diminui\u00e7\u00e3o da desigualdade e promo\u00e7\u00e3o do emprego.<br \/>Em fevereiro, o governador Ronaldo Caiado lan\u00e7ou as obras do Complexo Oncol\u00f3gico de Refer\u00eancia do Estado de Goi\u00e1s \u2013 CORA, em Goi\u00e2nia. Com investimento de R$ 424,71 milh\u00f5es, a unidade ter\u00e1 148 leitos de interna\u00e7\u00e3o, centro cir\u00fargico, farm\u00e1cia, centro de exames por imagem e de infus\u00e3o quimioter\u00e1pica. O CORA comportar\u00e1 procedimentos de alta complexidade, como transplante de medula \u00f3ssea.<\/p>\n<p>O complexo contar\u00e1 ainda com leitos para interna\u00e7\u00e3o de adultos, ala de preven\u00e7\u00e3o e um alojamento para receber familiares de paciente. A Secom tamb\u00e9m realizou cobertura das entregas na \u00e1rea habitacional. A exemplo da entrega em maio no munic\u00edpio de Campestre, por meio do Programa Pra Ter Onde Morar \u2013 Constru\u00e7\u00e3o\/casas a custo zero e tamb\u00e9m Aluguel Social. De igual forma, a publicidade \u00e9 imprescindivel para que fam\u00edlias que estejam em qualquer lugar do Estado e se enquadrem nos crit\u00e9rios possam se inscrever.<\/p>\n<p>Na \u00e1rea da Educa\u00e7\u00e3o a Secom divulgou as entregas de unidades escolares, como a inaugura\u00e7\u00e3o da escola padr\u00e3o S\u00e9culo XXI em Teresina de Goi\u00e1s e o an\u00fancio, pelo governador Ronaldo Caiado, do pagamento do Piso, em maio de 2023, quando o Governo de Goi\u00e1s reajustou em 5,93% a Data-Base do funcionalismo p\u00fablico estadual e fez a adequa\u00e7\u00e3o dos vencimentos dos professores da rede p\u00fablica<br \/>ao novo Piso Salarial Nacional.<\/p>\n<p>Junho foi um m\u00eas de muitos eventos, dentre eles destaca-se a cobertura do maior evento de tecnologia do Estado, a Campus Party Goi\u00e1s que foi realizada de 15 a 19\/06. Neste ano, o evento teve recorde de p\u00fablico e, cerca de 150 mil pessoas passaram pela estrutura montada no Passeio das \u00c1guas Shopping, em Goi\u00e2nia.<\/p>\n<p>Em julho deste ano foi celebrado o anivers\u00e1rio de 296 anos da cidade de Goi\u00e1s. Na data tamb\u00e9m foi realizada simbolicamente a\u00a0transfer\u00eancia dos poderes Executivo, Legislativo e Judici\u00e1rio, acompanhadas e noticiadas pela comunica\u00e7\u00e3o do governo.<\/p>\n<p>Na Cultura, a Secom fez ampla cobertura da Prociss\u00e3o do Fogar\u00e9u, FICA e Festival Canto da Primavera.<br \/>O HUB Goi\u00e1s \u2013 O primeiro HUB p\u00fablico da regi\u00e3o Centro-Oeste entrou em opera\u00e7\u00e3o em julho de 2023 e contou com investimento de R$12,3 milh\u00f5es. Destinado a atividades ligadas ao empreendedorismo e inova\u00e7\u00e3o, \u00e9 administrado pelo Porto Digital.<\/p>\n<p>A Secom fez durante todo ano ampla cobertura da atua\u00e7\u00e3o do Goi\u00e1s Social, que trabalha com tr\u00eas eixos basilares de atua\u00e7\u00e3o: Emergencial, Protetivo e Emancipat\u00f3rio. O Programa Dignidade foi lan\u00e7ado em agosto de 2023 e beneficia com R$ 300 ao m\u00eas pessoas idosas entre 60 e 65 anos em situa\u00e7\u00e3o de pobreza ou de extrema pobreza em Goi\u00e1s, inscritas no Cadastro \u00danico (Cad\u00danico). A import\u00e2ncia de dar transpar\u00eancia a tais programas por parte da Secom est\u00e1 no fato de informar poss\u00edveis fam\u00edlias que, por ventura, n\u00e3o esteja no programa e tenha direito de estar.<\/p>\n<p>As publica\u00e7\u00f5es dos conte\u00fados e das a\u00e7\u00f5es do Governo nos ve\u00edculos de imprensa s\u00e3o uma importante ferramenta para controle, divulga\u00e7\u00e3o do trabalho e tamb\u00e9m fiscaliza\u00e7\u00e3o da pr\u00f3pria sociedade.<br \/>Em 2023 o poder Executivo Estadual conseguiu inserir 135.848 not\u00edcias em ve\u00edculos locais, nacionais e internacionais. Destas publica\u00e7\u00f5es, a maioria delas, 67,7%, s\u00e3o de cunho positivo, outras 31,4% s\u00e3o neutras e apenas 0,9% s\u00e3o negativas.<\/p>\n<p>Por meio da an\u00e1lise de ocupa\u00e7\u00e3o da m\u00eddia, o Governo de Goi\u00e1s esteve presente em 559 horas e 06 minutos e 32 segundos nas TVs e 806 horas, 50 minutos e 33 segundos nas r\u00e1dios. Na centimetragem da m\u00eddia impressa e online, o conte\u00fado \u00e9 convertido em valores e dimens\u00f5es aproximadas, para serem calculados. A web calculou 6.912.281 cent\u00edmetros e os impressos 997.523 cent\u00edmetros.<\/p>\n<p>As not\u00edcias que mencionaram o Governo do Estado diretamente, ou seja, como uma fonte prim\u00e1ria e\/ou personagem, representam 77.4% do total. Os principais assuntos divulgados s\u00e3o o avan\u00e7o do PIB Goiano, Vacina\u00e7\u00e3o Covid-19, Sa\u00fade estadual, o Programa Pra Ter Onde Morar, a\u00e7\u00f5es do Goi\u00e1s Social, Gera\u00e7\u00e3o de Empregos, Seguran\u00e7a P\u00fablica, a gest\u00e3o do governador Ronaldo Caiado, al\u00e9m de assuntos relacionados \u00e0 agenda cultural promovida pelo estado.<\/p>\n<p>Segmentando as informa\u00e7\u00f5es por tipos de textos tem-se que 123.239 ou 90,7% s\u00e3o mat\u00e9rias, 4.990 (3,7%) est\u00e3o em colunas, 4.749 em chamada de capa, 1.959 s\u00e3o entrevistas, 239 em debates, 228 cita\u00e7\u00f5es em artigo, 161 em editorial, 116 em notas, 57 em mat\u00e9ria com chamada, 50 em reportagem, 39 em carta\/email, 14 an\u00fancios ou publicidade, e sete ao vivo e chamada.<\/p>\n<p>A distribui\u00e7\u00e3o por m\u00eddia aponta os sites como a m\u00eddia que mais publicou assuntos de relev\u00e2ncia do Governo de Goi\u00e1s, sendo 69,7%, seguido dos impressos 14,4%, r\u00e1dios 6,4%, TVs 5,9% e 3,6% blogs e outros. Entre os 10 ve\u00edculos de imprensa, que divulgaram as a\u00e7\u00f5es do Governo de Goi\u00e1s, com maior valor publicit\u00e1rio est\u00e3o a TV Anhanguera, o jornal O Popular, a Record TV, a TV Globo nacional, Record TV Nacional, GloboNews, Di\u00e1rio da Manh\u00e3, jornal O Hoje, Di\u00e1rio de Aparecida e a TV Serra Dourada.<\/p>\n<p>A Secretaria de Estado de Comunica\u00e7\u00e3o tem cumprido integralmente sua obriga\u00e7\u00e3o legal de atender o princ\u00edpio a publicidade, garantindo visibilidade \u00e0s a\u00e7\u00f5es Estado como forma de presta\u00e7\u00e3o de servi\u00e7o \u00e0 popula\u00e7\u00e3o.<\/p>\n<h4><span style=\"color: #008000;\">A\u00c7\u00c3O: 3119 \u2013 PUBLICIDADE DE UTILIDADE P\u00daBLICA<\/span><br \/><span style=\"color: #008000;\">\u00d3RG\u00c3O RESPONS\u00c1VEL: 1200 \u2013 SECRETARIA DE ESTADO DE COMUNICA\u00c7\u00c3O<\/span><br \/><span style=\"color: #008000;\">U.O.: 1201 \u2013 GABINETE DA SECRETARIA DE ESTADO DE COMUNICA\u00c7\u00c3O<\/span><\/h4>\n<h4><span style=\"color: #0000ff;\">REALIZA\u00c7\u00d5ES<\/span><\/h4>\n<p>Durante o ano de 2023, as campanhas mais relevantes realizadas pela SECOM foram sobre presta\u00e7\u00e3o de contas e utilidade p\u00fablica, com destaque para campanha Multivacina\u00e7\u00e3o, Aplicativo Mulher Segura e Matr\u00edculas Escolares, que ajudam a sociedade goiana em seu desenvolvimento e tem mostrado resultados satisfat\u00f3rios.<\/p>\n<p>A campanha Matr\u00edculas s\u00f3 no primeiro dia, teve um n\u00famero superior a 450 mil alunos matriculados. O Aplicativo Mulher Segura atendeu mais de 476 ocorr\u00eancias apenas em 120 dias. A campanha Multivacina\u00e7\u00e3o imunizou mais de 84 mil crian\u00e7as e adolescentes no estado de Goi\u00e1s. Outro bom exemplo de campanha publicit\u00e1ria foi a Campanha Transporte Metropolitano que divulgou durante aproximadamente dois meses a\u00e7\u00f5es do Governo Estadual na recupera\u00e7\u00e3o e moderniza\u00e7\u00e3o do transporte coletivo de toda regi\u00e3o metropolitana de Goi\u00e2nia. Essa a\u00e7\u00e3o gerou rea\u00e7\u00f5es positivas em pesquisas e nas redes sociais.<\/p>\n<p>Todas elas tiveram a finalidade de esclarecer para a popula\u00e7\u00e3o sobre as pol\u00edticas p\u00fablicas de governo que vem sendo desenvolvidas e tamb\u00e9m prestar contas dos resultados alcan\u00e7ados e investimentos realizados.<br \/>As publica\u00e7\u00f5es dos conte\u00fados e das a\u00e7\u00f5es do Governo nos ve\u00edculos de imprensa s\u00e3o uma importante ferramenta para controle, divulga\u00e7\u00e3o do trabalho e tamb\u00e9m fiscaliza\u00e7\u00e3o da pr\u00f3pria sociedade.<\/p>\n<p>Em 2023 o poder Executivo Estadual conseguiu inserir 135.848 not\u00edcias em ve\u00edculos locais, nacionais e internacionais. Destas publica\u00e7\u00f5es, a maioria delas, 67,7%, s\u00e3o de cunho positivo, outras 31,4% s\u00e3o neutras e apenas 0,9% s\u00e3o negativas. Por meio da an\u00e1lise de ocupa\u00e7\u00e3o da m\u00eddia, o Governo de Goi\u00e1s esteve presente em 559 horas e 06 minutos e 32 segundos nas TVs e 806 horas, 50 minutos e 33 segundos nas r\u00e1dios.<\/p>\n<p>Na centimetragem da m\u00eddia impressa e online, o conte\u00fado \u00e9 convertido em valores e dimens\u00f5es aproximadas, para serem calculados. A web calculou 6.912.281 cent\u00edmetros e os impressos 997.523 cent\u00edmetros. As not\u00edcias que mencionaram o Governo do Estado diretamente, ou seja, como uma fonte prim\u00e1ria e\/ou personagem, representam 77.4% do total.<\/p>\n<p>Os principais assuntos divulgados s\u00e3o o avan\u00e7o do PIB Goiano, Vacina\u00e7\u00e3o Covid-19, Sa\u00fade estadual, o Programa Pra Ter Onde Morar, a\u00e7\u00f5es do Goi\u00e1s Social, Gera\u00e7\u00e3o de Empregos, Seguran\u00e7a P\u00fablica, a gest\u00e3o do governador Ronaldo Caiado, al\u00e9m de assuntos relacionados \u00e0 agenda cultural promovida pelo estado.<br \/>Segmentando as informa\u00e7\u00f5es por tipos de textos tem-se que 123.239 ou 90,7% s\u00e3o mat\u00e9rias, 4.990 (3,7%) est\u00e3o em colunas, 4.749 em chamada de capa, 1.959 s\u00e3o entrevistas, 239 em debates, 228 cita\u00e7\u00f5es em artigo, 161 em editorial, 116 em notas, 57 em mat\u00e9ria com chamada, 50 em reportagem, 39 em carta\/email, 14 an\u00fancios ou publicidade, e sete ao vivo e chamada.<\/p>\n<p>A distribui\u00e7\u00e3o por m\u00eddia aponta os sites como a m\u00eddia que mais publicou assuntos de relev\u00e2ncia do Governo de Goi\u00e1s, sendo 69,7%, seguido dos impressos 14,4%, r\u00e1dios 6,4%, TVs 5,9% e 3,6% blogs e outros. Entre os 10 ve\u00edculos de imprensa, que divulgaram as a\u00e7\u00f5es do Governo de Goi\u00e1s, com maior valor publicit\u00e1rio est\u00e3o a TV Anhanguera, o jornal O Popular, a Record TV, a TV Globo nacional, Record TV Nacional, GloboNews, Di\u00e1rio da Manh\u00e3, jornal O Hoje, Di\u00e1rio de Aparecida e a TV Serra Dourada.<br \/>No tocante a redes sociais, Facebook e Instagram, o Governo de Goi\u00e1s alcan\u00e7ou quase 9 milh\u00f5es de pessoas, indicando um impacto significativo nas intera\u00e7\u00f5es online.<\/p>\n<p>O alcance no Facebook apresentou um not\u00e1vel aumento de 749,7%, indicando uma expans\u00e3o significativa da visibilidade das publica\u00e7\u00f5es governamentais nessa plataforma. Houve um total de 94.166 visitas ao perfil oficial no Facebook. Foram conquistados 3.466 novos seguidores, refletindo um aumento no interesse e na base de apoiadores dessa plataforma. O governo de Goi\u00e1s compartilhou 753 publica\u00e7\u00f5es, mostrando um esfor\u00e7o cont\u00ednuo na comunica\u00e7\u00e3o e dissemina\u00e7\u00e3o de informa\u00e7\u00f5es nessa rede.<\/p>\n<p>No Instagram, o crescimento no alcance foi de 402,7%, demonstrando uma consider\u00e1vel amplia\u00e7\u00e3o da audi\u00eancia nessa rede social. O n\u00famero de visitas ao perfil do governo de Goi\u00e1s no Instagram atingiu 216.907. A presen\u00e7a no Instagram atraiu um expressivo n\u00famero de 39.733 novos seguidores, indicando uma crescente popularidade nessa rede. Foram realizadas 733 publica\u00e7\u00f5es no Instagram, indicando\u00a0uma presen\u00e7a ativa e consistente nessa plataforma ao longo do per\u00edodo.<\/p>\n<p>A Secretaria de Estado de Comunica\u00e7\u00e3o tem cumprido integralmente sua obriga\u00e7\u00e3o legal de atender o princ\u00edpio a publicidade, garantindo visibilidade \u00e0s a\u00e7\u00f5es Estado como forma de presta\u00e7\u00e3o de servi\u00e7o \u00e0 popula\u00e7\u00e3o.<\/p>\n<p><strong><em>Relat\u00f3rio gerado em 22\/01\/2024 \u00e0s 17:04:19<\/em><\/strong><\/p>\n\n\n<div data-wp-interactive=\"core\/file\" class=\"wp-block-file\"><object data-wp-bind--hidden=\"!state.hasPdfPreview\" hidden class=\"wp-block-file__embed\" data=\"https:\/\/goias.gov.br\/comunicacao\/wp-content\/uploads\/sites\/10\/2024\/07\/Relatorios_Monitoramento_Consolidacao_Analitica__22012024_170419_.pdf\" type=\"application\/pdf\" style=\"width:100%;height:600px\" aria-label=\"Incorporado de Relatorios_Monitoramento_Consolidacao_Analitica__22012024_170419_.\"><\/object><a id=\"wp-block-file--media-8b227b8a-9c46-4c76-861b-855584ed2b0e\" href=\"https:\/\/goias.gov.br\/comunicacao\/wp-content\/uploads\/sites\/10\/2024\/07\/Relatorios_Monitoramento_Consolidacao_Analitica__22012024_170419_.pdf\">Relatorios_Monitoramento_Consolidacao_Analitica__22012024_170419_<\/a><a href=\"https:\/\/goias.gov.br\/comunicacao\/wp-content\/uploads\/sites\/10\/2024\/07\/Relatorios_Monitoramento_Consolidacao_Analitica__22012024_170419_.pdf\" class=\"wp-block-file__button wp-element-button\" download aria-describedby=\"wp-block-file--media-8b227b8a-9c46-4c76-861b-855584ed2b0e\">Baixar<\/a><\/div>\n\n\n\n<div data-wp-interactive=\"core\/file\" class=\"wp-block-file\"><object data-wp-bind--hidden=\"!state.hasPdfPreview\" hidden class=\"wp-block-file__embed\" data=\"https:\/\/goias.gov.br\/comunicacao\/wp-content\/uploads\/sites\/10\/2024\/07\/Relatorios_Monitoramento_Relatorio_Prestacao_de_Contas_Governamentais__16012024_164115_-1.pdf\" type=\"application\/pdf\" style=\"width:100%;height:600px\" aria-label=\"Incorporado de Relatorios_Monitoramento_Relatorio_Prestacao_de_Contas_Governamentais__16012024_164115_-1.\"><\/object><a id=\"wp-block-file--media-8ec27469-bea0-4e50-9b7e-09ce2de7be0f\" href=\"https:\/\/goias.gov.br\/comunicacao\/wp-content\/uploads\/sites\/10\/2024\/07\/Relatorios_Monitoramento_Relatorio_Prestacao_de_Contas_Governamentais__16012024_164115_-1.pdf\">Relatorios_Monitoramento_Relatorio_Prestacao_de_Contas_Governamentais__16012024_164115_-1<\/a><a href=\"https:\/\/goias.gov.br\/comunicacao\/wp-content\/uploads\/sites\/10\/2024\/07\/Relatorios_Monitoramento_Relatorio_Prestacao_de_Contas_Governamentais__16012024_164115_-1.pdf\" class=\"wp-block-file__button wp-element-button\" download aria-describedby=\"wp-block-file--media-8ec27469-bea0-4e50-9b7e-09ce2de7be0f\">Baixar<\/a><\/div>\n","protected":false},"excerpt":{"rendered":"<p>INSTITUCIONAL 1. Gestor Gean Carlo Carvalho\u00a0 \u00a0 2. Vis\u00e3o Institucional 2.1 Objetivo Institucional Planejar e executar a pol\u00edtica de comunica\u00e7\u00e3o do Estado de Goi\u00e1s, maximizando o acesso do cidad\u00e3o \u00e0s informa\u00e7\u00f5es de interessep\u00fablico e garantindo transpar\u00eancia e proximidade com a sociedade. 2.2 Legisla\u00e7\u00e3o Lei da Cria\u00e7\u00e3o no 20.417 de 06 de fevereiro de 2019\u00a0(Cria\u00e7\u00e3o da [&hellip;]<\/p>\n","protected":false},"author":62,"featured_media":0,"parent":660,"menu_order":0,"comment_status":"closed","ping_status":"closed","template":"","meta":{"footnotes":""},"class_list":["post-2477","page","type-page","status-publish","hentry"],"rttpg_featured_image_url":null,"rttpg_author":{"display_name":"italoreis","author_link":"https:\/\/goias.gov.br\/comunicacao\/author\/italoreis\/"},"rttpg_comment":0,"rttpg_category":null,"rttpg_excerpt":"INSTITUCIONAL 1. Gestor Gean Carlo Carvalho\u00a0 \u00a0 2. Vis\u00e3o Institucional 2.1 Objetivo Institucional Planejar e executar a pol\u00edtica de comunica\u00e7\u00e3o do Estado de Goi\u00e1s, maximizando o acesso do cidad\u00e3o \u00e0s informa\u00e7\u00f5es de interessep\u00fablico e garantindo transpar\u00eancia e proximidade com a sociedade. 2.2 Legisla\u00e7\u00e3o Lei da Cria\u00e7\u00e3o no 20.417 de 06 de fevereiro de 2019\u00a0(Cria\u00e7\u00e3o da&hellip;","_links":{"self":[{"href":"https:\/\/goias.gov.br\/comunicacao\/wp-json\/wp\/v2\/pages\/2477","targetHints":{"allow":["GET"]}}],"collection":[{"href":"https:\/\/goias.gov.br\/comunicacao\/wp-json\/wp\/v2\/pages"}],"about":[{"href":"https:\/\/goias.gov.br\/comunicacao\/wp-json\/wp\/v2\/types\/page"}],"author":[{"embeddable":true,"href":"https:\/\/goias.gov.br\/comunicacao\/wp-json\/wp\/v2\/users\/62"}],"replies":[{"embeddable":true,"href":"https:\/\/goias.gov.br\/comunicacao\/wp-json\/wp\/v2\/comments?post=2477"}],"version-history":[{"count":2,"href":"https:\/\/goias.gov.br\/comunicacao\/wp-json\/wp\/v2\/pages\/2477\/revisions"}],"predecessor-version":[{"id":2534,"href":"https:\/\/goias.gov.br\/comunicacao\/wp-json\/wp\/v2\/pages\/2477\/revisions\/2534"}],"up":[{"embeddable":true,"href":"https:\/\/goias.gov.br\/comunicacao\/wp-json\/wp\/v2\/pages\/660"}],"wp:attachment":[{"href":"https:\/\/goias.gov.br\/comunicacao\/wp-json\/wp\/v2\/media?parent=2477"}],"curies":[{"name":"wp","href":"https:\/\/api.w.org\/{rel}","templated":true}]}}