

{"id":12985,"date":"2024-02-02T16:58:03","date_gmt":"2024-02-02T19:58:03","guid":{"rendered":"https:\/\/siteshom.goias.gov.br\/casacivil\/?page_id=12985"},"modified":"2026-02-23T11:37:39","modified_gmt":"2026-02-23T14:37:39","slug":"fale-conosco","status":"publish","type":"page","link":"https:\/\/goias.gov.br\/casacivil\/fale-conosco\/","title":{"rendered":"Fale Conosco"},"content":{"rendered":"\t\t<div data-elementor-type=\"wp-page\" data-elementor-id=\"12985\" class=\"elementor elementor-12985\">\n\t\t\t\t<div class=\"elementor-element elementor-element-201e2a9 e-flex e-con-boxed e-con e-parent\" data-id=\"201e2a9\" data-element_type=\"container\" data-e-type=\"container\">\n\t\t\t\t\t<div class=\"e-con-inner\">\n\t\t<div class=\"elementor-element elementor-element-24ab9e8 e-con-full e-flex e-con e-child\" data-id=\"24ab9e8\" data-element_type=\"container\" data-e-type=\"container\">\n\t\t\t\t<div class=\"elementor-element elementor-element-cc32b18 elementor-widget elementor-widget-shortcode\" data-id=\"cc32b18\" data-element_type=\"widget\" data-e-type=\"widget\" data-widget_type=\"shortcode.default\">\n\t\t\t\t<div class=\"elementor-widget-container\">\n\t\t\t\t\t\t\t<div class=\"elementor-shortcode\">\n<div class=\"wpcf7 no-js\" id=\"wpcf7-f26328-o1\" lang=\"pt-BR\" dir=\"ltr\" data-wpcf7-id=\"26328\">\n<div class=\"screen-reader-response\"><p role=\"status\" aria-live=\"polite\" aria-atomic=\"true\"><\/p> <ul><\/ul><\/div>\n<form action=\"\/casacivil\/wp-json\/wp\/v2\/pages\/12985#wpcf7-f26328-o1\" method=\"post\" class=\"wpcf7-form init\" aria-label=\"Formul\u00e1rios de contato\" novalidate=\"novalidate\" data-status=\"init\">\n<fieldset class=\"hidden-fields-container\"><input type=\"hidden\" name=\"_wpcf7\" value=\"26328\" \/><input type=\"hidden\" name=\"_wpcf7_version\" value=\"6.1.5\" \/><input type=\"hidden\" name=\"_wpcf7_locale\" value=\"pt_BR\" \/><input type=\"hidden\" name=\"_wpcf7_unit_tag\" value=\"wpcf7-f26328-o1\" \/><input type=\"hidden\" name=\"_wpcf7_container_post\" value=\"0\" \/><input type=\"hidden\" name=\"_wpcf7_posted_data_hash\" value=\"\" \/>\n<\/fieldset>\n<p><label> Nome<br \/>\n<span class=\"wpcf7-form-control-wrap\" data-name=\"your-name\"><input size=\"40\" maxlength=\"400\" class=\"wpcf7-form-control wpcf7-text wpcf7-validates-as-required\" aria-required=\"true\" aria-invalid=\"false\" value=\"\" type=\"text\" name=\"your-name\" \/><\/span> <\/label>\n<\/p>\n<p><label> E-mail<br \/>\n<span class=\"wpcf7-form-control-wrap\" data-name=\"your-email\"><input size=\"40\" maxlength=\"400\" class=\"wpcf7-form-control wpcf7-email wpcf7-validates-as-required wpcf7-text wpcf7-validates-as-email\" aria-required=\"true\" aria-invalid=\"false\" value=\"\" type=\"email\" name=\"your-email\" \/><\/span> <\/label>\n<\/p>\n<p><label> Assunto<br \/>\n<span class=\"wpcf7-form-control-wrap\" data-name=\"your-subject\"><input size=\"40\" maxlength=\"400\" class=\"wpcf7-form-control wpcf7-text wpcf7-validates-as-required\" aria-required=\"true\" aria-invalid=\"false\" value=\"\" type=\"text\" name=\"your-subject\" \/><\/span> <\/label>\n<\/p>\n<p><label> Mensagem<br \/>\n<span class=\"wpcf7-form-control-wrap\" data-name=\"your-message\"><textarea cols=\"40\" rows=\"10\" maxlength=\"2000\" class=\"wpcf7-form-control wpcf7-textarea wpcf7-validates-as-required\" aria-required=\"true\" aria-invalid=\"false\" name=\"your-message\"><\/textarea><\/span> <\/label>\n<\/p>\n<p><input class=\"wpcf7-form-control wpcf7-submit has-spinner\" type=\"submit\" value=\"Enviar\" \/>\n<\/p><div class=\"wpcf7-response-output\" aria-hidden=\"true\"><\/div>\n<\/form>\n<\/div>\n<\/div>\n\t\t\t\t\t\t<\/div>\n\t\t\t\t<\/div>\n\t\t\t\t<\/div>\n\t\t<div class=\"elementor-element elementor-element-ce3df96 e-con-full e-flex e-con e-child\" data-id=\"ce3df96\" data-element_type=\"container\" data-e-type=\"container\">\n\t\t\t\t<div class=\"elementor-element elementor-element-eaee5be elementor-widget elementor-widget-text-editor\" data-id=\"eaee5be\" data-element_type=\"widget\" data-e-type=\"widget\" data-widget_type=\"text-editor.default\">\n\t\t\t\t<div class=\"elementor-widget-container\">\n\t\t\t\t\t\t\t\t\t<p>Rua 82, n\u00ba 400 Ed. Pal\u00e1cio Pedro Ludovico Teixeira, 8\u00ba andar<br \/>Setor Central, Goi\u00e2nia\/GO \u2013 CEP: 74.015-908<br \/>Atendimento: 08h \u00e0s 12h e 14h \u00e0s 18h<\/p><h4 class=\"wp-block-heading\">Gabinete do Secret\u00e1rio de Estado da Casa Civil<\/h4><p>Secret\u00e1rio:\u00a0<strong>JORGE LU\u00cdS PINCHEMEL<\/strong><br \/>E-mail: secretario.casacivil@goias.gov.br<br \/>Telefone: (62) 3201-5802<\/p><p>Chefe de Gabinete:\u00a0<strong>BEATRIZ DUARTE FLEURY FLORENTINO<\/strong><br \/>E-mail: gabinete.casacivil@goias.gov.br<br \/>Telefone: (62) 3201-5802<\/p><h4 class=\"wp-block-heading\">Subsecretaria de Legisla\u00e7\u00e3o e Atos Oficiais<\/h4><p>Subsecret\u00e1ria:\u00a0<strong>EM\u00cdLIA MUNHOZ GAIVA<\/strong><br \/>E-mail: slat.casacivil@goias.gov.br<br \/>Telefone: (62) 3201-5827<\/p><h4 class=\"wp-block-heading\">Procuradoria Setorial<\/h4><p>Procurador-Chefe:\u00a0<strong>RODRIGO CARVALHO CURVO<\/strong><br \/>E-mail: procuradoriasetorial.casacivil@goias.gov.br<br \/>Telefone: (62) 3201-5862<\/p><h4 class=\"wp-block-heading\">Comunica\u00e7\u00e3o Setorial<\/h4><p>Chefe:<strong>\u00a0LUCIANA FONTOURA VITORINO<\/strong><br \/>E-mail: luciana.vitorino@goias.gov.br<br \/>Telefone: (62) 3201-5833<\/p><h4 class=\"wp-block-heading\">Superintend\u00eancia de Gest\u00e3o Integrada<\/h4><p>Superintendente:<strong>\u00a0PEDRO TIAGO ANDRADE CHAGAS FREITAS<\/strong><br \/>E-mail: pedro.freitas@goias.gov.br<br \/>Telefone: (62) 3201-5801\/5874<\/p><h4 class=\"wp-block-heading\">Assessoria T\u00e9cnica<\/h4><p>Procurador-Chefe<strong>:\u00a0RAFAEL CARVALHO DA ROCHA LIMA<\/strong><br \/>E-mail: rafael.rlima@goias.gov.br<br \/>Telefone: (62) 3201-5850<\/p><hr class=\"wp-block-separator has-alpha-channel-opacity\" \/><p><strong>Atendimento ao Cidad\u00e3o<\/strong><br \/>E-mail: protocolo.casacivil@goias.gov.br<br \/>Telefone: (62) 3201-5875 \/\u00a0<a href=\"https:\/\/wa.me\/5562996860673\" target=\"_blank\" rel=\"noreferrer noopener\">Atendimento via Whatsapp<\/a><br \/><br \/><strong>Ouvidoria Setorial<\/strong><br \/>E-mail: ouvidoria.casacivil@goias.gov.br<br \/>Telefone: (62) 3201-5877<br \/><br \/><strong>Imprensa<\/strong><br \/>E-mail: comunicacao.casacivil@goias.gov.br<br \/>Telefone: (62) 3201-5833<\/p>\t\t\t\t\t\t\t\t<\/div>\n\t\t\t\t<\/div>\n\t\t\t\t<\/div>\n\t\t\t\t\t<\/div>\n\t\t\t\t<\/div>\n\t\t\t\t<\/div>\n\t\t","protected":false},"excerpt":{"rendered":"<p>Rua 82, n\u00ba 400 Ed. Pal\u00e1cio Pedro Ludovico Teixeira, 8\u00ba andarSetor Central, Goi\u00e2nia\/GO \u2013 CEP: 74.015-908Atendimento: 08h \u00e0s 12h e 14h \u00e0s 18h Gabinete do Secret\u00e1rio de Estado da Casa Civil Secret\u00e1rio:\u00a0JORGE LU\u00cdS PINCHEMELE-mail: secretario.casacivil@goias.gov.brTelefone: (62) 3201-5802 Chefe de Gabinete:\u00a0BEATRIZ DUARTE FLEURY FLORENTINOE-mail: gabinete.casacivil@goias.gov.brTelefone: (62) 3201-5802 Subsecretaria de Legisla\u00e7\u00e3o e Atos Oficiais Subsecret\u00e1ria:\u00a0EM\u00cdLIA MUNHOZ GAIVAE-mail: [&hellip;]<\/p>\n","protected":false},"author":77,"featured_media":0,"parent":0,"menu_order":0,"comment_status":"closed","ping_status":"closed","template":"","meta":{"footnotes":""},"class_list":["post-12985","page","type-page","status-publish","hentry"],"rttpg_featured_image_url":null,"rttpg_author":{"display_name":"barbaragodoy","author_link":"https:\/\/goias.gov.br\/casacivil\/author\/barbaragodoy\/"},"rttpg_comment":0,"rttpg_category":null,"rttpg_excerpt":"Rua 82, n\u00ba 400 Ed. Pal\u00e1cio Pedro Ludovico Teixeira, 8\u00ba andarSetor Central, Goi\u00e2nia\/GO \u2013 CEP: 74.015-908Atendimento: 08h \u00e0s 12h e 14h \u00e0s 18h Gabinete do Secret\u00e1rio de Estado da Casa Civil Secret\u00e1rio:\u00a0JORGE LU\u00cdS PINCHEMELE-mail: secretario.casacivil@goias.gov.brTelefone: (62) 3201-5802 Chefe de Gabinete:\u00a0BEATRIZ DUARTE FLEURY FLORENTINOE-mail: gabinete.casacivil@goias.gov.brTelefone: (62) 3201-5802 Subsecretaria de Legisla\u00e7\u00e3o e Atos Oficiais Subsecret\u00e1ria:\u00a0EM\u00cdLIA MUNHOZ GAIVAE-mail:&hellip;","_links":{"self":[{"href":"https:\/\/goias.gov.br\/casacivil\/wp-json\/wp\/v2\/pages\/12985","targetHints":{"allow":["GET"]}}],"collection":[{"href":"https:\/\/goias.gov.br\/casacivil\/wp-json\/wp\/v2\/pages"}],"about":[{"href":"https:\/\/goias.gov.br\/casacivil\/wp-json\/wp\/v2\/types\/page"}],"author":[{"embeddable":true,"href":"https:\/\/goias.gov.br\/casacivil\/wp-json\/wp\/v2\/users\/77"}],"replies":[{"embeddable":true,"href":"https:\/\/goias.gov.br\/casacivil\/wp-json\/wp\/v2\/comments?post=12985"}],"version-history":[{"count":2,"href":"https:\/\/goias.gov.br\/casacivil\/wp-json\/wp\/v2\/pages\/12985\/revisions"}],"predecessor-version":[{"id":62186,"href":"https:\/\/goias.gov.br\/casacivil\/wp-json\/wp\/v2\/pages\/12985\/revisions\/62186"}],"wp:attachment":[{"href":"https:\/\/goias.gov.br\/casacivil\/wp-json\/wp\/v2\/media?parent=12985"}],"curies":[{"name":"wp","href":"https:\/\/api.w.org\/{rel}","templated":true}]}}